CRAN Package Check Results for Package errorlocate

Last updated on 2024-07-20 14:48:30 CEST.

Flavor Version Tinstall Tcheck Ttotal Status Flags
r-devel-linux-x86_64-debian-clang 1.1.1 6.50 74.12 80.62 OK
r-devel-linux-x86_64-debian-gcc 1.1.1 5.22 55.92 61.14 OK
r-devel-linux-x86_64-fedora-clang 1.1.1 110.33 OK
r-devel-linux-x86_64-fedora-gcc 1.1.1 118.14 OK
r-devel-windows-x86_64 1.1.1 8.00 76.00 84.00 NOTE
r-patched-linux-x86_64 1.1.1 7.52 70.29 77.81 OK
r-release-linux-x86_64 1.1.1 7.41 70.38 77.79 OK
r-release-macos-arm64 1.1.1 36.00 OK
r-release-macos-x86_64 1.1.1 58.00 OK
r-release-windows-x86_64 1.1.1 7.00 74.00 81.00 OK
r-oldrel-macos-arm64 1.1.1 50.00 OK
r-oldrel-macos-x86_64 1.1.1 123.00 OK
r-oldrel-windows-x86_64 1.1.1 9.00 84.00 93.00 OK

Check Details

Version: 1.1.1
Check: Rd cross-references
Result: NOTE Found the following Rd file(s) with Rd \link{} targets missing package anchors: MipRules-class.Rd: validator errorlocate-package.Rd: validate errorlocation.Rd: values is_linear.Rd: validator replace_errors.Rd: validator translate_mip_lp.Rd: lp.control Please provide package anchors for all Rd \link{} targets not in the package itself and the base packages. Flavor: r-devel-windows-x86_64