CRAN Package Check Results for Package esaddle

Last updated on 2018-02-23 02:48:05 CET.

Flavor Version Tinstall Tcheck Ttotal Status Flags
r-devel-linux-x86_64-debian-clang 0.0.3 13.08 47.92 61.00 NOTE
r-devel-linux-x86_64-debian-gcc 0.0.3 12.29 42.07 54.36 NOTE
r-devel-linux-x86_64-fedora-clang 0.0.3 85.90 NOTE
r-devel-linux-x86_64-fedora-gcc 0.0.3 81.79 NOTE
r-devel-windows-ix86+x86_64 0.0.3 45.00 124.00 169.00 OK
r-patched-linux-x86_64 0.0.3 14.28 56.18 70.46 NOTE
r-patched-solaris-x86 0.0.3 172.30 OK
r-release-linux-x86_64 0.0.3 13.75 55.53 69.28 NOTE
r-release-windows-ix86+x86_64 0.0.3 43.00 154.00 197.00 OK
r-release-osx-x86_64 0.0.3 OK
r-oldrel-windows-ix86+x86_64 0.0.3 34.00 115.00 149.00 OK
r-oldrel-osx-x86_64 0.0.3 OK

Check Details

Version: 0.0.3
Check: compiled code
Result: NOTE
    File ‘esaddle/libs/esaddle.so’:
     Found no calls to: ‘R_registerRoutines’, ‘R_useDynamicSymbols’
    
    It is good practice to register native routines and to disable symbol
    search.
    
    See ‘Writing portable packages’ in the ‘Writing R Extensions’ manual.
Flavors: r-devel-linux-x86_64-debian-clang, r-devel-linux-x86_64-debian-gcc, r-devel-linux-x86_64-fedora-clang, r-devel-linux-x86_64-fedora-gcc, r-patched-linux-x86_64, r-release-linux-x86_64