CRAN Package Check Results for Package esaddle

Last updated on 2018-08-22 04:49:04 CEST.

Flavor Version Tinstall Tcheck Ttotal Status Flags
r-devel-linux-x86_64-debian-clang 0.0.3 13.44 54.81 68.25 NOTE
r-devel-linux-x86_64-debian-gcc 0.0.3 15.79 43.70 59.49 NOTE
r-devel-linux-x86_64-fedora-clang 0.0.3 88.10 NOTE
r-devel-linux-x86_64-fedora-gcc 0.0.3 88.81 NOTE
r-devel-windows-ix86+x86_64 0.0.3 33.00 126.00 159.00 OK
r-patched-linux-x86_64 0.0.3 17.10 52.52 69.62 NOTE
r-patched-solaris-x86 0.0.3 170.30 OK
r-release-linux-x86_64 0.0.3 19.15 51.76 70.91 NOTE
r-release-windows-ix86+x86_64 0.0.3 52.00 126.00 178.00 OK
r-release-osx-x86_64 0.0.3 OK
r-oldrel-windows-ix86+x86_64 0.0.3 34.00 127.00 161.00 OK
r-oldrel-osx-x86_64 0.0.3 OK

Check Details

Version: 0.0.3
Check: compiled code
Result: NOTE
    File ‘esaddle/libs/esaddle.so’:
     Found no calls to: ‘R_registerRoutines’, ‘R_useDynamicSymbols’
    
    It is good practice to register native routines and to disable symbol
    search.
    
    See ‘Writing portable packages’ in the ‘Writing R Extensions’ manual.
Flavors: r-devel-linux-x86_64-debian-clang, r-devel-linux-x86_64-debian-gcc, r-devel-linux-x86_64-fedora-clang, r-devel-linux-x86_64-fedora-gcc, r-patched-linux-x86_64, r-release-linux-x86_64