CRAN Package Check Results for Package esaddle

Last updated on 2018-05-22 15:48:34 CEST.

Flavor Version Tinstall Tcheck Ttotal Status Flags
r-devel-linux-x86_64-debian-clang 0.0.3 16.25 53.76 70.01 NOTE
r-devel-linux-x86_64-debian-gcc 0.0.3 13.53 42.70 56.23 NOTE
r-devel-linux-x86_64-fedora-clang 0.0.3 87.41 NOTE
r-devel-linux-x86_64-fedora-gcc 0.0.3 86.38 NOTE
r-devel-windows-ix86+x86_64 0.0.3 46.00 170.00 216.00 OK
r-patched-linux-x86_64 0.0.3 18.02 52.25 70.27 NOTE
r-patched-solaris-x86 0.0.3 172.80 OK
r-release-linux-x86_64 0.0.3 15.13 51.23 66.36 NOTE
r-release-windows-ix86+x86_64 0.0.3 46.00 125.00 171.00 OK
r-release-osx-x86_64 0.0.3 OK
r-oldrel-windows-ix86+x86_64 0.0.3 46.00 162.00 208.00 OK
r-oldrel-osx-x86_64 0.0.3 OK

Check Details

Version: 0.0.3
Check: compiled code
Result: NOTE
    File ‘esaddle/libs/esaddle.so’:
     Found no calls to: ‘R_registerRoutines’, ‘R_useDynamicSymbols’
    
    It is good practice to register native routines and to disable symbol
    search.
    
    See ‘Writing portable packages’ in the ‘Writing R Extensions’ manual.
Flavors: r-devel-linux-x86_64-debian-clang, r-devel-linux-x86_64-debian-gcc, r-devel-linux-x86_64-fedora-clang, r-devel-linux-x86_64-fedora-gcc, r-patched-linux-x86_64, r-release-linux-x86_64