CRAN Package Check Results for Package esaddle

Last updated on 2018-11-20 13:46:22 CET.

Flavor Version Tinstall Tcheck Ttotal Status Flags
r-devel-linux-x86_64-debian-clang 0.0.3 16.37 54.91 71.28 OK
r-devel-linux-x86_64-debian-gcc 0.0.3 15.21 43.15 58.36 OK
r-devel-linux-x86_64-fedora-clang 0.0.3 88.20 NOTE
r-devel-linux-x86_64-fedora-gcc 0.0.3 85.28 NOTE
r-devel-windows-ix86+x86_64 0.0.3 50.00 171.00 221.00 OK
r-patched-linux-x86_64 0.0.3 20.34 52.47 72.81 OK
r-patched-solaris-x86 0.0.3 174.20 OK
r-release-linux-x86_64 0.0.3 19.72 52.21 71.93 OK
r-release-windows-ix86+x86_64 0.0.3 34.00 163.00 197.00 OK
r-release-osx-x86_64 0.0.3 OK
r-oldrel-windows-ix86+x86_64 0.0.3 49.00 140.00 189.00 OK
r-oldrel-osx-x86_64 0.0.3 OK

Check Details

Version: 0.0.3
Check: compiled code
Result: NOTE
    File ‘esaddle/libs/esaddle.so’:
     Found no calls to: ‘R_registerRoutines’, ‘R_useDynamicSymbols’
    
    It is good practice to register native routines and to disable symbol
    search.
    
    See ‘Writing portable packages’ in the ‘Writing R Extensions’ manual.
Flavors: r-devel-linux-x86_64-fedora-clang, r-devel-linux-x86_64-fedora-gcc