CRAN Package Check Results for Package esmisc

Last updated on 2022-08-08 00:54:07 CEST.

Flavor Version Tinstall Tcheck Ttotal Status Flags
r-devel-linux-x86_64-debian-clang 0.0.3 31.85 300.04 331.89 NOTE
r-devel-linux-x86_64-debian-gcc 0.0.3 23.18 218.35 241.53 NOTE
r-devel-linux-x86_64-fedora-clang 0.0.3 384.49 NOTE
r-devel-linux-x86_64-fedora-gcc 0.0.3 392.33 NOTE
r-devel-windows-x86_64 0.0.3 27.00 287.00 314.00 NOTE
r-patched-linux-x86_64 0.0.3 24.97 286.46 311.43 NOTE
r-release-linux-x86_64 0.0.3 28.92 285.21 314.13 NOTE
r-release-macos-arm64 0.0.3 78.00 NOTE
r-release-macos-x86_64 0.0.3 161.00 NOTE
r-release-windows-x86_64 0.0.3 28.00 285.00 313.00 NOTE
r-oldrel-macos-arm64 0.0.3 51.00 NOTE
r-oldrel-macos-x86_64 0.0.3 68.00 NOTE
r-oldrel-windows-ix86+x86_64 0.0.3 65.00 298.00 363.00 NOTE

Check Details

Version: 0.0.3
Check: LazyData
Result: NOTE
     'LazyData' is specified without a 'data' directory
Flavors: r-devel-linux-x86_64-debian-clang, r-devel-linux-x86_64-debian-gcc, r-devel-linux-x86_64-fedora-clang, r-devel-linux-x86_64-fedora-gcc, r-devel-windows-x86_64, r-patched-linux-x86_64, r-release-linux-x86_64, r-release-macos-arm64, r-release-macos-x86_64, r-release-windows-x86_64, r-oldrel-macos-arm64, r-oldrel-macos-x86_64, r-oldrel-windows-ix86+x86_64