CRAN Package Check Results for Package ess

Last updated on 2018-02-19 08:46:58 CET.

Flavor Version Tinstall Tcheck Ttotal Status Flags
r-devel-linux-x86_64-debian-clang 0.0.1 1.10 20.02 21.12 OK
r-devel-linux-x86_64-debian-gcc 0.0.1 0.88 18.36 19.24 OK
r-devel-linux-x86_64-fedora-clang 0.0.1 27.87 OK
r-devel-linux-x86_64-fedora-gcc 0.0.1 27.00 OK
r-devel-windows-ix86+x86_64 0.0.1 3.00 38.00 41.00 OK
r-patched-linux-x86_64 0.0.1 0.88 26.00 26.88 OK
r-patched-solaris-x86 0.0.1 41.60 OK
r-release-linux-x86_64 0.0.1 0.69 25.53 26.22 OK
r-release-windows-ix86+x86_64 0.0.1 4.00 56.00 60.00 OK
r-release-osx-x86_64 0.0.1 OK
r-oldrel-osx-x86_64 0.0.1 ERROR

Check Details

Version: 0.0.1
Check: whether package can be installed
Result: ERROR
    Installation failed.
Flavor: r-oldrel-osx-x86_64