CRAN Package Check Results for Package ess

Last updated on 2018-05-28 06:46:38 CEST.

Flavor Version Tinstall Tcheck Ttotal Status Flags
r-devel-linux-x86_64-debian-clang 0.1.1 1.38 27.62 29.00 OK
r-devel-linux-x86_64-debian-gcc 0.1.1 1.12 23.87 24.99 OK
r-devel-linux-x86_64-fedora-clang 0.1.1 39.78 NOTE
r-devel-linux-x86_64-fedora-gcc 0.1.1 37.30 NOTE
r-devel-windows-ix86+x86_64 0.1.1 3.00 76.00 79.00 OK
r-patched-linux-x86_64 0.1.1 1.25 29.06 30.31 OK
r-patched-solaris-x86 0.1.1 53.80 NOTE
r-release-linux-x86_64 0.1.1 1.12 28.99 30.11 OK
r-release-windows-ix86+x86_64 0.1.1 4.00 84.00 88.00 OK
r-release-osx-x86_64 0.1.1 NOTE
r-oldrel-windows-ix86+x86_64 0.1.1 4.00 71.00 75.00 OK
r-oldrel-osx-x86_64 0.1.1 NOTE

Check Details

Version: 0.1.1
Check: dependencies in R code
Result: NOTE
    Namespace in Imports field not imported from: ‘tibble’
     All declared Imports should be used.
Flavors: r-devel-linux-x86_64-fedora-clang, r-devel-linux-x86_64-fedora-gcc, r-patched-solaris-x86, r-release-osx-x86_64, r-oldrel-osx-x86_64