CRAN Package Check Results for Package ess

Last updated on 2018-08-17 07:47:29 CEST.

Flavor Version Tinstall Tcheck Ttotal Status Flags
r-release-osx-x86_64 0.1.1 NOTE
r-oldrel-osx-x86_64 0.1.1 NOTE

Check Details

Version: 0.1.1
Check: dependencies in R code
Result: NOTE
    Namespace in Imports field not imported from: ‘tibble’
     All declared Imports should be used.
Flavors: r-release-osx-x86_64, r-oldrel-osx-x86_64