CRAN Package Check Results for Package ess

Last updated on 2024-04-12 17:57:00 CEST.

Flavor Version Tinstall Tcheck Ttotal Status Flags
r-devel-linux-x86_64-debian-clang 1.1.2 45.09 59.10 104.19 NOTE
r-devel-linux-x86_64-debian-gcc 1.1.2 32.47 42.19 74.66 NOTE
r-devel-linux-x86_64-fedora-clang 1.1.2 135.01 NOTE
r-devel-linux-x86_64-fedora-gcc 1.1.2 129.48 NOTE
r-devel-windows-x86_64 1.1.2 33.00 80.00 113.00 NOTE
r-patched-linux-x86_64 1.1.2 42.78 54.54 97.32 NOTE
r-release-linux-x86_64 1.1.2 39.08 53.40 92.48 NOTE
r-release-macos-arm64 1.1.2 38.00 NOTE
r-release-macos-x86_64 1.1.2 58.00 NOTE
r-release-windows-x86_64 1.1.2 41.00 89.00 130.00 NOTE
r-oldrel-macos-arm64 1.1.2 39.00 OK
r-oldrel-windows-x86_64 1.1.2 42.00 88.00 130.00 OK

Check Details

Version: 1.1.2
Check: C++ specification
Result: NOTE Specified C++11: please drop specification unless essential Flavors: r-devel-linux-x86_64-debian-clang, r-devel-linux-x86_64-debian-gcc, r-devel-linux-x86_64-fedora-clang, r-devel-linux-x86_64-fedora-gcc, r-devel-windows-x86_64, r-patched-linux-x86_64, r-release-linux-x86_64, r-release-macos-arm64, r-release-macos-x86_64, r-release-windows-x86_64