Last updated on 2022-05-26 21:50:05 CEST.
Flavor | Version | Tinstall | Tcheck | Ttotal | Status | Flags |
---|---|---|---|---|---|---|
r-devel-linux-x86_64-debian-clang | 0.4.0 | 3.25 | 40.28 | 43.53 | NOTE | |
r-devel-linux-x86_64-debian-gcc | 0.4.0 | 2.91 | 34.05 | 36.96 | NOTE | |
r-devel-linux-x86_64-fedora-clang | 0.4.0 | 53.99 | NOTE | |||
r-devel-linux-x86_64-fedora-gcc | 0.4.0 | 50.01 | NOTE | |||
r-devel-windows-x86_64 | 0.4.0 | 15.00 | 54.00 | 69.00 | NOTE | |
r-patched-linux-x86_64 | 0.4.0 | 3.49 | 38.30 | 41.79 | NOTE | |
r-release-linux-x86_64 | 0.4.0 | 3.11 | 38.35 | 41.46 | NOTE | |
r-release-macos-arm64 | 0.4.0 | 17.00 | NOTE | |||
r-release-macos-x86_64 | 0.4.0 | 31.00 | NOTE | |||
r-release-windows-x86_64 | 0.4.0 | 13.00 | 56.00 | 69.00 | NOTE | |
r-oldrel-macos-arm64 | 0.4.0 | 24.00 | NOTE | |||
r-oldrel-macos-x86_64 | 0.4.0 | 28.00 | NOTE | |||
r-oldrel-windows-ix86+x86_64 | 0.4.0 | 8.00 | 48.00 | 56.00 | NOTE |
Version: 0.4.0
Check: LazyData
Result: NOTE
'LazyData' is specified without a 'data' directory
Flavors: r-devel-linux-x86_64-debian-clang, r-devel-linux-x86_64-debian-gcc, r-devel-linux-x86_64-fedora-clang, r-devel-linux-x86_64-fedora-gcc, r-devel-windows-x86_64, r-patched-linux-x86_64, r-release-linux-x86_64, r-release-macos-arm64, r-release-macos-x86_64, r-release-windows-x86_64, r-oldrel-macos-arm64, r-oldrel-macos-x86_64, r-oldrel-windows-ix86+x86_64