CRAN Package Check Results for Package estimatr

Last updated on 2018-02-18 22:47:32 CET.

Flavor Version Tinstall Tcheck Ttotal Status Flags
r-devel-linux-x86_64-debian-clang 0.4.0 59.71 62.47 122.18 OK
r-devel-linux-x86_64-debian-gcc 0.4.0 53.05 48.94 101.99 OK
r-devel-linux-x86_64-fedora-clang 0.4.0 173.65 NOTE
r-devel-linux-x86_64-fedora-gcc 0.4.0 167.00 NOTE
r-devel-windows-ix86+x86_64 0.4.0 129.00 161.00 290.00 OK
r-patched-linux-x86_64 0.4.0 68.45 68.66 137.11 OK
r-patched-solaris-x86 0.4.0 176.80 OK
r-release-linux-x86_64 0.4.0 66.69 68.45 135.14 OK
r-release-windows-ix86+x86_64 0.4.0 114.00 109.00 223.00 OK
r-release-osx-x86_64 0.4.0 NOTE
r-oldrel-windows-ix86+x86_64 0.4.0 93.00 108.00 201.00 OK

Check Details

Version: 0.4.0
Check: installed package size
Result: NOTE
     installed size is 25.9Mb
     sub-directories of 1Mb or more:
     libs 25.6Mb
Flavors: r-devel-linux-x86_64-fedora-clang, r-devel-linux-x86_64-fedora-gcc, r-release-osx-x86_64