CRAN Package Check Results for Package estimatr

Last updated on 2018-05-26 21:46:35 CEST.

Flavor Version Tinstall Tcheck Ttotal Status Flags
r-devel-linux-x86_64-debian-clang 0.6.0 69.69 70.64 140.33 WARN
r-devel-linux-x86_64-debian-gcc 0.6.0 65.96 54.78 120.74 WARN
r-devel-linux-x86_64-fedora-clang 0.6.0 198.53 NOTE
r-devel-linux-x86_64-fedora-gcc 0.6.0 197.70 NOTE
r-devel-windows-ix86+x86_64 0.6.0 123.00 110.00 233.00 OK
r-patched-linux-x86_64 0.6.0 83.53 66.47 150.00 OK
r-patched-solaris-x86 0.6.0 196.00 OK
r-release-linux-x86_64 0.6.0 80.45 69.70 150.15 OK
r-release-windows-ix86+x86_64 0.6.0 170.00 172.00 342.00 OK
r-release-osx-x86_64 0.6.0 NOTE
r-oldrel-windows-ix86+x86_64 0.6.0 172.00 146.00 318.00 OK
r-oldrel-osx-x86_64 0.6.0 NOTE

Check Details

Version: 0.6.0
Check: for unstated dependencies in ‘tests’
Result: WARN
    '::' or ':::' import not declared from: ‘clubSandwich’
    'library' or 'require' call not declared from: ‘ivpack’
Flavors: r-devel-linux-x86_64-debian-clang, r-devel-linux-x86_64-debian-gcc

Version: 0.6.0
Check: installed package size
Result: NOTE
     installed size is 25.3Mb
     sub-directories of 1Mb or more:
     libs 25.0Mb
Flavors: r-devel-linux-x86_64-fedora-clang, r-devel-linux-x86_64-fedora-gcc, r-release-osx-x86_64, r-oldrel-osx-x86_64