CRAN Package Check Results for Package etl

Last updated on 2018-10-19 22:49:37 CEST.

Flavor Version Tinstall Tcheck Ttotal Status Flags
r-devel-linux-x86_64-debian-clang 0.3.7 4.09 62.22 66.31 OK
r-devel-linux-x86_64-debian-gcc 0.3.7 3.74 48.22 51.96 OK
r-devel-linux-x86_64-fedora-clang 0.3.7 76.92 OK
r-devel-linux-x86_64-fedora-gcc 0.3.7 73.84 OK
r-devel-windows-ix86+x86_64 0.3.7 10.00 110.00 120.00 OK
r-patched-linux-x86_64 0.3.7 3.28 51.23 54.51 OK
r-patched-solaris-x86 0.3.7 96.80 NOTE
r-release-linux-x86_64 0.3.7 3.45 51.21 54.66 OK
r-release-windows-ix86+x86_64 0.3.7 10.00 117.00 127.00 OK
r-release-osx-x86_64 0.3.7 OK
r-oldrel-windows-ix86+x86_64 0.3.7 6.00 141.00 147.00 OK
r-oldrel-osx-x86_64 0.3.7 OK

Check Details

Version: 0.3.7
Check: package dependencies
Result: NOTE
    Package suggested but not available for checking: ‘MonetDBLite’
Flavor: r-patched-solaris-x86