CRAN Package Check Results for Package etl

Last updated on 2018-08-17 13:46:23 CEST.

Flavor Version Tinstall Tcheck Ttotal Status Flags
r-devel-linux-x86_64-debian-clang 0.3.7 4.19 61.76 65.95 OK
r-devel-linux-x86_64-debian-gcc 0.3.7 3.44 48.25 51.69 OK
r-devel-linux-x86_64-fedora-clang 0.3.7 80.50 OK
r-devel-linux-x86_64-fedora-gcc 0.3.7 74.17 OK
r-devel-windows-ix86+x86_64 0.3.7 11.00 120.00 131.00 OK
r-patched-linux-x86_64 0.3.7 3.37 51.20 54.57 OK
r-patched-solaris-x86 0.3.7 101.50 NOTE
r-release-linux-x86_64 0.3.7 3.31 51.08 54.39 OK
r-release-windows-ix86+x86_64 0.3.7 9.00 96.00 105.00 OK
r-release-osx-x86_64 0.3.7 OK
r-oldrel-windows-ix86+x86_64 0.3.7 9.00 109.00 118.00 OK
r-oldrel-osx-x86_64 0.3.7 OK

Check Details

Version: 0.3.7
Check: package dependencies
Result: NOTE
    Package suggested but not available for checking: ‘MonetDBLite’
Flavor: r-patched-solaris-x86