CRAN Package Check Results for Package etl

Last updated on 2018-02-20 05:47:49 CET.

Flavor Version Tinstall Tcheck Ttotal Status Flags
r-devel-linux-x86_64-debian-clang 0.3.7 3.27 45.31 48.58 OK
r-devel-linux-x86_64-debian-gcc 0.3.7 2.20 39.98 42.18 OK
r-devel-linux-x86_64-fedora-clang 0.3.7 65.49 OK
r-devel-linux-x86_64-fedora-gcc 0.3.7 61.33 OK
r-devel-windows-ix86+x86_64 0.3.7 5.00 70.00 75.00 OK
r-patched-linux-x86_64 0.3.7 2.65 64.29 66.94 OK
r-patched-solaris-x86 0.3.7 108.50 NOTE
r-release-linux-x86_64 0.3.7 2.54 64.64 67.18 OK
r-release-windows-ix86+x86_64 0.3.7 10.00 136.00 146.00 OK
r-release-osx-x86_64 0.3.7 OK
r-oldrel-windows-ix86+x86_64 0.3.7 12.00 134.00 146.00 OK
r-oldrel-osx-x86_64 0.3.7 OK

Check Details

Version: 0.3.7
Check: package dependencies
Result: NOTE
    Package suggested but not available for checking: ‘MonetDBLite’
Flavor: r-patched-solaris-x86