Last updated on 2022-05-28 10:50:44 CEST.
Flavor | Version | Tinstall | Tcheck | Ttotal | Status | Flags |
---|---|---|---|---|---|---|
r-devel-linux-x86_64-debian-clang | 0.1 | 1.85 | 30.72 | 32.57 | NOTE | |
r-devel-linux-x86_64-debian-gcc | 0.1 | 1.59 | 24.35 | 25.94 | NOTE | |
r-devel-linux-x86_64-fedora-clang | 0.1 | 39.92 | NOTE | |||
r-devel-linux-x86_64-fedora-gcc | 0.1 | 39.39 | NOTE | |||
r-devel-windows-x86_64 | 0.1 | 11.00 | 49.00 | 60.00 | NOTE | |
r-patched-linux-x86_64 | 0.1 | 1.97 | 30.93 | 32.90 | NOTE | |
r-release-linux-x86_64 | 0.1 | 1.93 | 30.45 | 32.38 | NOTE | |
r-release-macos-arm64 | 0.1 | 15.00 | NOTE | |||
r-release-macos-x86_64 | 0.1 | 22.00 | NOTE | |||
r-release-windows-x86_64 | 0.1 | 13.00 | 47.00 | 60.00 | NOTE | |
r-oldrel-macos-arm64 | 0.1 | 18.00 | NOTE | |||
r-oldrel-macos-x86_64 | 0.1 | 26.00 | NOTE | |||
r-oldrel-windows-ix86+x86_64 | 0.1 | 5.00 | 41.00 | 46.00 | NOTE |
Version: 0.1
Check: LazyData
Result: NOTE
'LazyData' is specified without a 'data' directory
Flavors: r-devel-linux-x86_64-debian-clang, r-devel-linux-x86_64-debian-gcc, r-devel-linux-x86_64-fedora-clang, r-devel-linux-x86_64-fedora-gcc, r-devel-windows-x86_64, r-patched-linux-x86_64, r-release-linux-x86_64, r-release-macos-arm64, r-release-macos-x86_64, r-release-windows-x86_64, r-oldrel-macos-arm64, r-oldrel-macos-x86_64, r-oldrel-windows-ix86+x86_64