CRAN Package Check Results for Package eulerr

Last updated on 2018-10-18 14:47:19 CEST.

Flavor Version Tinstall Tcheck Ttotal Status Flags
r-devel-linux-x86_64-debian-clang 4.1.0 58.58 75.37 133.95 OK
r-devel-linux-x86_64-debian-gcc 4.1.0 OK
r-devel-linux-x86_64-fedora-clang 4.1.0 197.78 NOTE
r-devel-linux-x86_64-fedora-gcc 4.1.0 184.09 OK
r-devel-windows-ix86+x86_64 4.1.0 175.00 179.00 354.00 OK
r-patched-linux-x86_64 4.1.0 65.51 72.61 138.12 OK
r-patched-solaris-x86 4.1.0 192.70 OK
r-release-linux-x86_64 4.1.0 65.08 72.07 137.15 OK
r-release-windows-ix86+x86_64 4.1.0 146.00 202.00 348.00 OK
r-release-osx-x86_64 4.1.0 NOTE
r-oldrel-windows-ix86+x86_64 4.1.0 127.00 192.00 319.00 OK
r-oldrel-osx-x86_64 4.1.0 NOTE

Check Details

Version: 4.1.0
Check: installed package size
Result: NOTE
     installed size is 5.9Mb
     sub-directories of 1Mb or more:
     libs 5.1Mb
Flavors: r-devel-linux-x86_64-fedora-clang, r-release-osx-x86_64, r-oldrel-osx-x86_64