CRAN Package Check Results for Package eurostat

Last updated on 2019-01-23 09:50:19 CET.

Flavor Version Tinstall Tcheck Ttotal Status Flags
r-devel-linux-x86_64-debian-clang 3.3.1 5.70 92.66 98.36 WARN
r-devel-linux-x86_64-debian-gcc 3.3.1 5.70 74.03 79.73 WARN
r-devel-linux-x86_64-fedora-clang 3.3.1 122.61 WARN
r-devel-linux-x86_64-fedora-gcc 3.3.1 108.40 WARN
r-devel-windows-ix86+x86_64 3.3.1 20.00 148.00 168.00 WARN
r-patched-linux-x86_64 3.3.1 6.11 83.60 89.71 OK
r-patched-solaris-x86 3.3.1 182.60 NOTE
r-release-linux-x86_64 3.3.1 5.24 83.08 88.32 OK
r-release-windows-ix86+x86_64 3.3.1 12.00 111.00 123.00 OK
r-release-osx-x86_64 3.3.1 NOTE
r-oldrel-windows-ix86+x86_64 3.3.1 18.00 173.00 191.00 OK
r-oldrel-osx-x86_64 3.3.1 NOTE

Check Details

Version: 3.3.1
Check: re-building of vignette outputs
Result: WARN
    Error(s) in re-building vignettes:
     ...
    duplicated vignette title:
     ‘eurostat blog posts’
    
    --- re-building ‘blogposts.Rmd’ using rmarkdown
    --- finished re-building ‘blogposts.Rmd’
    
    --- re-building ‘cheatsheet.Rmd’ using rmarkdown
    --- finished re-building ‘cheatsheet.Rmd’
    
    --- re-building ‘eurostat_tutorial.Rmd’ using rmarkdown
    Loading required package: xml2
    trying URL ‘https://ec.europa.eu/eurostat/estat-navtree-portlet-prod/BulkDownloadListing?sort=1&file=data%2Ft2020_rk310.tsv.gz’
    Content type 'application/octet-stream;charset=UTF-8' length 4490 bytes
    ==================================================
    downloaded 4490 bytes
    
    Table t2020_rk310 cached at /tmp/Rtmp9NPc3m/eurostat/t2020_rk310_num_code_TF.rds
    
    Attaching package: 'dplyr'
    
    The following objects are masked from 'package:stats':
    
     filter, lag
    
    The following objects are masked from 'package:base':
    
     intersect, setdiff, setequal, union
    
    trying URL ‘https://ec.europa.eu/eurostat/estat-navtree-portlet-prod/BulkDownloadListing?sort=1&file=data%2Ften00081.tsv.gz’
    Content type 'application/octet-stream;charset=UTF-8' length 13630 bytes (13 KB)
    ==================================================
    downloaded 13 KB
    
    Table ten00081 cached at /tmp/Rtmp9NPc3m/eurostat/ten00081_date_code_TF.rds
    trying URL ‘https://ec.europa.eu/eurostat/estat-navtree-portlet-prod/BulkDownloadListing?sort=1&file=data%2Ftgs00026.tsv.gz’
    Content type 'application/octet-stream;charset=UTF-8' length 5998 bytes
    ==================================================
    downloaded 5998 bytes
    
    --- finished re-building ‘eurostat_tutorial.Rmd’
    
    --- re-building ‘publications.Rmd’ using rmarkdown
    --- finished re-building ‘publications.Rmd’
    
    Error: Duplicate vignette titles.
     Ensure that the %\VignetteIndexEntry lines in the vignette sources
     correspond to the vignette titles.
    Execution halted
Flavor: r-devel-linux-x86_64-debian-clang

Version: 3.3.1
Check: re-building of vignette outputs
Result: WARN
    Error(s) in re-building vignettes:
     ...
    duplicated vignette title:
     ‘eurostat blog posts’
    
    --- re-building ‘blogposts.Rmd’ using rmarkdown
    --- finished re-building ‘blogposts.Rmd’
    
    --- re-building ‘cheatsheet.Rmd’ using rmarkdown
    --- finished re-building ‘cheatsheet.Rmd’
    
    --- re-building ‘eurostat_tutorial.Rmd’ using rmarkdown
    Loading required package: xml2
    trying URL ‘https://ec.europa.eu/eurostat/estat-navtree-portlet-prod/BulkDownloadListing?sort=1&file=data%2Ft2020_rk310.tsv.gz’
    Content type 'application/octet-stream;charset=UTF-8' length 4490 bytes
    ==================================================
    downloaded 4490 bytes
    
    Table t2020_rk310 cached at /home/hornik/tmp/scratch/RtmpjBq9qn/eurostat/t2020_rk310_num_code_TF.rds
    
    Attaching package: 'dplyr'
    
    The following objects are masked from 'package:stats':
    
     filter, lag
    
    The following objects are masked from 'package:base':
    
     intersect, setdiff, setequal, union
    
    trying URL ‘https://ec.europa.eu/eurostat/estat-navtree-portlet-prod/BulkDownloadListing?sort=1&file=data%2Ften00081.tsv.gz’
    Content type 'application/octet-stream;charset=UTF-8' length 13630 bytes (13 KB)
    ==================================================
    downloaded 13 KB
    
    Table ten00081 cached at /home/hornik/tmp/scratch/RtmpjBq9qn/eurostat/ten00081_date_code_TF.rds
    trying URL ‘https://ec.europa.eu/eurostat/estat-navtree-portlet-prod/BulkDownloadListing?sort=1&file=data%2Ftgs00026.tsv.gz’
    Content type 'application/octet-stream;charset=UTF-8' length 5998 bytes
    ==================================================
    downloaded 5998 bytes
    
    --- finished re-building ‘eurostat_tutorial.Rmd’
    
    --- re-building ‘publications.Rmd’ using rmarkdown
    --- finished re-building ‘publications.Rmd’
    
    Error: Duplicate vignette titles.
     Ensure that the %\VignetteIndexEntry lines in the vignette sources
     correspond to the vignette titles.
    Execution halted
Flavor: r-devel-linux-x86_64-debian-gcc

Version: 3.3.1
Check: data for non-ASCII characters
Result: NOTE
     Note: found 595 marked UTF-8 strings
Flavors: r-devel-linux-x86_64-fedora-clang, r-devel-linux-x86_64-fedora-gcc, r-patched-solaris-x86, r-release-osx-x86_64, r-oldrel-osx-x86_64

Version: 3.3.1
Check: re-building of vignette outputs
Result: WARN
    Error(s) in re-building vignettes:
    duplicated vignette title:
     ‘eurostat blog posts’
    
    --- re-building ‘blogposts.Rmd’ using rmarkdown
    --- finished re-building ‘blogposts.Rmd’
    
    --- re-building ‘cheatsheet.Rmd’ using rmarkdown
    --- finished re-building ‘cheatsheet.Rmd’
    
    --- re-building ‘eurostat_tutorial.Rmd’ using rmarkdown
    Loading required package: xml2
    trying URL 'https://ec.europa.eu/eurostat/estat-navtree-portlet-prod/BulkDownloadListing?sort=1&file=data%2Ft2020_rk310.tsv.gz'
    Content type 'application/octet-stream;charset=UTF-8' length 4490 bytes
    ==================================================
    downloaded 4490 bytes
    
    Table t2020_rk310 cached at /tmp/RtmpshPhfs/eurostat/t2020_rk310_num_code_TF.rds
    
    Attaching package: 'dplyr'
    
    The following objects are masked from 'package:stats':
    
     filter, lag
    
    The following objects are masked from 'package:base':
    
     intersect, setdiff, setequal, union
    
    trying URL 'https://ec.europa.eu/eurostat/estat-navtree-portlet-prod/BulkDownloadListing?sort=1&file=data%2Ften00081.tsv.gz'
    Content type 'application/octet-stream;charset=UTF-8' length 13630 bytes (13 KB)
    ==================================================
    downloaded 13 KB
    
    Table ten00081 cached at /tmp/RtmpshPhfs/eurostat/ten00081_date_code_TF.rds
    trying URL 'https://ec.europa.eu/eurostat/estat-navtree-portlet-prod/BulkDownloadListing?sort=1&file=data%2Ftgs00026.tsv.gz'
    Content type 'application/octet-stream;charset=UTF-8' length 5998 bytes
    ==================================================
    downloaded 5998 bytes
    
    --- finished re-building ‘eurostat_tutorial.Rmd’
    
    --- re-building ‘publications.Rmd’ using rmarkdown
    --- finished re-building ‘publications.Rmd’
    
    Error: Duplicate vignette titles.
     Ensure that the %\VignetteIndexEntry lines in the vignette sources
     correspond to the vignette titles.
    Execution halted
Flavor: r-devel-linux-x86_64-fedora-clang

Version: 3.3.1
Check: re-building of vignette outputs
Result: WARN
    Error(s) in re-building vignettes:
    duplicated vignette title:
     ‘eurostat blog posts’
    
    --- re-building ‘blogposts.Rmd’ using rmarkdown
    --- finished re-building ‘blogposts.Rmd’
    
    --- re-building ‘cheatsheet.Rmd’ using rmarkdown
    --- finished re-building ‘cheatsheet.Rmd’
    
    --- re-building ‘eurostat_tutorial.Rmd’ using rmarkdown
    Loading required package: xml2
    trying URL 'https://ec.europa.eu/eurostat/estat-navtree-portlet-prod/BulkDownloadListing?sort=1&file=data%2Ft2020_rk310.tsv.gz'
    Content type 'application/octet-stream;charset=UTF-8' length 4490 bytes
    ==================================================
    downloaded 4490 bytes
    
    Table t2020_rk310 cached at /tmp/RtmphNndBk/eurostat/t2020_rk310_num_code_TF.rds
    
    Attaching package: 'dplyr'
    
    The following objects are masked from 'package:stats':
    
     filter, lag
    
    The following objects are masked from 'package:base':
    
     intersect, setdiff, setequal, union
    
    trying URL 'https://ec.europa.eu/eurostat/estat-navtree-portlet-prod/BulkDownloadListing?sort=1&file=data%2Ften00081.tsv.gz'
    Content type 'application/octet-stream;charset=UTF-8' length 13630 bytes (13 KB)
    ==================================================
    downloaded 13 KB
    
    Table ten00081 cached at /tmp/RtmphNndBk/eurostat/ten00081_date_code_TF.rds
    trying URL 'https://ec.europa.eu/eurostat/estat-navtree-portlet-prod/BulkDownloadListing?sort=1&file=data%2Ftgs00026.tsv.gz'
    Content type 'application/octet-stream;charset=UTF-8' length 5998 bytes
    ==================================================
    downloaded 5998 bytes
    
    --- finished re-building ‘eurostat_tutorial.Rmd’
    
    --- re-building ‘publications.Rmd’ using rmarkdown
    --- finished re-building ‘publications.Rmd’
    
    Error: Duplicate vignette titles.
     Ensure that the %\VignetteIndexEntry lines in the vignette sources
     correspond to the vignette titles.
    Execution halted
Flavor: r-devel-linux-x86_64-fedora-gcc

Version: 3.3.1
Check: re-building of vignette outputs
Result: WARN
    Error(s) in re-building vignettes:
    duplicated vignette title:
     'eurostat blog posts'
    
    --- re-building 'blogposts.Rmd' using rmarkdown
    --- finished re-building 'blogposts.Rmd'
    
    --- re-building 'cheatsheet.Rmd' using rmarkdown
    --- finished re-building 'cheatsheet.Rmd'
    
    --- re-building 'eurostat_tutorial.Rmd' using rmarkdown
    Loading required package: xml2
    trying URL 'https://ec.europa.eu/eurostat/estat-navtree-portlet-prod/BulkDownloadListing?sort=1&file=data%2Ft2020_rk310.tsv.gz'
    Content type 'application/octet-stream;charset=UTF-8' length 4490 bytes
    ==================================================
    downloaded 4490 bytes
    
    Table t2020_rk310 cached at D:\temp\RtmpGUw9fE/eurostat/t2020_rk310_num_code_TF.rds
    
    Attaching package: 'dplyr'
    
    The following objects are masked from 'package:stats':
    
     filter, lag
    
    The following objects are masked from 'package:base':
    
     intersect, setdiff, setequal, union
    
    trying URL 'https://ec.europa.eu/eurostat/estat-navtree-portlet-prod/BulkDownloadListing?sort=1&file=data%2Ften00081.tsv.gz'
    Content type 'application/octet-stream;charset=UTF-8' length 13630 bytes (13 KB)
    ==================================================
    downloaded 13 KB
    
    Table ten00081 cached at D:\temp\RtmpGUw9fE/eurostat/ten00081_date_code_TF.rds
    trying URL 'https://ec.europa.eu/eurostat/estat-navtree-portlet-prod/BulkDownloadListing?sort=1&file=data%2Ftgs00026.tsv.gz'
    Content type 'application/octet-stream;charset=UTF-8' length 5998 bytes
    ==================================================
    downloaded 5998 bytes
    
    --- finished re-building 'eurostat_tutorial.Rmd'
    
    --- re-building 'publications.Rmd' using rmarkdown
    --- finished re-building 'publications.Rmd'
    
    Error: Duplicate vignette titles.
     Ensure that the %\VignetteIndexEntry lines in the vignette sources
     correspond to the vignette titles.
    Execution halted
Flavor: r-devel-windows-ix86+x86_64