CRAN Package Check Results for Package eurostat

Last updated on 2024-06-13 02:58:56 CEST.

Flavor Version Tinstall Tcheck Ttotal Status Flags
r-devel-linux-x86_64-debian-clang 4.0.0 12.60 103.23 115.83 OK
r-devel-linux-x86_64-debian-gcc 4.0.0 0.28 1.84 2.12 ERROR
r-devel-linux-x86_64-fedora-clang 4.0.0 153.26 NOTE
r-devel-linux-x86_64-fedora-gcc 4.0.0 148.54 NOTE
r-devel-windows-x86_64 4.0.0 11.00 100.00 111.00 OK
r-patched-linux-x86_64 4.0.0 13.66 98.20 111.86 OK
r-release-linux-x86_64 4.0.0 6.95 99.73 106.68 OK
r-release-macos-arm64 4.0.0 66.00 OK
r-release-macos-x86_64 4.0.0 98.00 OK
r-release-windows-x86_64 4.0.0 10.00 101.00 111.00 OK
r-oldrel-macos-arm64 4.0.0 79.00 OK
r-oldrel-macos-x86_64 4.0.0 108.00 OK
r-oldrel-windows-x86_64 4.0.0 14.00 123.00 137.00 OK

Check Details

Version: 4.0.0
Check: package dependencies
Result: ERROR Packages required but not available: 'dplyr', 'httr2', 'ISOweek', 'lubridate', 'readr', 'RefManageR', 'regions', 'stringr', 'tibble', 'tidyr' Package suggested but not available for checking: ‘testthat’ See section ‘The DESCRIPTION file’ in the ‘Writing R Extensions’ manual. Flavor: r-devel-linux-x86_64-debian-gcc

Version: 4.0.0
Check: data for non-ASCII characters
Result: NOTE Note: found 1054 marked UTF-8 strings Flavors: r-devel-linux-x86_64-fedora-clang, r-devel-linux-x86_64-fedora-gcc