CRAN Package Check Results for Package eurostat

Last updated on 2018-08-16 12:50:09 CEST.

Flavor Version Tinstall Tcheck Ttotal Status Flags
r-devel-linux-x86_64-debian-clang 3.2.2 5.62 89.40 95.02 OK
r-devel-linux-x86_64-debian-gcc 3.2.2 4.81 73.87 78.68 OK
r-devel-linux-x86_64-fedora-clang 3.2.2 116.41 NOTE
r-devel-linux-x86_64-fedora-gcc 3.2.2 110.46 NOTE
r-devel-windows-ix86+x86_64 3.2.2 20.00 141.00 161.00 OK
r-patched-linux-x86_64 3.2.2 4.79 76.83 81.62 OK
r-patched-solaris-x86 3.2.2 163.20 NOTE
r-release-linux-x86_64 3.2.2 4.94 78.31 83.25 OK
r-release-windows-ix86+x86_64 3.2.2 19.00 124.00 143.00 OK
r-release-osx-x86_64 3.2.2 NOTE
r-oldrel-windows-ix86+x86_64 3.2.2 19.00 159.00 178.00 OK
r-oldrel-osx-x86_64 3.2.2 NOTE

Check Details

Version: 3.2.2
Check: data for non-ASCII characters
Result: NOTE
     Note: found 484 marked UTF-8 strings
Flavors: r-devel-linux-x86_64-fedora-clang, r-devel-linux-x86_64-fedora-gcc, r-patched-solaris-x86, r-release-osx-x86_64, r-oldrel-osx-x86_64