CRAN Package Check Results for Package eurostat

Last updated on 2018-10-17 08:48:14 CEST.

Flavor Version Tinstall Tcheck Ttotal Status Flags
r-devel-linux-x86_64-debian-clang 3.2.9 6.64 91.88 98.52 OK
r-devel-linux-x86_64-debian-gcc 3.2.9 5.83 76.39 82.22 OK
r-devel-linux-x86_64-fedora-clang 3.2.9 117.02 NOTE
r-devel-linux-x86_64-fedora-gcc 3.2.9 112.90 NOTE
r-devel-windows-ix86+x86_64 3.2.9 20.00 155.00 175.00 OK
r-patched-linux-x86_64 3.2.9 4.14 80.17 84.31 OK
r-patched-solaris-x86 3.2.9 155.70 NOTE
r-release-linux-x86_64 3.2.9 5.75 79.68 85.43 OK
r-release-windows-ix86+x86_64 3.2.9 15.00 158.00 173.00 OK
r-release-osx-x86_64 3.2.9 WARN
r-oldrel-windows-ix86+x86_64 3.2.9 20.00 165.00 185.00 OK
r-oldrel-osx-x86_64 3.2.9 NOTE

Check Details

Version: 3.2.9
Check: data for non-ASCII characters
Result: NOTE
     Note: found 596 marked UTF-8 strings
Flavors: r-devel-linux-x86_64-fedora-clang, r-devel-linux-x86_64-fedora-gcc, r-patched-solaris-x86, r-release-osx-x86_64, r-oldrel-osx-x86_64

Version: 3.2.9
Check: re-building of vignette outputs
Result: WARN
    Error in re-building vignettes:
     ...
    Attaching package: 'dplyr'
    
    The following objects are masked from 'package:stats':
    
     filter, lag
    
    The following objects are masked from 'package:base':
    
     intersect, setdiff, setequal, union
    
    trying URL 'https://ec.europa.eu/eurostat/estat-navtree-portlet-prod/BulkDownloadListing?sort=1&file=data%2Ften00081.tsv.gz'
    Content type 'application/octet-stream;charset=UTF-8' length 13630 bytes (13 KB)
    ==================================================
    downloaded 13 KB
    
    Table ten00081 cached at /tmp/RtmpsI9cRw/eurostat/ten00081_date_code_TF.rds
    trying URL 'https://ec.europa.eu/eurostat/estat-navtree-portlet-prod/BulkDownloadListing?sort=1&file=data%2Ftgs00026.tsv.gz'
    Content type 'application/octet-stream;charset=UTF-8' length 5998 bytes
    ==================================================
    downloaded 5998 bytes
    
    Quitting from lines 338-370 (eurostat_tutorial.Rmd)
    Error: processing vignette 'eurostat_tutorial.Rmd' failed with diagnostics:
    Recv failure: Connection reset by peer
    Execution halted
Flavor: r-release-osx-x86_64