CRAN Package Check Results for Package eurostat

Last updated on 2018-05-27 06:46:48 CEST.

Flavor Version Tinstall Tcheck Ttotal Status Flags
r-devel-linux-x86_64-debian-clang 3.2.1 3.76 86.36 90.12 OK
r-devel-linux-x86_64-debian-gcc 3.2.1 4.75 70.69 75.44 OK
r-devel-linux-x86_64-fedora-clang 3.2.1 118.34 NOTE
r-devel-linux-x86_64-fedora-gcc 3.2.1 109.91 NOTE
r-devel-windows-ix86+x86_64 3.2.1 11.00 107.00 118.00 OK
r-patched-linux-x86_64 3.2.1 4.74 75.63 80.37 OK
r-patched-solaris-x86 3.2.1 150.80 NOTE
r-release-linux-x86_64 3.2.1 4.80 76.78 81.58 OK
r-release-windows-ix86+x86_64 3.2.1 16.00 154.00 170.00 OK
r-release-osx-x86_64 3.2.1 NOTE
r-oldrel-windows-ix86+x86_64 3.2.1 14.00 161.00 175.00 OK
r-oldrel-osx-x86_64 3.1.5 OK

Check Details

Version: 3.2.1
Check: dependencies in R code
Result: NOTE
    Namespace in Imports field not imported from: ‘curl’
     All declared Imports should be used.
Flavors: r-devel-linux-x86_64-fedora-clang, r-devel-linux-x86_64-fedora-gcc, r-patched-solaris-x86, r-release-osx-x86_64

Version: 3.2.1
Check: data for non-ASCII characters
Result: NOTE
     Note: found 484 marked UTF-8 strings
Flavors: r-devel-linux-x86_64-fedora-clang, r-devel-linux-x86_64-fedora-gcc, r-patched-solaris-x86, r-release-osx-x86_64