CRAN Package Check Results for Package eva

Last updated on 2018-08-22 06:46:45 CEST.

Flavor Version Tinstall Tcheck Ttotal Status Flags
r-devel-linux-x86_64-debian-clang 0.2.4 7.48 95.31 102.79 OK
r-devel-linux-x86_64-debian-gcc 0.2.4 7.47 75.61 83.08 OK
r-devel-linux-x86_64-fedora-clang 0.2.4 128.23 NOTE
r-devel-linux-x86_64-fedora-gcc 0.2.4 121.96 NOTE
r-devel-windows-ix86+x86_64 0.2.4 11.00 106.00 117.00 OK
r-patched-linux-x86_64 0.2.4 9.95 84.03 93.98 OK
r-patched-solaris-x86 0.2.4 166.40 NOTE
r-release-linux-x86_64 0.2.4 8.13 84.44 92.57 OK
r-release-windows-ix86+x86_64 0.2.4 16.00 91.00 107.00 OK
r-release-osx-x86_64 0.2.4 NOTE
r-oldrel-windows-ix86+x86_64 0.2.4 9.00 139.00 148.00 OK
r-oldrel-osx-x86_64 0.2.4 NOTE

Check Details

Version: 0.2.4
Check: dependencies in R code
Result: NOTE
    Namespace in Imports field not imported from: ‘EnvStats’
     All declared Imports should be used.
Flavors: r-devel-linux-x86_64-fedora-clang, r-devel-linux-x86_64-fedora-gcc, r-patched-solaris-x86, r-release-osx-x86_64, r-oldrel-osx-x86_64