CRAN Package Check Results for Package eva

Last updated on 2018-11-14 18:47:49 CET.

Flavor Version Tinstall Tcheck Ttotal Status Flags
r-devel-linux-x86_64-debian-clang 0.2.5 7.94 96.76 104.70 OK
r-devel-linux-x86_64-debian-gcc 0.2.5 8.39 75.77 84.16 OK
r-devel-linux-x86_64-fedora-clang 0.2.5 125.30 NOTE
r-devel-linux-x86_64-fedora-gcc 0.2.5 120.87 NOTE
r-devel-windows-ix86+x86_64 0.2.5 12.00 143.00 155.00 OK
r-patched-linux-x86_64 0.2.5 8.88 85.40 94.28 OK
r-patched-solaris-x86 0.2.5 165.90 NOTE
r-release-linux-x86_64 0.2.5 8.09 84.11 92.20 OK
r-release-windows-ix86+x86_64 0.2.5 18.00 91.00 109.00 OK
r-release-osx-x86_64 0.2.5 NOTE
r-oldrel-windows-ix86+x86_64 0.2.5 16.00 103.00 119.00 OK
r-oldrel-osx-x86_64 0.2.5 NOTE

Check Details

Version: 0.2.5
Check: dependencies in R code
Result: NOTE
    Namespace in Imports field not imported from: ‘EnvStats’
     All declared Imports should be used.
Flavors: r-devel-linux-x86_64-fedora-clang, r-devel-linux-x86_64-fedora-gcc, r-patched-solaris-x86, r-release-osx-x86_64, r-oldrel-osx-x86_64