CRAN Package Check Results for Package eva

Last updated on 2019-02-15 20:46:48 CET.

Flavor Version Tinstall Tcheck Ttotal Status Flags
r-devel-linux-x86_64-debian-clang 0.2.5 10.45 90.15 100.60 OK
r-devel-linux-x86_64-debian-gcc 0.2.5 7.51 68.64 76.15 OK
r-devel-linux-x86_64-fedora-clang 0.2.5 120.57 NOTE
r-devel-linux-x86_64-fedora-gcc 0.2.5 111.36 NOTE
r-devel-windows-ix86+x86_64 0.2.5 18.00 130.00 148.00 OK
r-patched-linux-x86_64 0.2.5 7.59 83.71 91.30 OK
r-patched-solaris-x86 0.2.5 164.30 NOTE
r-release-linux-x86_64 0.2.5 6.92 84.63 91.55 OK
r-release-windows-ix86+x86_64 0.2.5 14.00 97.00 111.00 OK
r-release-osx-x86_64 0.2.5 NOTE
r-oldrel-windows-ix86+x86_64 0.2.5 14.00 150.00 164.00 OK
r-oldrel-osx-x86_64 0.2.5 NOTE

Check Details

Version: 0.2.5
Check: dependencies in R code
Result: NOTE
    Namespace in Imports field not imported from: ‘EnvStats’
     All declared Imports should be used.
Flavors: r-devel-linux-x86_64-fedora-clang, r-devel-linux-x86_64-fedora-gcc, r-patched-solaris-x86, r-release-osx-x86_64, r-oldrel-osx-x86_64