CRAN Package Check Results for Package eva

Last updated on 2019-11-16 00:51:04 CET.

Flavor Version Tinstall Tcheck Ttotal Status Flags
r-devel-linux-x86_64-debian-clang 0.2.5 10.90 93.57 104.47 OK
r-devel-linux-x86_64-debian-gcc 0.2.5 10.64 69.54 80.18 OK
r-devel-linux-x86_64-fedora-clang 0.2.5 119.72 NOTE
r-devel-linux-x86_64-fedora-gcc 0.2.5 122.63 NOTE
r-devel-windows-ix86+x86_64 0.2.5 26.00 127.00 153.00 OK
r-patched-linux-x86_64 0.2.5 10.37 86.25 96.62 OK
r-patched-solaris-x86 0.2.5 172.30 NOTE
r-release-linux-x86_64 0.2.5 10.34 86.27 96.61 OK
r-release-windows-ix86+x86_64 0.2.5 16.00 145.00 161.00 OK
r-release-osx-x86_64 0.2.5 NOTE
r-oldrel-windows-ix86+x86_64 0.2.5 10.00 97.00 107.00 OK
r-oldrel-osx-x86_64 0.2.5 NOTE

Check Details

Version: 0.2.5
Check: dependencies in R code
Result: NOTE
    Namespace in Imports field not imported from: ‘EnvStats’
     All declared Imports should be used.
Flavors: r-devel-linux-x86_64-fedora-clang, r-devel-linux-x86_64-fedora-gcc, r-patched-solaris-x86, r-release-osx-x86_64, r-oldrel-osx-x86_64