CRAN Package Check Results for Package eva

Last updated on 2018-02-23 02:48:06 CET.

Flavor Version Tinstall Tcheck Ttotal Status Flags
r-devel-linux-x86_64-debian-clang 0.2.4 7.81 75.07 82.88 OK
r-devel-linux-x86_64-debian-gcc 0.2.4 6.96 66.18 73.14 OK
r-devel-linux-x86_64-fedora-clang 0.2.4 114.15 NOTE
r-devel-linux-x86_64-fedora-gcc 0.2.4 111.11 NOTE
r-devel-windows-ix86+x86_64 0.2.4 18.00 98.00 116.00 OK
r-patched-linux-x86_64 0.2.4 5.65 92.40 98.05 OK
r-patched-solaris-x86 0.2.4 168.20 NOTE
r-release-linux-x86_64 0.2.4 5.01 92.79 97.80 OK
r-release-windows-ix86+x86_64 0.2.4 12.00 129.00 141.00 OK
r-release-osx-x86_64 0.2.4 NOTE
r-oldrel-windows-ix86+x86_64 0.2.4 9.00 99.00 108.00 OK
r-oldrel-osx-x86_64 0.2.4 NOTE

Check Details

Version: 0.2.4
Check: dependencies in R code
Result: NOTE
    Namespace in Imports field not imported from: ‘EnvStats’
     All declared Imports should be used.
Flavors: r-devel-linux-x86_64-fedora-clang, r-devel-linux-x86_64-fedora-gcc, r-patched-solaris-x86, r-release-osx-x86_64, r-oldrel-osx-x86_64