CRAN Package Check Results for Package eva

Last updated on 2018-05-23 01:46:29 CEST.

Flavor Version Tinstall Tcheck Ttotal Status Flags
r-devel-linux-x86_64-debian-clang 0.2.4 8.49 93.98 102.47 OK
r-devel-linux-x86_64-debian-gcc 0.2.4 6.61 72.02 78.63 OK
r-devel-linux-x86_64-fedora-clang 0.2.4 127.19 NOTE
r-devel-linux-x86_64-fedora-gcc 0.2.4 124.69 NOTE
r-devel-windows-ix86+x86_64 0.2.4 12.00 134.00 146.00 OK
r-patched-linux-x86_64 0.2.4 7.72 57.80 65.52 OK
r-patched-solaris-x86 0.2.4 168.20 NOTE
r-release-linux-x86_64 0.2.4 6.49 83.03 89.52 OK
r-release-windows-ix86+x86_64 0.2.4 18.00 95.00 113.00 OK
r-release-osx-x86_64 0.2.4 NOTE
r-oldrel-windows-ix86+x86_64 0.2.4 13.00 106.00 119.00 OK
r-oldrel-osx-x86_64 0.2.4 NOTE

Check Details

Version: 0.2.4
Check: dependencies in R code
Result: NOTE
    Namespace in Imports field not imported from: ‘EnvStats’
     All declared Imports should be used.
Flavors: r-devel-linux-x86_64-fedora-clang, r-devel-linux-x86_64-fedora-gcc, r-patched-solaris-x86, r-release-osx-x86_64, r-oldrel-osx-x86_64