CRAN Package Check Results for Package evaluate

Last updated on 2022-01-21 09:50:00 CET.

Flavor Version Tinstall Tcheck Ttotal Status Flags
r-devel-linux-x86_64-debian-clang 0.14 2.35 35.79 38.14 OK
r-devel-linux-x86_64-debian-gcc 0.14 2.00 28.35 30.35 OK
r-devel-linux-x86_64-fedora-clang 0.14 47.78 OK
r-devel-linux-x86_64-fedora-gcc 0.14 37.06 OK
r-devel-windows-x86_64-new-UL 0.14 63.00 54.00 117.00 OK
r-devel-windows-x86_64-new-TK 0.14 OK
r-patched-linux-x86_64 0.14 2.70 34.97 37.67 OK
r-release-linux-x86_64 0.14 2.66 35.53 38.19 OK
r-release-macos-arm64 0.14 OK
r-release-macos-x86_64 0.14 OK
r-release-windows-ix86+x86_64 0.14 6.00 43.00 49.00 OK
r-oldrel-macos-x86_64 0.14 ERROR
r-oldrel-windows-ix86+x86_64 0.14 8.00 43.00 51.00 OK

Check Details

Version: 0.14
Check: tests
Result: ERROR
     Running ‘test-all.R’ [3s/5s]
    Running the tests in ‘tests/test-all.R’ failed.
    Last 13 lines of output:
     [1] 5 - 4 == 1
    
     ── 4. Failure: ggplot2 plots in a single expression are captured (@test-graphics
     `x` not equal to `expected`.
     Lengths differ: 5 is not 4
    
     ══ testthat results ═══════════════════════════════════════════════════════════
     [ OK: 49 | SKIPPED: 1 | WARNINGS: 0 | FAILED: 4 ]
     1. Failure: ggplot is captured (@test-graphics.r#13)
     2. Failure: ggplot is captured (@test-graphics.r#15)
     3. Failure: ggplot2 plots in a single expression are captured (@test-graphics.r#47)
     4. Failure: ggplot2 plots in a single expression are captured (@test-graphics.r#49)
    
     Error: testthat unit tests failed
     Execution halted
Flavor: r-oldrel-macos-x86_64