CRAN Package Check Results for Package evaluator

Last updated on 2018-02-19 09:52:50 CET.

Flavor Version Tinstall Tcheck Ttotal Status Flags
r-devel-linux-x86_64-debian-clang 0.1.1 3.73 32.11 35.84 NOTE
r-devel-linux-x86_64-debian-gcc 0.1.1 3.07 28.57 31.64 NOTE
r-devel-linux-x86_64-fedora-clang 0.1.1 49.68 NOTE
r-devel-linux-x86_64-fedora-gcc 0.1.1 47.45 NOTE
r-devel-windows-ix86+x86_64 0.1.1 8.00 49.00 57.00 OK
r-patched-linux-x86_64 0.1.1 3.73 37.80 41.53 OK
r-patched-solaris-x86 0.1.1 69.80 OK
r-release-linux-x86_64 0.1.1 3.83 37.52 41.35 OK
r-release-windows-ix86+x86_64 0.1.1 15.00 67.00 82.00 OK
r-release-osx-x86_64 0.1.1 OK
r-oldrel-windows-ix86+x86_64 0.1.1 11.00 67.00 78.00 OK
r-oldrel-osx-x86_64 0.1.1 OK

Check Details

Version: 0.1.1
Check: DESCRIPTION meta-information
Result: NOTE
    Dependence on R version ‘3.3.2’ not with patchlevel 0
Flavors: r-devel-linux-x86_64-debian-clang, r-devel-linux-x86_64-debian-gcc, r-devel-linux-x86_64-fedora-clang, r-devel-linux-x86_64-fedora-gcc