Last updated on 2022-06-26 12:54:46 CEST.
Flavor | Version | Tinstall | Tcheck | Ttotal | Status | Flags |
---|---|---|---|---|---|---|
r-devel-linux-x86_64-debian-clang | 0.2-9 | 44.70 | 324.73 | 369.43 | OK | |
r-devel-linux-x86_64-debian-gcc | 0.2-9 | 30.73 | 232.94 | 263.67 | OK | |
r-devel-linux-x86_64-fedora-clang | 0.2-9 | 460.85 | NOTE | |||
r-devel-linux-x86_64-fedora-gcc | 0.2-9 | 438.51 | OK | |||
r-devel-windows-x86_64 | 0.2-9 | 75.00 | 372.00 | 447.00 | OK | |
r-patched-linux-x86_64 | 0.2-9 | 42.60 | 312.37 | 354.97 | OK | |
r-release-linux-x86_64 | 0.2-9 | 35.81 | 307.26 | 343.07 | OK | |
r-release-macos-arm64 | 0.2-9 | 104.00 | OK | |||
r-release-macos-x86_64 | 0.2-9 | 185.00 | OK | |||
r-release-windows-x86_64 | 0.2-9 | 81.00 | 359.00 | 440.00 | OK | |
r-oldrel-macos-arm64 | 0.2-9 | 111.00 | OK | |||
r-oldrel-macos-x86_64 | 0.2-9 | 149.00 | OK | |||
r-oldrel-windows-ix86+x86_64 | 0.2-9 | 104.00 | 606.00 | 710.00 | OK |
Version: 0.2-9
Check: Rd cross-references
Result: NOTE
Undeclared package ‘PHENIX’ in Rd xrefs
Flavor: r-devel-linux-x86_64-fedora-clang