CRAN Package Check Results for Package evolqg

Last updated on 2018-02-23 06:54:49 CET.

Flavor Version Tinstall Tcheck Ttotal Status Flags
r-devel-linux-x86_64-debian-clang 0.2-5 26.86 295.38 322.24 NOTE
r-devel-linux-x86_64-debian-gcc 0.2-5 20.08 248.50 268.58 NOTE
r-devel-linux-x86_64-fedora-clang 0.2-5 421.47 NOTE
r-devel-linux-x86_64-fedora-gcc 0.2-5 409.22 NOTE
r-devel-windows-ix86+x86_64 0.2-5 67.00 742.00 809.00 OK
r-patched-linux-x86_64 0.2-5 22.51 331.04 353.55 NOTE
r-patched-solaris-x86 0.2-5 466.50 NOTE
r-release-linux-x86_64 0.2-5 23.78 315.95 339.73 NOTE
r-release-windows-ix86+x86_64 0.2-5 78.00 694.00 772.00 OK
r-release-osx-x86_64 0.2-5 NOTE
r-oldrel-windows-ix86+x86_64 0.2-5 51.00 477.00 528.00 OK
r-oldrel-osx-x86_64 0.2-5 NOTE

Check Details

Version: 0.2-5
Check: compiled code
Result: NOTE
    File ‘evolqg/libs/evolqg.so’:
     Found no calls to: ‘R_registerRoutines’, ‘R_useDynamicSymbols’
    
    It is good practice to register native routines and to disable symbol
    search.
    
    See ‘Writing portable packages’ in the ‘Writing R Extensions’ manual.
Flavors: r-devel-linux-x86_64-debian-clang, r-devel-linux-x86_64-debian-gcc, r-devel-linux-x86_64-fedora-clang, r-devel-linux-x86_64-fedora-gcc, r-patched-linux-x86_64, r-release-linux-x86_64

Version: 0.2-5
Check: dependencies in R code
Result: NOTE
    Namespace in Imports field not imported from: ‘Rcpp’
     All declared Imports should be used.
Flavors: r-devel-linux-x86_64-fedora-clang, r-devel-linux-x86_64-fedora-gcc, r-patched-solaris-x86, r-release-osx-x86_64, r-oldrel-osx-x86_64