Last updated on 2021-01-25 20:49:22 CET.
Flavor | Version | Tinstall | Tcheck | Ttotal | Status | Flags |
---|---|---|---|---|---|---|
r-devel-linux-x86_64-debian-clang | 1.1.0 | 2.11 | 22.80 | 24.91 | NOTE | |
r-devel-linux-x86_64-debian-gcc | 1.1.0 | 1.72 | 17.75 | 19.47 | NOTE | |
r-devel-linux-x86_64-fedora-clang | 1.1.0 | 39.15 | NOTE | |||
r-devel-linux-x86_64-fedora-gcc | 1.1.0 | 29.41 | NOTE | |||
r-devel-windows-ix86+x86_64 | 1.1.0 | 5.00 | 37.00 | 42.00 | NOTE | |
r-patched-linux-x86_64 | 1.1.0 | 2.01 | 21.75 | 23.76 | NOTE | |
r-patched-solaris-x86 | 1.1.0 | 42.80 | NOTE | |||
r-release-linux-x86_64 | 1.1.0 | 2.28 | 21.71 | 23.99 | NOTE | |
r-release-macos-x86_64 | 1.1.0 | NOTE | ||||
r-release-windows-ix86+x86_64 | 1.1.0 | 5.00 | 29.00 | 34.00 | NOTE | |
r-oldrel-macos-x86_64 | 1.1.0 | NOTE | ||||
r-oldrel-windows-ix86+x86_64 | 1.1.0 | 3.00 | 34.00 | 37.00 | NOTE |
Version: 1.1.0
Check: R code for possible problems
Result: NOTE
evolvabilityBetaMCMC : <anonymous>: no visible binding for global
variable 'median'
evolvabilityBetaMCMC: no visible binding for global variable 'median'
evolvabilityBetaMCMC2: no visible binding for global variable 'median'
evolvabilityMeans: no visible global function definition for 'var'
evolvabilityMeansMCMC : <anonymous>: no visible global function
definition for 'var'
evolvabilityMeansMCMC: no visible binding for global variable 'median'
randomBeta: no visible global function definition for 'rnorm'
Undefined global functions or variables:
median rnorm var
Consider adding
importFrom("stats", "median", "rnorm", "var")
to your NAMESPACE file.
Flavors: r-devel-linux-x86_64-debian-clang, r-devel-linux-x86_64-debian-gcc, r-devel-linux-x86_64-fedora-clang, r-devel-linux-x86_64-fedora-gcc, r-devel-windows-ix86+x86_64, r-patched-linux-x86_64, r-patched-solaris-x86, r-release-linux-x86_64, r-release-macos-x86_64, r-release-windows-ix86+x86_64, r-oldrel-macos-x86_64, r-oldrel-windows-ix86+x86_64