CRAN Package Check Results for Package exampletestr

Last updated on 2019-01-24 04:51:35 CET.

Flavor Version Tinstall Tcheck Ttotal Status Flags
r-devel-linux-x86_64-debian-clang 1.4.1 2.13 55.97 58.10 OK
r-devel-linux-x86_64-debian-gcc 1.4.1 1.81 43.87 45.68 OK
r-devel-linux-x86_64-fedora-clang 1.4.1 72.59 OK
r-devel-linux-x86_64-fedora-gcc 1.4.1 63.29 OK
r-devel-windows-ix86+x86_64 1.4.1 6.00 126.00 132.00 OK
r-patched-linux-x86_64 1.4.1 1.80 49.01 50.81 OK
r-patched-solaris-x86 1.4.1 98.10 OK
r-release-linux-x86_64 1.4.1 1.73 49.67 51.40 OK
r-release-windows-ix86+x86_64 1.4.1 4.00 92.00 96.00 OK
r-release-osx-x86_64 1.4.1 ERROR
r-oldrel-windows-ix86+x86_64 1.4.0 3.00 10.00 13.00 ERROR
r-oldrel-osx-x86_64 1.4.1 ERROR

Check Details

Version: 1.4.1
Check: examples
Result: ERROR
    Running examples in ‘exampletestr-Ex.R’ failed
    The error most likely occurred in:
    
    > ### Name: make-test-shells
    > ### Title: Create test shells.
    > ### Aliases: make-test-shells make_test_shell_fun make_tests_shells_file
    > ### make_tests_shells_pkg
    >
    > ### ** Examples
    >
    > usethis::create_package(tempdir(check = TRUE), open = FALSE)
    Error: '/tmp' is not a directory.
    Execution halted
Flavor: r-release-osx-x86_64

Version: 1.4.1
Check: tests
Result: ERROR
     Running ‘spelling.R’ [0s/0s]
     Running ‘testthat.R’ [6s/6s]
    Running the tests in ‘tests/testthat.R’ failed.
    Last 13 lines of output:
     6: withVisible(eval(expr, pf))
     7: eval(expr, pf)
     8: eval(expr, pf)
     9: usethis::create_package(tempdir(), open = FALSE)
     10: create_directory(path_dir(path), name)
     11: stop_glue("{value(base_path)} is not a directory.")
    
     ══ testthat results ═══════════════════════════════════════════════════════════
     OK: 13 SKIPPED: 0 FAILED: 3
     1. Error: `extract_examples()` works (@test-exemplar.R#7)
     2. Error: `make_test_shell()` works (@test-exemplar.R#47)
     3. Error: `make_tests_shell_fun()` works (@test-exemplar.R#98)
    
     Error: testthat unit tests failed
     Execution halted
Flavor: r-release-osx-x86_64

Version: 1.4.0
Check: whether package can be installed
Result: ERROR
    Installation failed.
Flavor: r-oldrel-windows-ix86+x86_64

Version: 1.4.1
Check: whether package can be installed
Result: ERROR
    Installation failed.
Flavor: r-oldrel-osx-x86_64