CRAN Package Check Results for Package exams

Last updated on 2018-02-18 18:47:26 CET.

Flavor Version Tinstall Tcheck Ttotal Status Flags
r-devel-linux-x86_64-debian-clang 2.3-0 12.72 141.63 154.35 NOTE
r-devel-linux-x86_64-debian-gcc 2.3-0 8.37 112.02 120.39 NOTE
r-devel-linux-x86_64-fedora-clang 2.3-0 199.36 NOTE
r-devel-linux-x86_64-fedora-gcc 2.3-0 198.27 NOTE
r-devel-windows-ix86+x86_64 2.3-0 14.00 251.00 265.00 OK
r-patched-linux-x86_64 2.3-0 1.68 154.10 155.78 NOTE
r-patched-solaris-x86 2.3-0 230.90 NOTE
r-release-linux-x86_64 2.3-0 1.89 154.70 156.59 NOTE
r-release-windows-ix86+x86_64 2.3-0 7.00 306.00 313.00 OK
r-release-osx-x86_64 2.3-0 OK
r-oldrel-windows-ix86+x86_64 2.3-0 5.00 317.00 322.00 OK
r-oldrel-osx-x86_64 2.3-0 NOTE

Check Details

Version: 2.3-0
Check: R code for possible problems
Result: NOTE
    Found the following assignments to the global environment:
    File ‘exams/R/xexams.R’:
     assign(".xweave_svg_grdevice", .xweave_svg_grdevice, envir = .GlobalEnv)
Flavors: r-devel-linux-x86_64-debian-clang, r-devel-linux-x86_64-debian-gcc, r-devel-linux-x86_64-fedora-clang, r-patched-linux-x86_64, r-release-linux-x86_64

Version: 2.3-0
Check: Rd line widths
Result: NOTE
    Rd file 'nops_scan.Rd':
     \usage lines wider than 90 characters:
     images = dir(pattern = "\\.PNG$|\\.png$|\\.PDF|\\.pdf$", path = dir, full.names = TRUE),
    
    These lines will be truncated in the PDF manual.
Flavors: r-devel-linux-x86_64-debian-clang, r-devel-linux-x86_64-debian-gcc, r-devel-linux-x86_64-fedora-clang, r-devel-linux-x86_64-fedora-gcc, r-patched-linux-x86_64, r-release-linux-x86_64

Version: 2.3-0
Check: package dependencies
Result: NOTE
    Package suggested but not available for checking: ‘magick’
Flavor: r-patched-solaris-x86

Version: 2.3-0
Check: re-building of vignette outputs
Result: NOTE
    Error in re-building vignettes:
     ...
     input string 342 is invalid in this locale
    Warning in grepl("(Rerun to get|biblatex.*\\(re\\)run)", readLines(log, :
     input string 356 is invalid in this locale
    Error in texi2dvi(file = file, pdf = TRUE, clean = clean, quiet = quiet, :
     Running 'texi2dvi' on 'exams.tex' failed.
    LaTeX errors:
    ! Undefined control sequence.
    l.16 ...^^^{<ec><bd><e7>Rȭ<f4>蛡<85>P^^]bL^^L6^^L<ac>^^W<e1><d6>-^^Y<b4>Y\U
     <e2><8f>ǻU<ed><8d><f3>K<fa>^^O_<f5><fe><ad>^^Sےc'<91><ab>...
    The control sequence at the end of the top line
    of your error message was never \def'ed. If you have
    ! Undefined control sequence.
    l.17 ...<a5>RQJY<96>5`'A^^P<ec><ef><ef><97><cb><e5>z<bd>n<9a>&<fa>!<a2><ad><ad><ad><d9><d9>Y4^^[<b0><b7><b8>\q
     <e6>|Ypb<8e>a<ba>D"<81><89>'<a2>z<bd><de><ed>v<cf>1<df>^^W+...
    The control sequence at the end of the top line
    of your error message was never \def'ed. If you have
    ! LaTeX Error: Missing \begin{document}.
    
    See the LaTeX manual or LaTeX Companion for explanation.
    Type H <return> for immediate help.
     ...
    ! Please use \mathaccent for accents in math mode.
    \add@accent ...@sp
    Calls: buildVignettes -> texi2pdf -> texi2dvi
    Execution halted
Flavor: r-oldrel-osx-x86_64