CRAN Package Check Results for Package exams

Last updated on 2019-02-15 20:46:48 CET.

Flavor Version Tinstall Tcheck Ttotal Status Flags
r-devel-linux-x86_64-debian-clang 2.3-2 10.99 149.70 160.69 NOTE
r-devel-linux-x86_64-debian-gcc 2.3-2 10.58 116.79 127.37 NOTE
r-devel-linux-x86_64-fedora-clang 2.3-2 207.96 NOTE
r-devel-linux-x86_64-fedora-gcc 2.3-2 198.83 OK
r-devel-windows-ix86+x86_64 2.3-2 30.00 487.00 517.00 OK
r-patched-linux-x86_64 2.3-2 10.22 141.68 151.90 NOTE
r-patched-solaris-x86 2.3-2 277.80 OK
r-release-linux-x86_64 2.3-2 11.02 142.08 153.10 NOTE
r-release-windows-ix86+x86_64 2.3-2 17.00 382.00 399.00 OK
r-release-osx-x86_64 2.3-2 OK
r-oldrel-windows-ix86+x86_64 2.3-2 7.00 496.00 503.00 OK
r-oldrel-osx-x86_64 2.3-2 OK

Check Details

Version: 2.3-2
Check: R code for possible problems
Result: NOTE
    Found the following assignments to the global environment:
    File ‘exams/R/xexams.R’:
     assign(".xweave_svg_grdevice", .xweave_svg_grdevice, envir = .GlobalEnv)
Flavors: r-devel-linux-x86_64-debian-clang, r-devel-linux-x86_64-debian-gcc, r-devel-linux-x86_64-fedora-clang, r-patched-linux-x86_64, r-release-linux-x86_64