CRAN Package Check Results for Package exams

Last updated on 2018-11-15 06:47:21 CET.

Flavor Version Tinstall Tcheck Ttotal Status Flags
r-devel-linux-x86_64-debian-clang 2.3-1 10.89 146.87 157.76 NOTE
r-devel-linux-x86_64-debian-gcc 2.3-1 10.03 118.98 129.01 NOTE
r-devel-linux-x86_64-fedora-clang 2.3-1 202.20 NOTE
r-devel-linux-x86_64-fedora-gcc 2.3-1 197.85 OK
r-devel-windows-ix86+x86_64 2.3-1 16.00 386.00 402.00 OK
r-patched-linux-x86_64 2.3-1 10.15 144.42 154.57 NOTE
r-patched-solaris-x86 2.3-1 242.10 ERROR
r-release-linux-x86_64 2.3-1 10.00 143.15 153.15 NOTE
r-release-windows-ix86+x86_64 2.3-1 22.00 425.00 447.00 OK
r-release-osx-x86_64 2.3-1 ERROR
r-oldrel-windows-ix86+x86_64 2.3-1 10.00 405.00 415.00 OK
r-oldrel-osx-x86_64 2.3-1 ERROR

Check Details

Version: 2.3-1
Check: R code for possible problems
Result: NOTE
    Found the following assignments to the global environment:
    File ‘exams/R/xexams.R’:
     assign(".xweave_svg_grdevice", .xweave_svg_grdevice, envir = .GlobalEnv)
Flavors: r-devel-linux-x86_64-debian-clang, r-devel-linux-x86_64-debian-gcc, r-devel-linux-x86_64-fedora-clang, r-patched-linux-x86_64, r-release-linux-x86_64

Version: 2.3-1
Check: examples
Result: ERROR
    Running examples in ‘exams-Ex.R’ failed
    The error most likely occurred in:
    
    > ### Name: exams2openolat
    > ### Title: Generation of Exams for OpenOLAT
    > ### Aliases: exams2openolat
    > ### Keywords: utilities
    >
    > ### ** Examples
    >
    > ## load package and enforce par(ask = FALSE)
    > library("exams")
    > options(device.ask.default = FALSE)
    >
    > ## define an exams (= list of exercises)
    > myexam <- list(
    + "boxplots",
    + c("tstat", "ttest", "confint"),
    + c("regression", "anova"),
    + c("scatterplot", "boxhist"),
    + "relfreq"
    + )
    >
    > ## output directory
    > mydir <- tempdir()
    >
    > ## generate .zip with OpenOLAT test in temporary directory
    > exams2openolat(myexam, n = 3, dir = mydir)
    Loading required namespace: rmarkdown
    sh: +RTS: not found
    Warning in system(command) : error in running command
    Error: pandoc document conversion failed with error 127
    Execution halted
Flavor: r-patched-solaris-x86

Version: 2.3-1
Check: examples
Result: ERROR
    Running examples in ‘exams-Ex.R’ failed
    The error most likely occurred in:
    
    > ### Name: exams2openolat
    > ### Title: Generation of Exams for OpenOLAT
    > ### Aliases: exams2openolat
    > ### Keywords: utilities
    >
    > ### ** Examples
    >
    > ## load package and enforce par(ask = FALSE)
    > library("exams")
    > options(device.ask.default = FALSE)
    >
    > ## define an exams (= list of exercises)
    > myexam <- list(
    + "boxplots",
    + c("tstat", "ttest", "confint"),
    + c("regression", "anova"),
    + c("scatterplot", "boxhist"),
    + "relfreq"
    + )
    >
    > ## output directory
    > mydir <- tempdir()
    >
    > ## generate .zip with OpenOLAT test in temporary directory
    > exams2openolat(myexam, n = 3, dir = mydir)
    Loading required namespace: rmarkdown
    sh: +RTS: command not found
    Warning in system(command) : error in running command
    Error: pandoc document conversion failed with error 127
    Execution halted
Flavor: r-release-osx-x86_64

Version: 2.3-1
Check: examples
Result: ERROR
    Running examples in ‘exams-Ex.R’ failed
    The error most likely occurred in:
    
    > ### Name: exams2openolat
    > ### Title: Generation of Exams for OpenOLAT
    > ### Aliases: exams2openolat
    > ### Keywords: utilities
    >
    > ### ** Examples
    >
    > ## load package and enforce par(ask = FALSE)
    > library("exams")
    > options(device.ask.default = FALSE)
    >
    > ## define an exams (= list of exercises)
    > myexam <- list(
    + "boxplots",
    + c("tstat", "ttest", "confint"),
    + c("regression", "anova"),
    + c("scatterplot", "boxhist"),
    + "relfreq"
    + )
    >
    > ## output directory
    > mydir <- tempdir()
    >
    > ## generate .zip with OpenOLAT test in temporary directory
    > exams2openolat(myexam, n = 3, dir = mydir)
    Loading required namespace: rmarkdown
    sh: +RTS: command not found
    Error: pandoc document conversion failed with error 127
    Execution halted
Flavor: r-oldrel-osx-x86_64