CRAN Package Check Results for Package exams2sakai

Last updated on 2022-08-07 19:55:08 CEST.

Flavor Version Tinstall Tcheck Ttotal Status Flags
r-devel-linux-x86_64-debian-clang 0.3 4.20 30.49 34.69 NOTE
r-devel-linux-x86_64-debian-gcc 0.3 2.72 23.51 26.23 NOTE
r-devel-linux-x86_64-fedora-clang 0.3 54.01 NOTE
r-devel-linux-x86_64-fedora-gcc 0.3 50.56 NOTE
r-devel-windows-x86_64 0.3 10.00 54.00 64.00 NOTE
r-patched-linux-x86_64 0.3 6.17 29.85 36.02 OK
r-release-linux-x86_64 0.3 3.17 29.83 33.00 OK
r-release-macos-arm64 0.3 17.00 OK
r-release-macos-x86_64 0.3 24.00 OK
r-release-windows-x86_64 0.3 15.00 52.00 67.00 OK
r-oldrel-macos-arm64 0.3 20.00 OK
r-oldrel-macos-x86_64 0.3 28.00 OK
r-oldrel-windows-ix86+x86_64 0.3 8.00 47.00 55.00 OK

Check Details

Version: 0.3
Check: Rd files
Result: NOTE
    checkRd: (-1) exams2sakai.Rd:152: Escaped LaTeX specials: \&
Flavors: r-devel-linux-x86_64-debian-clang, r-devel-linux-x86_64-debian-gcc, r-devel-linux-x86_64-fedora-clang, r-devel-linux-x86_64-fedora-gcc, r-devel-windows-x86_64

Version: 0.3
Check: Rd cross-references
Result: NOTE
    Undeclared package ‘tth’ in Rd xrefs
Flavor: r-devel-linux-x86_64-fedora-clang