CRAN Package Check Results for Package excelR

Last updated on 2024-06-19 12:27:08 CEST.

Flavor Version Tinstall Tcheck Ttotal Status Flags
r-devel-linux-x86_64-debian-clang 0.4.0 2.92 36.67 39.59 NOTE
r-devel-linux-x86_64-debian-gcc 0.4.0 2.90 27.58 30.48 NOTE
r-devel-linux-x86_64-fedora-clang 0.4.0 48.85 NOTE
r-devel-linux-x86_64-fedora-gcc 0.4.0 46.84 NOTE
r-devel-windows-x86_64 0.4.0 5.00 50.00 55.00 NOTE
r-patched-linux-x86_64 0.4.0 2.71 34.75 37.46 NOTE
r-release-linux-x86_64 0.4.0 3.67 34.40 38.07 NOTE
r-release-macos-arm64 0.4.0 24.00 NOTE
r-release-macos-x86_64 0.4.0 32.00 NOTE
r-release-windows-x86_64 0.4.0 6.00 52.00 58.00 NOTE
r-oldrel-macos-arm64 0.4.0 27.00 NOTE
r-oldrel-macos-x86_64 0.4.0 29.00 NOTE
r-oldrel-windows-x86_64 0.4.0 5.00 56.00 61.00 NOTE

Check Details

Version: 0.4.0
Check: LazyData
Result: NOTE 'LazyData' is specified without a 'data' directory Flavors: r-devel-linux-x86_64-debian-clang, r-devel-linux-x86_64-debian-gcc, r-devel-linux-x86_64-fedora-clang, r-devel-linux-x86_64-fedora-gcc, r-devel-windows-x86_64, r-patched-linux-x86_64, r-release-linux-x86_64, r-release-macos-arm64, r-release-macos-x86_64, r-release-windows-x86_64, r-oldrel-macos-arm64, r-oldrel-macos-x86_64, r-oldrel-windows-x86_64