CRAN Package Check Results for Package excerptr

Last updated on 2018-08-20 09:47:37 CEST.

Flavor Version Tinstall Tcheck Ttotal Status Flags
r-devel-linux-x86_64-debian-clang 1.4.1 0.88 22.70 23.58 OK
r-devel-linux-x86_64-debian-gcc 1.4.1 0.80 18.82 19.62 OK
r-devel-linux-x86_64-fedora-clang 1.4.1 29.37 OK
r-devel-linux-x86_64-fedora-gcc 1.4.1 27.24 OK
r-patched-linux-x86_64 1.4.1 1.10 20.97 22.07 OK
r-patched-solaris-x86 1.4.1 42.00 OK
r-release-linux-x86_64 1.4.1 1.10 21.16 22.26 OK
r-release-osx-x86_64 1.4.1 OK
r-oldrel-osx-x86_64 1.4.1 ERROR

Check Details

Version: 1.4.1
Check: whether package can be installed
Result: ERROR
    Installation failed.
Flavor: r-oldrel-osx-x86_64