CRAN Package Check Results for Package excerptr

Last updated on 2018-05-24 09:49:38 CEST.

Flavor Version Tinstall Tcheck Ttotal Status Flags
r-devel-linux-x86_64-debian-clang 1.4.0 1.18 21.56 22.74 WARN
r-devel-linux-x86_64-debian-gcc 1.4.0 0.79 19.62 20.41 WARN
r-devel-linux-x86_64-fedora-clang 1.4.0 28.34 OK
r-devel-linux-x86_64-fedora-gcc 1.4.0 27.26 OK
r-patched-linux-x86_64 1.4.0 1.01 13.74 14.75 NOTE
r-patched-solaris-x86 1.4.0 42.60 OK
r-release-linux-x86_64 1.4.0 0.83 21.46 22.29 NOTE
r-release-osx-x86_64 1.4.0 ERROR
r-oldrel-osx-x86_64 1.4.0 OK

Check Details

Version: 1.4.0
Check: for unstated dependencies in ‘tests’
Result: WARN
    '::' or ':::' import not declared from: ‘devtools’
Flavors: r-devel-linux-x86_64-debian-clang, r-devel-linux-x86_64-debian-gcc

Version: 1.4.0
Check: DESCRIPTION meta-information
Result: NOTE
    Dependence on R version ‘3.3.2’ not with patchlevel 0
Flavors: r-patched-linux-x86_64, r-release-linux-x86_64

Version: 1.4.0
Check: examples
Result: ERROR
    Running examples in ‘excerptr-Ex.R’ failed
    The error most likely occurred in:
    
    > ### Name: get_excerpts
    > ### Title: Clone the Excerpts Code from <URL: github.com>
    > ### Aliases: get_excerpts
    >
    > ### ** Examples
    >
    > path <- file.path(tempdir(), "excerpts")
    > get_excerpts(directory = path, force = TRUE)
    cloning into '/var/folders/xn/m8dzdsgs7sg8q7jgflnqm8w80000gn/T//RtmpbDe1OS/excerpts'...
    Error in git2r::clone(url = "https://github.com/fvafrCU/excerpts/", branch = branch, :
     Error in 'git2r_clone': SSL error: error:1407742E:SSL routines:SSL23_GET_SERVER_HELLO:tlsv1 alert protocol version
    Calls: get_excerpts -> <Anonymous> -> <Anonymous>
    Execution halted
Flavor: r-release-osx-x86_64

Version: 1.4.0
Check: tests
Result: ERROR
     Running ‘testthat.R’ [1s/2s]
    Running the tests in ‘tests/testthat.R’ failed.
    Last 13 lines of output:
     > test_check("excerptr")
     cloning into '/var/folders/xn/m8dzdsgs7sg8q7jgflnqm8w80000gn/T//Rtmpodjq7f'...
     ── 1. Error: get (@test_basic.R#9) ────────────────────────────────────────────
     SSL error: error:1407742E:SSL routines:SSL23_GET_SERVER_HELLO:tlsv1 alert protocol version
     1: get_excerpts(directory = tempdir()) at testthat/test_basic.R:9
     2: git2r::clone(url = "https://github.com/fvafrCU/excerpts/", branch = branch, local_path = directory)
     3: git2r::clone(url = "https://github.com/fvafrCU/excerpts/", branch = branch, local_path = directory)
    
     3
     ══ testthat results ═══════════════════════════════════════════════════════════
     OK: 4 SKIPPED: 0 FAILED: 1
     1. Error: get (@test_basic.R#9)
    
     Error: testthat unit tests failed
     Execution halted
Flavor: r-release-osx-x86_64