CRAN Package Check Results for Package excerptr

Last updated on 2019-02-16 19:47:25 CET.

Flavor Version Tinstall Tcheck Ttotal Status Flags
r-devel-linux-x86_64-debian-clang 1.4.1 1.56 23.00 24.56 OK
r-devel-linux-x86_64-debian-gcc 1.4.1 1.22 18.32 19.54 OK
r-devel-linux-x86_64-fedora-clang 1.4.1 29.74 OK
r-devel-linux-x86_64-fedora-gcc 1.4.1 28.02 OK
r-patched-linux-x86_64 1.4.1 1.14 20.97 22.11 OK
r-patched-solaris-x86 1.4.1 40.20 OK
r-release-linux-x86_64 1.4.1 OK
r-release-osx-x86_64 1.4.1 OK
r-oldrel-osx-x86_64 1.4.1 ERROR

Check Details

Version: 1.4.1
Check: whether package can be installed
Result: ERROR
    Installation failed.
Flavor: r-oldrel-osx-x86_64