CRAN Package Check Results for Package excerptr

Last updated on 2018-02-21 11:54:07 CET.

Flavor Version Tinstall Tcheck Ttotal Status Flags
r-devel-linux-x86_64-debian-clang 1.4.0 1.05 22.00 23.05 NOTE
r-devel-linux-x86_64-debian-gcc 1.4.0 0.84 17.39 18.23 NOTE
r-devel-linux-x86_64-fedora-clang 1.4.0 27.29 NOTE
r-devel-linux-x86_64-fedora-gcc 1.4.0 25.96 NOTE
r-patched-linux-x86_64 1.4.0 0.83 23.48 24.31 OK
r-patched-solaris-x86 1.4.0 37.30 OK
r-release-linux-x86_64 1.4.0 0.83 22.72 23.55 OK
r-release-osx-x86_64 1.4.0 OK
r-oldrel-osx-x86_64 1.4.0 OK

Check Details

Version: 1.4.0
Check: DESCRIPTION meta-information
Result: NOTE
    Dependence on R version ‘3.3.2’ not with patchlevel 0
Flavors: r-devel-linux-x86_64-debian-clang, r-devel-linux-x86_64-debian-gcc, r-devel-linux-x86_64-fedora-clang, r-devel-linux-x86_64-fedora-gcc