CRAN Package Check Results for Package excerptr

Last updated on 2018-11-18 21:47:21 CET.

Flavor Version Tinstall Tcheck Ttotal Status Flags
r-devel-linux-x86_64-debian-clang 1.4.1 1.14 22.35 23.49 OK
r-devel-linux-x86_64-debian-gcc 1.4.1 1.00 18.47 19.47 OK
r-devel-linux-x86_64-fedora-clang 1.4.1 27.74 OK
r-devel-linux-x86_64-fedora-gcc 1.4.1 27.05 OK
r-patched-linux-x86_64 1.4.1 1.10 21.37 22.47 OK
r-patched-solaris-x86 1.4.1 40.90 OK
r-release-linux-x86_64 1.4.1 1.09 21.71 22.80 OK
r-release-osx-x86_64 1.4.1 OK
r-oldrel-osx-x86_64 1.4.1 ERROR

Check Details

Version: 1.4.1
Check: whether package can be installed
Result: ERROR
    Installation failed.
Flavor: r-oldrel-osx-x86_64