CRAN Package Check Results for Package exifr

Last updated on 2020-02-24 14:48:01 CET.

Flavor Version Tinstall Tcheck Ttotal Status Flags
r-devel-linux-x86_64-debian-clang 0.3.1 3.02 63.33 66.35 OK
r-devel-linux-x86_64-debian-gcc 0.3.1 2.43 46.50 48.93 OK
r-devel-linux-x86_64-fedora-clang 0.3.1 87.66 OK
r-devel-linux-x86_64-fedora-gcc 0.3.1 82.82 OK
r-devel-windows-ix86+x86_64 0.3.1 13.00 99.00 112.00 OK
r-devel-windows-ix86+x86_64-gcc8 0.3.1 25.00 134.00 159.00 OK
r-patched-linux-x86_64 0.3.1 OK
r-patched-solaris-x86 0.3.1 100.50 NOTE
r-release-linux-x86_64 0.3.1 2.57 60.06 62.63 OK
r-release-windows-ix86+x86_64 0.3.1 10.00 101.00 111.00 OK
r-release-osx-x86_64 0.3.1 NOTE
r-oldrel-windows-ix86+x86_64 0.3.1 6.00 104.00 110.00 OK
r-oldrel-osx-x86_64 0.3.1 NOTE

Check Details

Version: 0.3.1
Check: installed package size
Result: NOTE
     installed size is 14.6Mb
     sub-directories of 1Mb or more:
     exiftool 14.5Mb
Flavors: r-patched-solaris-x86, r-release-osx-x86_64, r-oldrel-osx-x86_64