Last updated on 2022-07-05 01:52:10 CEST.
Flavor | Version | Tinstall | Tcheck | Ttotal | Status | Flags |
---|---|---|---|---|---|---|
r-devel-linux-x86_64-debian-clang | 0.52 | 54.57 | 233.11 | 287.68 | OK | |
r-devel-linux-x86_64-debian-gcc | 0.52 | 50.04 | 169.51 | 219.55 | OK | |
r-devel-linux-x86_64-fedora-clang | 0.52 | 382.94 | NOTE | |||
r-devel-linux-x86_64-fedora-gcc | 0.52 | 376.85 | OK | |||
r-devel-windows-x86_64 | 0.52 | 82.00 | 295.00 | 377.00 | OK | |
r-patched-linux-x86_64 | 0.52 | 58.23 | 219.16 | 277.39 | OK | |
r-release-linux-x86_64 | 0.52 | 48.79 | 216.21 | 265.00 | OK | |
r-release-macos-arm64 | 0.52 | 91.00 | NOTE | |||
r-release-macos-x86_64 | 0.52 | 181.00 | NOTE | |||
r-release-windows-x86_64 | 0.52 | 92.00 | 290.00 | 382.00 | OK | |
r-oldrel-macos-arm64 | 0.52 | 89.00 | NOTE | |||
r-oldrel-macos-x86_64 | 0.52 | 116.00 | NOTE | |||
r-oldrel-windows-ix86+x86_64 | 0.52 | 356.00 | 371.00 | 727.00 | OK |
Version: 0.52
Check: installed package size
Result: NOTE
installed size is 8.1Mb
sub-directories of 1Mb or more:
libs 6.6Mb
Flavors: r-devel-linux-x86_64-fedora-clang, r-release-macos-arm64, r-release-macos-x86_64, r-oldrel-macos-arm64, r-oldrel-macos-x86_64
Version: 0.52
Check: Rd cross-references
Result: NOTE
Undeclared package ‘quantreg’ in Rd xrefs
Flavor: r-devel-linux-x86_64-fedora-clang