CRAN Package Check Results for Package expectreg

Last updated on 2024-07-20 14:48:30 CEST.

Flavor Version Tinstall Tcheck Ttotal Status Flags
r-devel-linux-x86_64-debian-clang 0.53 52.56 186.97 239.53 OK
r-devel-linux-x86_64-debian-gcc 0.53 42.38 139.30 181.68 OK
r-devel-linux-x86_64-fedora-clang 0.53 322.16 NOTE
r-devel-linux-x86_64-fedora-gcc 0.53 345.91 OK
r-devel-windows-x86_64 0.53 44.00 163.00 207.00 NOTE
r-patched-linux-x86_64 0.53 56.14 177.20 233.34 OK
r-release-linux-x86_64 0.53 57.39 181.67 239.06 OK
r-release-macos-arm64 0.53 80.00 NOTE
r-release-macos-x86_64 0.53 126.00 NOTE
r-release-windows-x86_64 0.53 48.00 161.00 209.00 OK
r-oldrel-macos-arm64 0.53 100.00 NOTE
r-oldrel-macos-x86_64 0.53 185.00 NOTE
r-oldrel-windows-x86_64 0.53 59.00 200.00 259.00 OK

Check Details

Version: 0.53
Check: Rd cross-references
Result: NOTE Undeclared package ‘quantreg’ in Rd xrefs Flavor: r-devel-linux-x86_64-fedora-clang

Version: 0.53
Check: Rd cross-references
Result: NOTE Found the following Rd file(s) with Rd \link{} targets missing package anchors: expectreg-package.Rd: BayesX-package, mboost-package india.bnd.Rd: BayesX-package northger.bnd.Rd: BayesX-package Please provide package anchors for all Rd \link{} targets not in the package itself and the base packages. Flavor: r-devel-windows-x86_64

Version: 0.53
Check: installed package size
Result: NOTE installed size is 10.6Mb sub-directories of 1Mb or more: libs 9.2Mb Flavors: r-release-macos-arm64, r-release-macos-x86_64, r-oldrel-macos-arm64, r-oldrel-macos-x86_64