CRAN Package Check Results for Package explore

Last updated on 2021-05-18 17:48:08 CEST.

Flavor Version Tinstall Tcheck Ttotal Status Flags
r-devel-linux-x86_64-debian-clang 0.7.0 10.69 146.24 156.93 NOTE
r-devel-linux-x86_64-debian-gcc 0.7.0 7.14 106.26 113.40 NOTE
r-devel-linux-x86_64-fedora-clang 0.7.0 187.24 NOTE
r-devel-linux-x86_64-fedora-gcc 0.7.0 176.74 NOTE
r-devel-windows-ix86+x86_64 0.7.0 25.00 173.00 198.00 NOTE
r-devel-windows-x86_64-gcc10-UCRT 0.7.0 NOTE
r-patched-linux-x86_64 0.7.0 9.60 135.52 145.12 NOTE
r-patched-solaris-x86 0.7.0 222.00 NOTE
r-release-linux-x86_64 0.7.0 10.14 133.58 143.72 OK
r-release-macos-x86_64 0.7.0 OK
r-release-windows-ix86+x86_64 0.7.0 15.00 132.00 147.00 OK
r-oldrel-macos-x86_64 0.7.0 OK
r-oldrel-windows-ix86+x86_64 0.7.0 12.00 183.00 195.00 OK

Check Details

Version: 0.7.0
Check: LazyData
Result: NOTE
     'LazyData' is specified without a 'data' directory
Flavors: r-devel-linux-x86_64-debian-clang, r-devel-linux-x86_64-debian-gcc, r-devel-linux-x86_64-fedora-clang, r-devel-linux-x86_64-fedora-gcc, r-devel-windows-ix86+x86_64, r-devel-windows-x86_64-gcc10-UCRT, r-patched-linux-x86_64, r-patched-solaris-x86