CRAN Package Check Results for Package expose

Last updated on 2019-09-21 19:46:53 CEST.

Flavor Version Tinstall Tcheck Ttotal Status Flags
r-devel-linux-x86_64-debian-clang 0.0.3 2.85 30.02 32.87 NOTE
r-devel-linux-x86_64-debian-gcc 0.0.3 2.75 25.14 27.89 NOTE
r-devel-linux-x86_64-fedora-clang 0.0.3 42.15 NOTE
r-devel-linux-x86_64-fedora-gcc 0.0.3 42.02 NOTE
r-devel-windows-ix86+x86_64 0.0.3 17.00 67.00 84.00 NOTE
r-patched-linux-x86_64 0.0.3 2.68 30.96 33.64 OK
r-patched-solaris-x86 0.0.3 65.10 NOTE
r-release-linux-x86_64 0.0.3 3.13 30.98 34.11 OK
r-release-windows-ix86+x86_64 0.0.3 8.00 47.00 55.00 OK
r-release-osx-x86_64 0.0.3 NOTE
r-oldrel-windows-ix86+x86_64 0.0.3 5.00 39.00 44.00 OK
r-oldrel-osx-x86_64 0.0.3 NOTE

Check Details

Version: 0.0.3
Check: package vignettes
Result: NOTE
    Package vignette with placeholder title 'Vignette Title':
     'Vignette.Rmd'
Flavors: r-devel-linux-x86_64-debian-clang, r-devel-linux-x86_64-debian-gcc, r-devel-windows-ix86+x86_64

Version: 0.0.3
Check: dependencies in R code
Result: NOTE
    Namespaces in Imports field not imported from:
     ‘Matrix’ ‘RColorBrewer’ ‘Rcpp’ ‘e1071’ ‘foreach’ ‘gam’ ‘ggplot2’
     ‘glmnet’ ‘nnet’ ‘polspline’ ‘repmis’ ‘splines’ ‘xgboost’
     All declared Imports should be used.
Flavors: r-devel-linux-x86_64-fedora-clang, r-devel-linux-x86_64-fedora-gcc, r-patched-solaris-x86, r-release-osx-x86_64, r-oldrel-osx-x86_64