CRAN Package Check Results for Package expose

Last updated on 2020-02-24 14:48:01 CET.

Flavor Version Tinstall Tcheck Ttotal Status Flags
r-devel-linux-x86_64-debian-clang 0.0.3 3.63 32.29 35.92 NOTE
r-devel-linux-x86_64-debian-gcc 0.0.3 2.64 26.40 29.04 NOTE
r-devel-linux-x86_64-fedora-clang 0.0.3 46.92 NOTE
r-devel-linux-x86_64-fedora-gcc 0.0.3 44.62 NOTE
r-devel-windows-ix86+x86_64 0.0.3 8.00 45.00 53.00 NOTE
r-devel-windows-ix86+x86_64-gcc8 0.0.3 14.00 64.00 78.00 NOTE
r-patched-linux-x86_64 0.0.3 OK
r-patched-solaris-x86 0.0.3 68.50 NOTE
r-release-linux-x86_64 0.0.3 3.18 32.11 35.29 OK
r-release-windows-ix86+x86_64 0.0.3 7.00 42.00 49.00 OK
r-release-osx-x86_64 0.0.3 NOTE
r-oldrel-windows-ix86+x86_64 0.0.3 5.00 44.00 49.00 OK
r-oldrel-osx-x86_64 0.0.3 NOTE

Check Details

Version: 0.0.3
Check: package vignettes
Result: NOTE
    Package vignette with placeholder title 'Vignette Title':
     'Vignette.Rmd'
Flavors: r-devel-linux-x86_64-debian-clang, r-devel-linux-x86_64-debian-gcc, r-devel-windows-ix86+x86_64, r-devel-windows-ix86+x86_64-gcc8

Version: 0.0.3
Check: dependencies in R code
Result: NOTE
    Namespaces in Imports field not imported from:
     ‘Matrix’ ‘RColorBrewer’ ‘Rcpp’ ‘e1071’ ‘foreach’ ‘gam’ ‘ggplot2’
     ‘glmnet’ ‘nnet’ ‘polspline’ ‘repmis’ ‘splines’ ‘xgboost’
     All declared Imports should be used.
Flavors: r-devel-linux-x86_64-fedora-clang, r-devel-linux-x86_64-fedora-gcc, r-patched-solaris-x86, r-release-osx-x86_64, r-oldrel-osx-x86_64