CRAN Package Check Results for Package expp

Last updated on 2019-02-15 22:46:38 CET.

Flavor Version Tinstall Tcheck Ttotal Status Flags
r-devel-linux-x86_64-debian-clang 1.2.4 6.73 98.32 105.05 OK
r-devel-linux-x86_64-debian-gcc 1.2.4 6.73 79.07 85.80 OK
r-devel-linux-x86_64-fedora-clang 1.2.4 134.25 OK
r-devel-linux-x86_64-fedora-gcc 1.2.4 122.08 OK
r-devel-windows-ix86+x86_64 1.2.4 27.00 138.00 165.00 OK
r-patched-linux-x86_64 1.2.4 5.28 90.05 95.33 OK
r-patched-solaris-x86 1.2.4 198.20 OK
r-release-linux-x86_64 1.2.4 6.65 89.96 96.61 OK
r-release-windows-ix86+x86_64 1.2.4 11.00 102.00 113.00 OK
r-release-osx-x86_64 1.2.4 OK
r-oldrel-osx-x86_64 1.2.4 ERROR

Check Details

Version: 1.2.4
Check: whether package can be installed
Result: ERROR
    Installation failed.
Flavor: r-oldrel-osx-x86_64