CRAN Package Check Results for Package exprso

Last updated on 2018-05-25 04:50:18 CEST.

Flavor Version Tinstall Tcheck Ttotal Status Flags
r-devel-linux-x86_64-debian-clang 0.3.6 11.57 127.45 139.02 OK
r-devel-linux-x86_64-debian-gcc 0.3.6 9.79 104.81 114.60 OK
r-devel-linux-x86_64-fedora-clang 0.3.6 177.51 NOTE
r-devel-linux-x86_64-fedora-gcc 0.3.6 181.41 NOTE
r-devel-windows-ix86+x86_64 0.3.6 19.00 166.00 185.00 OK
r-patched-linux-x86_64 0.3.6 9.89 124.59 134.48 OK
r-patched-solaris-x86 0.3.6 211.90 NOTE
r-release-linux-x86_64 0.3.6 10.91 125.66 136.57 OK
r-release-windows-ix86+x86_64 0.3.6 24.00 185.00 209.00 OK
r-release-osx-x86_64 0.3.6 NOTE
r-oldrel-windows-ix86+x86_64 0.3.6 14.00 153.00 167.00 OK
r-oldrel-osx-x86_64 0.2.7 NOTE

Check Details

Version: 0.3.6
Check: dependencies in R code
Result: NOTE
    Namespace in Imports field not imported from: ‘gtools’
     All declared Imports should be used.
Flavors: r-devel-linux-x86_64-fedora-clang, r-devel-linux-x86_64-fedora-gcc, r-patched-solaris-x86, r-release-osx-x86_64

Version: 0.2.7
Check: package dependencies
Result: NOTE
    Packages suggested but not available for checking: ‘edgeR’ ‘GEOquery’
Flavor: r-oldrel-osx-x86_64