CRAN Package Check Results for Package exprso

Last updated on 2019-01-24 09:49:34 CET.

Flavor Version Tinstall Tcheck Ttotal Status Flags
r-devel-linux-x86_64-debian-clang 0.4.7 12.40 130.48 142.88 NOTE
r-devel-linux-x86_64-debian-gcc 0.4.7 10.98 99.24 110.22 NOTE
r-devel-linux-x86_64-fedora-clang 0.4.7 170.48 NOTE
r-devel-linux-x86_64-fedora-gcc 0.4.7 168.04 NOTE
r-devel-windows-ix86+x86_64 0.4.7 24.00 190.00 214.00 OK
r-patched-linux-x86_64 0.4.7 9.52 118.52 128.04 NOTE
r-patched-solaris-x86 0.4.7 211.10 NOTE
r-release-linux-x86_64 0.4.7 9.11 118.64 127.75 NOTE
r-release-windows-ix86+x86_64 0.4.7 15.00 144.00 159.00 OK
r-release-osx-x86_64 0.4.7 OK
r-oldrel-windows-ix86+x86_64 0.4.7 12.00 199.00 211.00 OK
r-oldrel-osx-x86_64 0.4.7 OK

Check Details

Version: 0.4.7
Check: package dependencies
Result: NOTE
    Packages suggested but not available for checking: 'mRMRe', 'pathClass'
Flavors: r-devel-linux-x86_64-debian-clang, r-devel-linux-x86_64-debian-gcc, r-devel-linux-x86_64-fedora-clang, r-devel-linux-x86_64-fedora-gcc

Version: 0.4.7
Check: package dependencies
Result: NOTE
    Packages suggested but not available for checking: ‘mRMRe’ ‘pathClass’
Flavors: r-patched-linux-x86_64, r-patched-solaris-x86, r-release-linux-x86_64