CRAN Package Check Results for Package exprso

Last updated on 2018-02-23 08:48:34 CET.

Flavor Version Tinstall Tcheck Ttotal Status Flags
r-devel-linux-x86_64-debian-clang 0.2.7 11.37 118.28 129.65 OK
r-devel-linux-x86_64-debian-gcc 0.2.7 9.46 96.45 105.91 OK
r-devel-linux-x86_64-fedora-clang 0.2.7 154.78 NOTE
r-devel-linux-x86_64-fedora-gcc 0.2.7 153.30 NOTE
r-devel-windows-ix86+x86_64 0.2.7 24.00 191.00 215.00 OK
r-patched-linux-x86_64 0.2.7 4.09 139.09 143.18 OK
r-patched-solaris-x86 0.2.7 190.00 OK
r-release-linux-x86_64 0.2.7 3.76 135.51 139.27 OK
r-release-windows-ix86+x86_64 0.2.7 14.00 186.00 200.00 OK
r-release-osx-x86_64 0.2.7 NOTE
r-oldrel-windows-ix86+x86_64 0.2.7 8.00 138.00 146.00 OK
r-oldrel-osx-x86_64 0.2.7 OK

Check Details

Version: 0.2.7
Check: package dependencies
Result: NOTE
    Packages suggested but not available for checking:
     ‘Biobase’ ‘edgeR’ ‘GEOquery’ ‘limma’ ‘pathClass’
Flavors: r-devel-linux-x86_64-fedora-clang, r-devel-linux-x86_64-fedora-gcc

Version: 0.2.7
Check: package dependencies
Result: NOTE
    Packages suggested but not available for checking: ‘edgeR’ ‘GEOquery’
Flavor: r-release-osx-x86_64