CRAN Package Check Results for Package expss

Last updated on 2018-11-21 15:47:22 CET.

Flavor Version Tinstall Tcheck Ttotal Status Flags
r-devel-linux-x86_64-debian-clang 0.8.8 10.08 329.88 339.96 OK
r-devel-linux-x86_64-debian-gcc 0.8.8 9.24 157.48 166.72 OK
r-devel-linux-x86_64-fedora-clang 0.8.8 287.26 OK
r-devel-linux-x86_64-fedora-gcc 0.8.8 228.81 OK
r-devel-windows-ix86+x86_64 0.8.8 28.00 286.00 314.00 OK
r-patched-linux-x86_64 0.8.8 12.35 195.44 207.79 OK
r-patched-solaris-x86 0.8.8 252.40 OK
r-release-linux-x86_64 0.8.8 12.90 194.44 207.34 OK
r-release-windows-ix86+x86_64 0.8.8 19.00 259.00 278.00 OK
r-release-osx-x86_64 0.8.8 OK
r-oldrel-windows-ix86+x86_64 0.8.8 16.00 241.00 257.00 WARN
r-oldrel-osx-x86_64 0.8.8 WARN

Check Details

Version: 0.8.8
Check: re-building of vignette outputs
Result: WARN
    Error in re-building vignettes:
     ...
    
    Use 'expss_output_rnotebook()' to display tables inside R Notebooks.
     To return to the console output, use 'expss_output_default()'.
    
    Quitting from lines 58-59 (xlsx-export.Rmd)
    Error: processing vignette 'xlsx-export.Rmd' failed with diagnostics:
    the first argument must be of mode character
    Execution halted
Flavor: r-oldrel-windows-ix86+x86_64

Version: 0.8.8
Check: re-building of vignette outputs
Result: WARN
    Error in re-building vignettes:
     ...
    Warning in engine$weave(file, quiet = quiet, encoding = enc) :
     Pandoc (>= 1.12.3) and/or pandoc-citeproc not available. Falling back to R Markdown v1.
    Warning in engine$weave(file, quiet = quiet, encoding = enc) :
     Pandoc (>= 1.12.3) and/or pandoc-citeproc not available. Falling back to R Markdown v1.
    Warning in engine$weave(file, quiet = quiet, encoding = enc) :
     Pandoc (>= 1.12.3) and/or pandoc-citeproc not available. Falling back to R Markdown v1.
    Quitting from lines 58-59 (xlsx-export.Rmd)
    Error: processing vignette 'xlsx-export.Rmd' failed with diagnostics:
    the first argument must be of mode character
    Execution halted
Flavor: r-oldrel-osx-x86_64