CRAN Package Check Results for Package exsic

Last updated on 2018-05-20 20:47:48 CEST.

Flavor Version Tinstall Tcheck Ttotal Status Flags
r-devel-linux-x86_64-debian-clang 1.1.1 2.24 24.13 26.37 NOTE
r-devel-linux-x86_64-debian-gcc 1.1.1 1.52 18.90 20.42 NOTE
r-devel-linux-x86_64-fedora-clang 1.1.1 31.20 NOTE
r-devel-linux-x86_64-fedora-gcc 1.1.1 30.06 NOTE
r-devel-windows-ix86+x86_64 1.1.1 5.00 33.00 38.00 NOTE
r-patched-linux-x86_64 1.1.1 2.21 23.16 25.37 NOTE
r-patched-solaris-x86 1.1.1 47.30 NOTE
r-release-linux-x86_64 1.1.1 2.01 22.87 24.88 NOTE
r-release-windows-ix86+x86_64 1.1.1 4.00 36.00 40.00 NOTE
r-release-osx-x86_64 1.1.1 NOTE
r-oldrel-windows-ix86+x86_64 1.1.1 3.00 38.00 41.00 NOTE
r-oldrel-osx-x86_64 1.1.1 NOTE

Check Details

Version: 1.1.1
Check: R code for possible problems
Result: NOTE
    index.citations: no visible global function definition for
     ‘txtProgressBar’
    read.exsic: no visible global function definition for ‘read.csv’
    update.pb: no visible global function definition for
     ‘setTxtProgressBar’
    Undefined global functions or variables:
     read.csv setTxtProgressBar txtProgressBar
    Consider adding
     importFrom("utils", "read.csv", "setTxtProgressBar", "txtProgressBar")
    to your NAMESPACE file.
Flavors: r-devel-linux-x86_64-debian-clang, r-devel-linux-x86_64-debian-gcc, r-devel-linux-x86_64-fedora-clang, r-devel-linux-x86_64-fedora-gcc, r-devel-windows-ix86+x86_64, r-patched-linux-x86_64, r-patched-solaris-x86, r-release-linux-x86_64, r-release-windows-ix86+x86_64, r-release-osx-x86_64, r-oldrel-windows-ix86+x86_64, r-oldrel-osx-x86_64