CRAN Package Check Results for Package exsic

Last updated on 2018-08-20 01:46:23 CEST.

Flavor Version Tinstall Tcheck Ttotal Status Flags
r-devel-linux-x86_64-debian-clang 1.1.1 1.51 25.02 26.53 NOTE
r-devel-linux-x86_64-debian-gcc 1.1.1 1.78 20.00 21.78 NOTE
r-devel-linux-x86_64-fedora-clang 1.1.1 31.98 NOTE
r-devel-linux-x86_64-fedora-gcc 1.1.1 30.08 NOTE
r-devel-windows-ix86+x86_64 1.1.1 7.00 50.00 57.00 NOTE
r-patched-linux-x86_64 1.1.1 1.99 23.38 25.37 NOTE
r-patched-solaris-x86 1.1.1 47.40 NOTE
r-release-linux-x86_64 1.1.1 1.40 23.05 24.45 NOTE
r-release-windows-ix86+x86_64 1.1.1 6.00 36.00 42.00 NOTE
r-release-osx-x86_64 1.1.1 NOTE
r-oldrel-windows-ix86+x86_64 1.1.1 3.00 46.00 49.00 NOTE
r-oldrel-osx-x86_64 1.1.1 NOTE

Check Details

Version: 1.1.1
Check: R code for possible problems
Result: NOTE
    index.citations: no visible global function definition for
     ‘txtProgressBar’
    read.exsic: no visible global function definition for ‘read.csv’
    update.pb: no visible global function definition for
     ‘setTxtProgressBar’
    Undefined global functions or variables:
     read.csv setTxtProgressBar txtProgressBar
    Consider adding
     importFrom("utils", "read.csv", "setTxtProgressBar", "txtProgressBar")
    to your NAMESPACE file.
Flavors: r-devel-linux-x86_64-debian-clang, r-devel-linux-x86_64-debian-gcc, r-devel-linux-x86_64-fedora-clang, r-devel-linux-x86_64-fedora-gcc, r-devel-windows-ix86+x86_64, r-patched-linux-x86_64, r-patched-solaris-x86, r-release-linux-x86_64, r-release-windows-ix86+x86_64, r-release-osx-x86_64, r-oldrel-windows-ix86+x86_64, r-oldrel-osx-x86_64