CRAN Package Check Results for Package extendedFamily

Last updated on 2022-12-10 09:53:59 CET.

Flavor Version Tinstall Tcheck Ttotal Status Flags
r-devel-linux-x86_64-debian-clang 0.2.1 2.35 25.11 27.46 OK
r-devel-linux-x86_64-debian-gcc 0.2.1 1.76 20.15 21.91 OK
r-devel-linux-x86_64-fedora-clang 0.2.1 44.61 NOTE
r-devel-linux-x86_64-fedora-gcc 0.2.1 43.23 NOTE
r-devel-windows-x86_64 0.2.1 17.00 54.00 71.00 OK
r-patched-linux-x86_64 0.2.1 2.23 24.72 26.95 OK
r-release-linux-x86_64 0.2.1 1.84 24.75 26.59 OK
r-release-macos-arm64 0.2.1 18.00 NOTE
r-release-macos-x86_64 0.2.1 21.00 NOTE
r-release-windows-x86_64 0.2.1 15.00 53.00 68.00 OK
r-oldrel-macos-arm64 0.2.1 22.00 NOTE
r-oldrel-macos-x86_64 0.2.1 21.00 NOTE
r-oldrel-windows-ix86+x86_64 0.2.1 5.00 48.00 53.00 OK

Check Details

Version: 0.2.1
Check: dependencies in R code
Result: NOTE
    Namespace in Imports field not imported from: ‘numDeriv’
     All declared Imports should be used.
Flavors: r-devel-linux-x86_64-fedora-clang, r-devel-linux-x86_64-fedora-gcc, r-release-macos-arm64, r-release-macos-x86_64, r-oldrel-macos-arm64, r-oldrel-macos-x86_64