CRAN Package Check Results for Package extrafontdb

Last updated on 2024-04-24 02:52:58 CEST.

Flavor Version Tinstall Tcheck Ttotal Status Flags
r-devel-linux-x86_64-debian-clang 1.0 1.61 18.37 19.98 NOTE
r-devel-linux-x86_64-debian-gcc 1.0 1.35 14.39 15.74 NOTE
r-devel-linux-x86_64-fedora-clang 1.0 25.86 NOTE
r-devel-linux-x86_64-fedora-gcc 1.0 24.11 NOTE
r-prerel-macos-arm64 1.0 13.00 NOTE
r-prerel-windows-x86_64 1.0 3.00 32.00 35.00 NOTE
r-patched-linux-x86_64 1.0 1.37 17.47 18.84 NOTE
r-release-linux-x86_64 1.0 1.61 17.43 19.04 NOTE
r-release-macos-arm64 1.0 15.00 NOTE
r-release-macos-x86_64 1.0 18.00 NOTE
r-release-windows-x86_64 1.0 3.00 32.00 35.00 NOTE
r-oldrel-macos-arm64 1.0 14.00 NOTE
r-oldrel-windows-x86_64 1.0 4.00 39.00 43.00 NOTE

Check Details

Version: 1.0
Check: DESCRIPTION meta-information
Result: NOTE Malformed Description field: should contain one or more complete sentences. Flavors: r-devel-linux-x86_64-debian-clang, r-devel-linux-x86_64-debian-gcc, r-devel-linux-x86_64-fedora-clang, r-devel-linux-x86_64-fedora-gcc, r-prerel-macos-arm64, r-prerel-windows-x86_64, r-patched-linux-x86_64, r-release-linux-x86_64, r-release-macos-arm64, r-release-macos-x86_64, r-release-windows-x86_64, r-oldrel-macos-arm64, r-oldrel-windows-x86_64