CRAN Package Check Results for Package extremeStat

Last updated on 2018-10-24 03:55:21 CEST.

Flavor Version Tinstall Tcheck Ttotal Status Flags
r-devel-linux-x86_64-debian-clang 1.4.0 9.36 159.16 168.52 OK
r-devel-linux-x86_64-debian-gcc 1.4.0 8.43 124.95 133.38 OK
r-devel-linux-x86_64-fedora-clang 1.4.0 194.55 OK
r-devel-linux-x86_64-fedora-gcc 1.4.0 191.36 OK
r-devel-windows-ix86+x86_64 1.4.0 26.00 213.00 239.00 ERROR
r-patched-linux-x86_64 1.4.0 7.90 135.09 142.99 OK
r-patched-solaris-x86 1.4.0 236.70 OK
r-release-linux-x86_64 1.4.0 8.27 134.35 142.62 OK
r-release-windows-ix86+x86_64 1.4.0 30.00 198.00 228.00 OK
r-release-osx-x86_64 1.4.0 OK
r-oldrel-windows-ix86+x86_64 1.4.0 15.00 251.00 266.00 OK
r-oldrel-osx-x86_64 1.4.0 OK

Check Details

Version: 1.4.0
Check: examples
Result: ERROR
    Running examples in 'extremeStat-Ex.R' failed
    The error most likely occurred in:
    
    > ### Name: q_weighted
    > ### Title: Compute weighted averages of quantile estimates
    > ### Aliases: q_weighted
    > ### Keywords: distribution
    >
    > ### ** Examples
    >
    > x <- data.frame(A=1:5, RMSE=runif(5))
    > distLweights(x, onlydn=FALSE)
     RMSE weight1 weight2 weight3 weightc
    5 0.2016819 0.28125961 0.3181598 0.3747534 0
    1 0.2655087 0.26149334 0.2894176 0.3408986 0
    2 0.3721239 0.22847605 0.2414071 0.2843480 0
    3 0.5728534 0.16631286 0.1510154 0.0000000 0
    4 0.9082078 0.06245815 0.0000000 0.0000000 0
    >
    > q_weighted(x, onlydn=FALSE)
    Error in `[[<-.data.frame`(`*tmp*`, i, value = c(1L, 2L, 3L, 4L, 5L, NA :
     replacement has 6 rows, data has 5
    Calls: q_weighted ... [<-.data.frame -> xpdrows.data.frame -> [[<- -> [[<-.data.frame
    Execution halted
Flavor: r-devel-windows-ix86+x86_64