CRAN Package Check Results for Package exuber

Last updated on 2019-12-08 23:47:22 CET.

Flavor Version Tinstall Tcheck Ttotal Status Flags
r-devel-linux-x86_64-debian-clang 0.3.0 36.50 159.99 196.49 OK
r-devel-linux-x86_64-debian-gcc 0.3.0 26.06 132.00 158.06 OK
r-devel-linux-x86_64-fedora-clang 0.3.0 238.37 OK
r-devel-linux-x86_64-fedora-gcc 0.3.0 241.63 OK
r-devel-windows-ix86+x86_64 0.3.0 70.00 320.00 390.00 OK
r-devel-windows-ix86+x86_64-gcc8 0.3.0 118.00 238.00 356.00 NOTE
r-patched-linux-x86_64 0.3.0 29.93 155.98 185.91 OK
r-patched-solaris-x86 0.3.0 313.40 OK
r-release-linux-x86_64 0.3.0 31.38 157.00 188.38 OK
r-release-windows-ix86+x86_64 0.3.0 69.00 223.00 292.00 OK
r-release-osx-x86_64 0.3.0 OK
r-oldrel-windows-ix86+x86_64 0.3.0 63.00 207.00 270.00 OK
r-oldrel-osx-x86_64 0.3.0 OK

Check Details

Version: 0.3.0
Check: installed package size
Result: NOTE
     installed size is 5.1Mb
     sub-directories of 1Mb or more:
     data 2.5Mb
     libs 2.1Mb
Flavor: r-devel-windows-ix86+x86_64-gcc8