CRAN Package Check Results for Package exuber

Last updated on 2020-07-05 14:48:12 CEST.

Flavor Version Tinstall Tcheck Ttotal Status Flags
r-devel-linux-x86_64-debian-clang 0.4.1 38.09 176.06 214.15 NOTE
r-devel-linux-x86_64-debian-gcc 0.4.1 30.43 137.09 167.52 NOTE
r-devel-linux-x86_64-fedora-clang 0.4.1 264.75 NOTE
r-devel-linux-x86_64-fedora-gcc 0.4.1 263.57 NOTE
r-devel-windows-ix86+x86_64 0.4.1 118.00 380.00 498.00 NOTE
r-patched-linux-x86_64 0.4.1 30.45 177.46 207.91 NOTE
r-patched-solaris-x86 0.4.1 311.30 NOTE
r-release-linux-x86_64 0.4.1 32.92 178.93 211.85 NOTE
r-release-osx-x86_64 0.4.1 NOTE
r-release-windows-ix86+x86_64 0.4.1 90.00 238.00 328.00 NOTE
r-oldrel-osx-x86_64 0.4.1 NOTE
r-oldrel-windows-ix86+x86_64 0.4.1 82.00 342.00 424.00 NOTE

Check Details

Version: 0.4.1
Check: package dependencies
Result: NOTE
    Package suggested but not available for checking: 'exuberdata'
Flavors: r-devel-linux-x86_64-debian-clang, r-devel-linux-x86_64-debian-gcc, r-devel-linux-x86_64-fedora-clang, r-devel-linux-x86_64-fedora-gcc, r-devel-windows-ix86+x86_64, r-patched-linux-x86_64, r-patched-solaris-x86, r-release-linux-x86_64, r-release-osx-x86_64, r-release-windows-ix86+x86_64, r-oldrel-osx-x86_64, r-oldrel-windows-ix86+x86_64