CRAN Package Check Results for Package exuber

Last updated on 2021-04-22 18:48:34 CEST.

Flavor Version Tinstall Tcheck Ttotal Status Flags
r-devel-linux-x86_64-debian-clang 0.4.2 36.00 165.27 201.27 WARN
r-devel-linux-x86_64-debian-gcc 0.4.2 26.81 129.60 156.41 NOTE
r-devel-linux-x86_64-fedora-clang 0.4.2 273.58 NOTE
r-devel-linux-x86_64-fedora-gcc 0.4.2 251.76 NOTE
r-devel-windows-ix86+x86_64 0.4.2 96.00 284.00 380.00 WARN
r-devel-windows-x86_64-gcc10-UCRT 0.4.2 WARN
r-patched-linux-x86_64 0.4.2 33.93 166.50 200.43 NOTE
r-patched-solaris-x86 0.4.2 306.40 NOTE
r-release-linux-x86_64 0.4.2 32.74 167.89 200.63 NOTE
r-release-macos-x86_64 0.4.2 NOTE
r-release-windows-ix86+x86_64 0.4.2 96.00 287.00 383.00 NOTE
r-oldrel-macos-x86_64 0.4.2 NOTE
r-oldrel-windows-ix86+x86_64 0.4.2 95.00 275.00 370.00 NOTE

Check Details

Version: 0.4.2
Check: package dependencies
Result: NOTE
    Package suggested but not available for checking: 'exuberdata'
Flavors: r-devel-linux-x86_64-debian-clang, r-devel-linux-x86_64-debian-gcc, r-devel-linux-x86_64-fedora-clang, r-devel-linux-x86_64-fedora-gcc, r-devel-windows-ix86+x86_64, r-devel-windows-x86_64-gcc10-UCRT, r-patched-linux-x86_64, r-patched-solaris-x86, r-release-linux-x86_64, r-release-macos-x86_64, r-release-windows-ix86+x86_64, r-oldrel-macos-x86_64, r-oldrel-windows-ix86+x86_64

Version: 0.4.2
Check: PDF version of manual
Result: WARN
    LaTeX errors when creating PDF version.
    This typically indicates Rd problems.
    LaTeX errors found:
    ! Argument of \UTFviii@three@octets@combine has an extra }.
    <inserted text>
     \par
    l.58 ...mon Spavound; Enrique Martínez-García}}}{}
     \Rdcontents{\R{} topics do...
    ! Paragraph ended before \UTFviii@three@octets@combine was complete.
    <to be read again>
     \par
    l.58 ...mon Spavound; Enrique Martínez-García}}}{}
     \Rdcontents{\R{} topics do...
    ! Paragraph ended before \def was complete.
    <to be read again>
     \par
    l.58 ...mon Spavound; Enrique Martínez-García}}}{}
     \Rdcontents{\R{} topics do...
    ! Paragraph ended before \def was complete.
    <to be read again>
     \par
    l.58 ...mon Spavound; Enrique Martínez-García}}}{}
     \Rdcontents{\R{} topics do...
    ! Paragraph ended before \def was complete.
    <to be read again>
     \par
    l.58 ...mon Spavound; Enrique Martínez-García}}}{}
     \Rdcontents{\R{} topics do...
    ! Paragraph ended before \def was complete.
    <to be read again>
     \par
    l.58 ...mon Spavound; Enrique Martínez-García}}}{}
     \Rdcontents{\R{} topics do...
    ! Paragraph ended before \def was complete.
    <to be read again>
     \par
    l.58 ...mon Spavound; Enrique Martínez-García}}}{}
     \Rdcontents{\R{} topics do...
    ! Paragraph ended before \def was complete.
    <to be read again>
     \par
    l.58 ...mon Spavound; Enrique Martínez-García}}}{}
     \Rdcontents{\R{} topics do...
    ! Paragraph ended before \def was complete.
    <to be read again>
     \par
    l.58 ...mon Spavound; Enrique Martínez-García}}}{}
     \Rdcontents{\R{} topics do...
    ! Paragraph ended before \def was complete.
    <to be read again>
     \par
    l.58 ...mon Spavound; Enrique Martínez-García}}}{}
     \Rdcontents{\R{} topics do...
    ! Paragraph ended before \def was complete.
    <to be read again>
     \par
    l.58 ...mon Spavound; Enrique Martínez-García}}}{}
     \Rdcontents{\R{} topics do...
    ! Paragraph ended before \def was complete.
    <to be read again>
     \par
    l.58 ...mon Spavound; Enrique Martínez-García}}}{}
     \Rdcontents{\R{} topics do...
    ! Paragraph ended before \def was complete.
    <to be read again>
     \par
    l.58 ...mon Spavound; Enrique Martínez-García}}}{}
     \Rdcontents{\R{} topics do...
    ! Paragraph ended before \def was complete.
    <to be read again>
     \par
    l.58 ...mon Spavound; Enrique Martínez-García}}}{}
     \Rdcontents{\R{} topics do...
    ! Paragraph ended before \def was complete.
    <to be read again>
     \par
    l.58 ...mon Spavound; Enrique Martínez-García}}}{}
     \Rdcontents{\R{} topics do...
    ! Paragraph ended before \def was complete.
    <to be read again>
     \par
    l.58 ...mon Spavound; Enrique Martínez-García}}}{}
     \Rdcontents{\R{} topics do...
    ! Paragraph ended before \def was complete.
    <to be read again>
     \par
    l.58 ...mon Spavound; Enrique Martínez-García}}}{}
     \Rdcontents{\R{} topics do...
    ! Paragraph ended before \def was complete.
    <to be read again>
     \par
    l.58 ...mon Spavound; Enrique Martínez-García}}}{}
     \Rdcontents{\R{} topics do...
    ! Paragraph ended before \def was complete.
    <to be read again>
     \par
    l.58 ...mon Spavound; Enrique Martínez-García}}}{}
     \Rdcontents{\R{} topics do...
    ! Paragraph ended before \def was complete.
    <to be read again>
     \par
    l.58 ...mon Spavound; Enrique Martínez-García}}}{}
     \Rdcontents{\R{} topics do...
    ! Paragraph ended before \def was complete.
    <to be read again>
     \par
    l.58 ...mon Spavound; Enrique Martínez-García}}}{}
     \Rdcontents{\R{} topics do...
    ! Paragraph ended before \def was complete.
    <to be read again>
     \par
    l.58 ...mon Spavound; Enrique Martínez-García}}}{}
     \Rdcontents{\R{} topics do...
    ! Paragraph ended before \def was complete.
    <to be read again>
     \par
    l.58 ...mon Spavound; Enrique Martínez-García}}}{}
     \Rdcontents{\R{} topics do...
    ! Paragraph ended before \def was complete.
    <to be read again>
     \par
    l.58 ...mon Spavound; Enrique Martínez-García}}}{}
     \Rdcontents{\R{} topics do...
    ! Paragraph ended before \def was complete.
    <to be read again>
     \par
    l.58 ...mon Spavound; Enrique Martínez-García}}}{}
     \Rdcontents{\R{} topics do...
    ! Paragraph ended before \def was complete.
    <to be read again>
     \par
    l.58 ...mon Spavound; Enrique Martínez-García}}}{}
     \Rdcontents{\R{} topics do...
    ! Paragraph ended before \def was complete.
    <to be read again>
     \par
    l.58 ...mon Spavound; Enrique Martínez-García}}}{}
     \Rdcontents{\R{} topics do...
    ! Paragraph ended before \def was complete.
    <to be read again>
     \par
    l.58 ...mon Spavound; Enrique Martínez-García}}}{}
     \Rdcontents{\R{} topics do...
    ! Paragraph ended before \def was complete.
    <to be read again>
     \par
    l.58 ...mon Spavound; Enrique Martínez-García}}}{}
     \Rdcontents{\R{} topics do...
    ! Paragraph ended before \def was complete.
    <to be read again>
     \par
    l.58 ...mon Spavound; Enrique Martínez-García}}}{}
     \Rdcontents{\R{} topics do...
    ! Paragraph ended before \def was complete.
    <to be read again>
     \par
    l.58 ...mon Spavound; Enrique Martínez-García}}}{}
     \Rdcontents{\R{} topics do...
    ! Paragraph ended before \def was complete.
    <to be read again>
     \par
    l.58 ...mon Spavound; Enrique Martínez-García}}}{}
     \Rdcontents{\R{} topics do...
    ! Paragraph ended before \def was complete.
    <to be read again>
     \par
    l.58 ...mon Spavound; Enrique Martínez-García}}}{}
     \Rdcontents{\R{} topics do...
    ! Paragraph ended before \def was complete.
    <to be read again>
     \par
    l.58 ...mon Spavound; Enrique Martínez-García}}}{}
     \Rdcontents{\R{} topics do...
    ! Paragraph ended before \def was complete.
    <to be read again>
     \par
    l.58 ...mon Spavound; Enrique Martínez-García}}}{}
     \Rdcontents{\R{} topics do...
    ! Paragraph ended before \def was complete.
    <to be read again>
     \par
    l.58 ...mon Spavound; Enrique Martínez-García}}}{}
     \Rdcontents{\R{} topics do...
    ! Paragraph ended before \def was complete.
    <to be read again>
     \par
    l.58 ...mon Spavound; Enrique Martínez-García}}}{}
     \Rdcontents{\R{} topics do...
    ! Paragraph ended before \def was complete.
    <to be read again>
     \par
    l.58 ...mon Spavound; Enrique Martínez-García}}}{}
     \Rdcontents{\R{} topics do...
    ! Paragraph ended before \def was complete.
    <to be read again>
     \par
    l.58 ...mon Spavound; Enrique Martínez-García}}}{}
     \Rdcontents{\R{} topics do...
    ! Paragraph ended before \def was complete.
    <to be read again>
     \par
    l.58 ...mon Spavound; Enrique Martínez-García}}}{}
     \Rdcontents{\R{} topics do...
    ! Paragraph ended before \def was complete.
    <to be read again>
     \par
    l.58 ...mon Spavound; Enrique Martínez-García}}}{}
     \Rdcontents{\R{} topics do...
    ! Paragraph ended before \def was complete.
    <to be read again>
     \par
    l.58 ...mon Spavound; Enrique Martínez-García}}}{}
     \Rdcontents{\R{} topics do...
    ! Paragraph ended before \def was complete.
    <to be read again>
     \par
    l.58 ...mon Spavound; Enrique Martínez-García}}}{}
     \Rdcontents{\R{} topics do...
    ! Paragraph ended before \def was complete.
    <to be read again>
     \par
    l.58 ...mon Spavound; Enrique Martínez-García}}}{}
     \Rdcontents{\R{} topics do...
    ! Paragraph ended before \def was complete.
    <to be read again>
     \par
    l.58 ...mon Spavound; Enrique Martínez-García}}}{}
     \Rdcontents{\R{} topics do...
    ! Paragraph ended before \def was complete.
    <to be read again>
     \par
    l.58 ...mon Spavound; Enrique Martínez-García}}}{}
     \Rdcontents{\R{} topics do...
    ! Paragraph ended before \def was complete.
    <to be read again>
     \par
    l.58 ...mon Spavound; Enrique Martínez-García}}}{}
     \Rdcontents{\R{} topics do...
    ! Paragraph ended before \def was complete.
    <to be read again>
     \par
    l.58 ...mon Spavound; Enrique Martínez-García}}}{}
     \Rdcontents{\R{} topics do...
    ! Paragraph ended before \def was complete.
    <to be read again>
     \par
    l.58 ...mon Spavound; Enrique Martínez-García}}}{}
     \Rdcontents{\R{} topics do...
    ! Paragraph ended before \def was complete.
    <to be read again>
     \par
    l.58 ...mon Spavound; Enrique Martínez-García}}}{}
     \Rdcontents{\R{} topics do...
    ! Paragraph ended before \def was complete.
    <to be read again>
     \par
    l.58 ...mon Spavound; Enrique Martínez-García}}}{}
     \Rdcontents{\R{} topics do...
    ! Paragraph ended before \def was complete.
    <to be read again>
     \par
    l.58 ...mon Spavound; Enrique Martínez-García}}}{}
     \Rdcontents{\R{} topics do...
    ! Paragraph ended before \def was complete.
    <to be read again>
     \par
    l.58 ...mon Spavound; Enrique Martínez-García}}}{}
     \Rdcontents{\R{} topics do...
    ! Paragraph ended before \def was complete.
    <to be read again>
     \par
    l.58 ...mon Spavound; Enrique Martínez-García}}}{}
     \Rdcontents{\R{} topics do...
    ! Paragraph ended before \def was complete.
    <to be read again>
     \par
    l.58 ...mon Spavound; Enrique Martínez-García}}}{}
     \Rdcontents{\R{} topics do...
    ! Paragraph ended before \def was complete.
    <to be read again>
     \par
    l.58 ...mon Spavound; Enrique Martínez-García}}}{}
     \Rdcontents{\R{} topics do...
    ! Paragraph ended before \def was complete.
    <to be read again>
     \par
    l.58 ...mon Spavound; Enrique Martínez-García}}}{}
     \Rdcontents{\R{} topics do...
    ! Paragraph ended before \def was complete.
    <to be read again>
     \par
    l.58 ...mon Spavound; Enrique Martínez-García}}}{}
     \Rdcontents{\R{} topics do...
    ! Paragraph ended before \def was complete.
    <to be read again>
     \par
    l.58 ...mon Spavound; Enrique Martínez-García}}}{}
     \Rdcontents{\R{} topics do...
    ! Paragraph ended before \def was complete.
    <to be read again>
     \par
    l.58 ...mon Spavound; Enrique Martínez-García}}}{}
     \Rdcontents{\R{} topics do...
    ! Paragraph ended before \def was complete.
    <to be read again>
     \par
    l.58 ...mon Spavound; Enrique Martínez-García}}}{}
     \Rdcontents{\R{} topics do...
    ! Paragraph ended before \def was complete.
    <to be read again>
     \par
    l.58 ...mon Spavound; Enrique Martínez-García}}}{}
     \Rdcontents{\R{} topics do...
    ! Paragraph ended before \def was complete.
    <to be read again>
     \par
    l.58 ...mon Spavound; Enrique Martínez-García}}}{}
     \Rdcontents{\R{} topics do...
    ! Paragraph ended before \def was complete.
    <to be read again>
     \par
    l.58 ...mon Spavound; Enrique Martínez-García}}}{}
     \Rdcontents{\R{} topics do...
    ! Paragraph ended before \def was complete.
    <to be read again>
     \par
    l.58 ...mon Spavound; Enrique Martínez-García}}}{}
     \Rdcontents{\R{} topics do...
    ! Paragraph ended before \def was complete.
    <to be read again>
     \par
    l.58 ...mon Spavound; Enrique Martínez-García}}}{}
     \Rdcontents{\R{} topics do...
    ! Paragraph ended before \def was complete.
    <to be read again>
     \par
    l.58 ...mon Spavound; Enrique Martínez-García}}}{}
     \Rdcontents{\R{} topics do...
    ! Paragraph ended before \def was complete.
    <to be read again>
     \par
    l.58 ...mon Spavound; Enrique Martínez-García}}}{}
     \Rdcontents{\R{} topics do...
    ! Paragraph ended before \def was complete.
    <to be read again>
     \par
    l.58 ...mon Spavound; Enrique Martínez-García}}}{}
     \Rdcontents{\R{} topics do...
    ! Paragraph ended before \def was complete.
    <to be read again>
     \par
    l.58 ...mon Spavound; Enrique Martínez-García}}}{}
     \Rdcontents{\R{} topics do...
    ! Paragraph ended before \def was complete.
    <to be read again>
     \par
    l.58 ...mon Spavound; Enrique Martínez-García}}}{}
     \Rdcontents{\R{} topics do...
    ! Paragraph ended before \def was complete.
    <to be read again>
     \par
    l.58 ...mon Spavound; Enrique Martínez-García}}}{}
     \Rdcontents{\R{} topics do...
    ! Paragraph ended before \def was complete.
    <to be read again>
     \par
    l.58 ...mon Spavound; Enrique Martínez-García}}}{}
     \Rdcontents{\R{} topics do...
    ! Paragraph ended before \def was complete.
    <to be read again>
     \par
    l.58 ...mon Spavound; Enrique Martínez-García}}}{}
     \Rdcontents{\R{} topics do...
    ! Paragraph ended before \def was complete.
    <to be read again>
     \par
    l.58 ...mon Spavound; Enrique Martínez-García}}}{}
     \Rdcontents{\R{} topics do...
    ! Paragraph ended before \def was complete.
    <to be read again>
     \par
    l.58 ...mon Spavound; Enrique Martínez-García}}}{}
     \Rdcontents{\R{} topics do...
    ! Paragraph ended before \def was complete.
    <to be read again>
     \par
    l.58 ...mon Spavound; Enrique Martínez-García}}}{}
     \Rdcontents{\R{} topics do...
    ! Paragraph ended before \def was complete.
    <to be read again>
     \par
    l.58 ...mon Spavound; Enrique Martínez-García}}}{}
     \Rdcontents{\R{} topics do...
    ! Paragraph ended before \def was complete.
    <to be read again>
     \par
    l.58 ...mon Spavound; Enrique Martínez-García}}}{}
     \Rdcontents{\R{} topics do...
    ! Paragraph ended before \def was complete.
    <to be read again>
     \par
    l.58 ...mon Spavound; Enrique Martínez-García}}}{}
     \Rdcontents{\R{} topics do...
    ! Paragraph ended before \def was complete.
    <to be read again>
     \par
    l.58 ...mon Spavound; Enrique Martínez-García}}}{}
     \Rdcontents{\R{} topics do...
    ! Paragraph ended before \def was complete.
    <to be read again>
     \par
    l.58 ...mon Spavound; Enrique Martínez-García}}}{}
     \Rdcontents{\R{} topics do...
    ! Paragraph ended before \def was complete.
    <to be read again>
     \par
    l.58 ...mon Spavound; Enrique Martínez-García}}}{}
     \Rdcontents{\R{} topics do...
    ! Paragraph ended before \def was complete.
    <to be read again>
     \par
    l.58 ...mon Spavound; Enrique Martínez-García}}}{}
     \Rdcontents{\R{} topics do...
    ! Paragraph ended before \def was complete.
    <to be read again>
     \par
    l.58 ...mon Spavound; Enrique Martínez-García}}}{}
     \Rdcontents{\R{} topics do...
    ! Paragraph ended before \def was complete.
    <to be read again>
     \par
    l.58 ...mon Spavound; Enrique Martínez-García}}}{}
     \Rdcontents{\R{} topics do...
    ! Paragraph ended before \def was complete.
    <to be read again>
     \par
    l.58 ...mon Spavound; Enrique Martínez-García}}}{}
     \Rdcontents{\R{} topics do...
    ! Paragraph ended before \def was complete.
    <to be read again>
     \par
    l.58 ...mon Spavound; Enrique Martínez-García}}}{}
     \Rdcontents{\R{} topics do...
    ! Paragraph ended before \def was complete.
    <to be read again>
     \par
    l.58 ...mon Spavound; Enrique Martínez-García}}}{}
     \Rdcontents{\R{} topics do...
    ! Paragraph ended before \def was complete.
    <to be read again>
     \par
    l.58 ...mon Spavound; Enrique Martínez-García}}}{}
     \Rdcontents{\R{} topics do...
    ! Paragraph ended before \def was complete.
    <to be read again>
     \par
    l.58 ...mon Spavound; Enrique Martínez-García}}}{}
     \Rdcontents{\R{} topics do...
    ! Paragraph ended before \def was complete.
    <to be read again>
     \par
    l.58 ...mon Spavound; Enrique Martínez-García}}}{}
     \Rdcontents{\R{} topics do...
    ! Paragraph ended before \def was complete.
    <to be read again>
     \par
    l.58 ...mon Spavound; Enrique Martínez-García}}}{}
     \Rdcontents{\R{} topics do...
    ! Paragraph ended before \def was complete.
    <to be read again>
     \par
    l.58 ...mon Spavound; Enrique Martínez-García}}}{}
     \Rdcontents{\R{} topics do...
    ! Paragraph ended before \def was complete.
    <to be read again>
     \par
    l.58 ...mon Spavound; Enrique Martínez-García}}}{}
     \Rdcontents{\R{} topics do...
    ! Paragraph ended before \def was complete.
    <to be read again>
     \par
    l.58 ...mon Spavound; Enrique Martínez-García}}}{}
     \Rdcontents{\R{} topics do...
    ! Paragraph ended before \def was complete.
    <to be read again>
     \par
    l.58 ...mon Spavound; Enrique Martínez-García}}}{}
     \Rdcontents{\R{} topics do...
    ! Paragraph ended before \def was complete.
    <to be read again>
     \par
    l.58 ...mon Spavound; Enrique Martínez-García}}}{}
     \Rdcontents{\R{} topics do...
    ! Paragraph ended before \def was complete.
    <to be read again>
     \par
    l.58 ...mon Spavound; Enrique Martínez-García}}}{}
     \Rdcontents{\R{} topics do...
    ! Paragraph ended before \def was complete.
    <to be read again>
     \par
    l.58 ...mon Spavound; Enrique Martínez-García}}}{}
     \Rdcontents{\R{} topics do...
    ! ==> Fatal error occurred, no output PDF file produced!
Flavor: r-devel-linux-x86_64-debian-clang

Version: 0.4.2
Check: for non-standard things in the check directory
Result: NOTE
    Found the following files/directories:
     'exuber-manual.tex'
Flavor: r-devel-linux-x86_64-debian-clang

Version: 0.4.2
Check: PDF version of manual
Result: WARN
    LaTeX errors when creating PDF version.
    This typically indicates Rd problems.
    LaTeX errors found:
    ! Argument of \UTFviii@three@octets has an extra }.
    <inserted text>
     \par
    l.59 ...mon Spavound; Enrique Martínez-García}}}{}
     \Rdcontents{\R{} topics do...
    ! Paragraph ended before \UTFviii@three@octets was complete.
    <to be read again>
     \par
    l.59 ...mon Spavound; Enrique Martínez-García}}}{}
     \Rdcontents{\R{} topics do...
    ! Paragraph ended before \def was complete.
    <to be read again>
     \par
    l.59 ...mon Spavound; Enrique Martínez-García}}}{}
     \Rdcontents{\R{} topics do...
    ! Paragraph ended before \def was complete.
    <to be read again>
     \par
    l.59 ...mon Spavound; Enrique Martínez-García}}}{}
     \Rdcontents{\R{} topics do...
    ! Paragraph ended before \def was complete.
    <to be read again>
     \par
    l.59 ...mon Spavound; Enrique Martínez-García}}}{}
     \Rdcontents{\R{} topics do...
    ! Paragraph ended before \def was complete.
    <to be read again>
     \par
    l.59 ...mon Spavound; Enrique Martínez-García}}}{}
     \Rdcontents{\R{} topics do...
    ! Paragraph ended before \def was complete.
    <to be read again>
     \par
    l.59 ...mon Spavound; Enrique Martínez-García}}}{}
     \Rdcontents{\R{} topics do...
    ! Paragraph ended before \def was complete.
    <to be read again>
     \par
    l.59 ...mon Spavound; Enrique Martínez-García}}}{}
     \Rdcontents{\R{} topics do...
    ! Paragraph ended before \def was complete.
    <to be read again>
     \par
    l.59 ...mon Spavound; Enrique Martínez-García}}}{}
     \Rdcontents{\R{} topics do...
    ! Paragraph ended before \def was complete.
    <to be read again>
     \par
    l.59 ...mon Spavound; Enrique Martínez-García}}}{}
     \Rdcontents{\R{} topics do...
    ! Paragraph ended before \def was complete.
    <to be read again>
     \par
    l.59 ...mon Spavound; Enrique Martínez-García}}}{}
     \Rdcontents{\R{} topics do...
    ! Paragraph ended before \def was complete.
    <to be read again>
     \par
    l.59 ...mon Spavound; Enrique Martínez-García}}}{}
     \Rdcontents{\R{} topics do...
    ! Paragraph ended before \def was complete.
    <to be read again>
     \par
    l.59 ...mon Spavound; Enrique Martínez-García}}}{}
     \Rdcontents{\R{} topics do...
    ! Paragraph ended before \def was complete.
    <to be read again>
     \par
    l.59 ...mon Spavound; Enrique Martínez-García}}}{}
     \Rdcontents{\R{} topics do...
    ! Paragraph ended before \def was complete.
    <to be read again>
     \par
    l.59 ...mon Spavound; Enrique Martínez-García}}}{}
     \Rdcontents{\R{} topics do...
    ! Paragraph ended before \def was complete.
    <to be read again>
     \par
    l.59 ...mon Spavound; Enrique Martínez-García}}}{}
     \Rdcontents{\R{} topics do...
    ! Paragraph ended before \def was complete.
    <to be read again>
     \par
    l.59 ...mon Spavound; Enrique Martínez-García}}}{}
     \Rdcontents{\R{} topics do...
    ! Paragraph ended before \def was complete.
    <to be read again>
     \par
    l.59 ...mon Spavound; Enrique Martínez-García}}}{}
     \Rdcontents{\R{} topics do...
    ! Paragraph ended before \def was complete.
    <to be read again>
     \par
    l.59 ...mon Spavound; Enrique Martínez-García}}}{}
     \Rdcontents{\R{} topics do...
    ! Paragraph ended before \def was complete.
    <to be read again>
     \par
    l.59 ...mon Spavound; Enrique Martínez-García}}}{}
     \Rdcontents{\R{} topics do...
    ! Paragraph ended before \def was complete.
    <to be read again>
     \par
    l.59 ...mon Spavound; Enrique Martínez-García}}}{}
     \Rdcontents{\R{} topics do...
    ! Paragraph ended before \def was complete.
    <to be read again>
     \par
    l.59 ...mon Spavound; Enrique Martínez-García}}}{}
     \Rdcontents{\R{} topics do...
    ! Paragraph ended before \def was complete.
    <to be read again>
     \par
    l.59 ...mon Spavound; Enrique Martínez-García}}}{}
     \Rdcontents{\R{} topics do...
    ! Paragraph ended before \def was complete.
    <to be read again>
     \par
    l.59 ...mon Spavound; Enrique Martínez-García}}}{}
     \Rdcontents{\R{} topics do...
    ! Paragraph ended before \def was complete.
    <to be read again>
     \par
    l.59 ...mon Spavound; Enrique Martínez-García}}}{}
     \Rdcontents{\R{} topics do...
    ! Paragraph ended before \def was complete.
    <to be read again>
     \par
    l.59 ...mon Spavound; Enrique Martínez-García}}}{}
     \Rdcontents{\R{} topics do...
    ! Paragraph ended before \def was complete.
    <to be read again>
     \par
    l.59 ...mon Spavound; Enrique Martínez-García}}}{}
     \Rdcontents{\R{} topics do...
    ! Paragraph ended before \def was complete.
    <to be read again>
     \par
    l.59 ...mon Spavound; Enrique Martínez-García}}}{}
     \Rdcontents{\R{} topics do...
    ! Paragraph ended before \def was complete.
    <to be read again>
     \par
    l.59 ...mon Spavound; Enrique Martínez-García}}}{}
     \Rdcontents{\R{} topics do...
    ! Paragraph ended before \def was complete.
    <to be read again>
     \par
    l.59 ...mon Spavound; Enrique Martínez-García}}}{}
     \Rdcontents{\R{} topics do...
    ! Paragraph ended before \def was complete.
    <to be read again>
     \par
    l.59 ...mon Spavound; Enrique Martínez-García}}}{}
     \Rdcontents{\R{} topics do...
    ! Paragraph ended before \def was complete.
    <to be read again>
     \par
    l.59 ...mon Spavound; Enrique Martínez-García}}}{}
     \Rdcontents{\R{} topics do...
    ! Paragraph ended before \def was complete.
    <to be read again>
     \par
    l.59 ...mon Spavound; Enrique Martínez-García}}}{}
     \Rdcontents{\R{} topics do...
    ! Paragraph ended before \def was complete.
    <to be read again>
     \par
    l.59 ...mon Spavound; Enrique Martínez-García}}}{}
     \Rdcontents{\R{} topics do...
    ! Paragraph ended before \def was complete.
    <to be read again>
     \par
    l.59 ...mon Spavound; Enrique Martínez-García}}}{}
     \Rdcontents{\R{} topics do...
    ! Paragraph ended before \def was complete.
    <to be read again>
     \par
    l.59 ...mon Spavound; Enrique Martínez-García}}}{}
     \Rdcontents{\R{} topics do...
    ! Paragraph ended before \def was complete.
    <to be read again>
     \par
    l.59 ...mon Spavound; Enrique Martínez-García}}}{}
     \Rdcontents{\R{} topics do...
    ! Paragraph ended before \def was complete.
    <to be read again>
     \par
    l.59 ...mon Spavound; Enrique Martínez-García}}}{}
     \Rdcontents{\R{} topics do...
    ! Paragraph ended before \def was complete.
    <to be read again>
     \par
    l.59 ...mon Spavound; Enrique Martínez-García}}}{}
     \Rdcontents{\R{} topics do...
    ! Paragraph ended before \def was complete.
    <to be read again>
     \par
    l.59 ...mon Spavound; Enrique Martínez-García}}}{}
     \Rdcontents{\R{} topics do...
    ! Paragraph ended before \def was complete.
    <to be read again>
     \par
    l.59 ...mon Spavound; Enrique Martínez-García}}}{}
     \Rdcontents{\R{} topics do...
    ! Paragraph ended before \def was complete.
    <to be read again>
     \par
    l.59 ...mon Spavound; Enrique Martínez-García}}}{}
     \Rdcontents{\R{} topics do...
    ! Paragraph ended before \def was complete.
    <to be read again>
     \par
    l.59 ...mon Spavound; Enrique Martínez-García}}}{}
     \Rdcontents{\R{} topics do...
    ! Paragraph ended before \def was complete.
    <to be read again>
     \par
    l.59 ...mon Spavound; Enrique Martínez-García}}}{}
     \Rdcontents{\R{} topics do...
    ! Paragraph ended before \def was complete.
    <to be read again>
     \par
    l.59 ...mon Spavound; Enrique Martínez-García}}}{}
     \Rdcontents{\R{} topics do...
    ! Paragraph ended before \def was complete.
    <to be read again>
     \par
    l.59 ...mon Spavound; Enrique Martínez-García}}}{}
     \Rdcontents{\R{} topics do...
    ! Paragraph ended before \def was complete.
    <to be read again>
     \par
    l.59 ...mon Spavound; Enrique Martínez-García}}}{}
     \Rdcontents{\R{} topics do...
    ! Paragraph ended before \def was complete.
    <to be read again>
     \par
    l.59 ...mon Spavound; Enrique Martínez-García}}}{}
     \Rdcontents{\R{} topics do...
    ! Paragraph ended before \def was complete.
    <to be read again>
     \par
    l.59 ...mon Spavound; Enrique Martínez-García}}}{}
     \Rdcontents{\R{} topics do...
    ! Paragraph ended before \def was complete.
    <to be read again>
     \par
    l.59 ...mon Spavound; Enrique Martínez-García}}}{}
     \Rdcontents{\R{} topics do...
    ! Paragraph ended before \def was complete.
    <to be read again>
     \par
    l.59 ...mon Spavound; Enrique Martínez-García}}}{}
     \Rdcontents{\R{} topics do...
    ! Paragraph ended before \def was complete.
    <to be read again>
     \par
    l.59 ...mon Spavound; Enrique Martínez-García}}}{}
     \Rdcontents{\R{} topics do...
    ! Paragraph ended before \def was complete.
    <to be read again>
     \par
    l.59 ...mon Spavound; Enrique Martínez-García}}}{}
     \Rdcontents{\R{} topics do...
    ! Paragraph ended before \def was complete.
    <to be read again>
     \par
    l.59 ...mon Spavound; Enrique Martínez-García}}}{}
     \Rdcontents{\R{} topics do...
    ! Paragraph ended before \def was complete.
    <to be read again>
     \par
    l.59 ...mon Spavound; Enrique Martínez-García}}}{}
     \Rdcontents{\R{} topics do...
    ! Paragraph ended before \def was complete.
    <to be read again>
     \par
    l.59 ...mon Spavound; Enrique Martínez-García}}}{}
     \Rdcontents{\R{} topics do...
    ! Paragraph ended before \def was complete.
    <to be read again>
     \par
    l.59 ...mon Spavound; Enrique Martínez-García}}}{}
     \Rdcontents{\R{} topics do...
    ! Paragraph ended before \def was complete.
    <to be read again>
     \par
    l.59 ...mon Spavound; Enrique Martínez-García}}}{}
     \Rdcontents{\R{} topics do...
    ! Paragraph ended before \def was complete.
    <to be read again>
     \par
    l.59 ...mon Spavound; Enrique Martínez-García}}}{}
     \Rdcontents{\R{} topics do...
    ! Paragraph ended before \def was complete.
    <to be read again>
     \par
    l.59 ...mon Spavound; Enrique Martínez-García}}}{}
     \Rdcontents{\R{} topics do...
    ! Paragraph ended before \def was complete.
    <to be read again>
     \par
    l.59 ...mon Spavound; Enrique Martínez-García}}}{}
     \Rdcontents{\R{} topics do...
    ! Paragraph ended before \def was complete.
    <to be read again>
     \par
    l.59 ...mon Spavound; Enrique Martínez-García}}}{}
     \Rdcontents{\R{} topics do...
    ! Paragraph ended before \def was complete.
    <to be read again>
     \par
    l.59 ...mon Spavound; Enrique Martínez-García}}}{}
     \Rdcontents{\R{} topics do...
    ! Paragraph ended before \def was complete.
    <to be read again>
     \par
    l.59 ...mon Spavound; Enrique Martínez-García}}}{}
     \Rdcontents{\R{} topics do...
    ! Paragraph ended before \def was complete.
    <to be read again>
     \par
    l.59 ...mon Spavound; Enrique Martínez-García}}}{}
     \Rdcontents{\R{} topics do...
    ! Paragraph ended before \def was complete.
    <to be read again>
     \par
    l.59 ...mon Spavound; Enrique Martínez-García}}}{}
     \Rdcontents{\R{} topics do...
    ! Paragraph ended before \def was complete.
    <to be read again>
     \par
    l.59 ...mon Spavound; Enrique Martínez-García}}}{}
     \Rdcontents{\R{} topics do...
    ! Paragraph ended before \def was complete.
    <to be read again>
     \par
    l.59 ...mon Spavound; Enrique Martínez-García}}}{}
     \Rdcontents{\R{} topics do...
    ! Paragraph ended before \def was complete.
    <to be read again>
     \par
    l.59 ...mon Spavound; Enrique Martínez-García}}}{}
     \Rdcontents{\R{} topics do...
    ! Paragraph ended before \def was complete.
    <to be read again>
     \par
    l.59 ...mon Spavound; Enrique Martínez-García}}}{}
     \Rdcontents{\R{} topics do...
    ! Paragraph ended before \def was complete.
    <to be read again>
     \par
    l.59 ...mon Spavound; Enrique Martínez-García}}}{}
     \Rdcontents{\R{} topics do...
    ! Paragraph ended before \def was complete.
    <to be read again>
     \par
    l.59 ...mon Spavound; Enrique Martínez-García}}}{}
     \Rdcontents{\R{} topics do...
    ! Paragraph ended before \def was complete.
    <to be read again>
     \par
    l.59 ...mon Spavound; Enrique Martínez-García}}}{}
     \Rdcontents{\R{} topics do...
    ! Paragraph ended before \def was complete.
    <to be read again>
     \par
    l.59 ...mon Spavound; Enrique Martínez-García}}}{}
     \Rdcontents{\R{} topics do...
    ! Paragraph ended before \def was complete.
    <to be read again>
     \par
    l.59 ...mon Spavound; Enrique Martínez-García}}}{}
     \Rdcontents{\R{} topics do...
    ! Paragraph ended before \def was complete.
    <to be read again>
     \par
    l.59 ...mon Spavound; Enrique Martínez-García}}}{}
     \Rdcontents{\R{} topics do...
    ! Paragraph ended before \def was complete.
    <to be read again>
     \par
    l.59 ...mon Spavound; Enrique Martínez-García}}}{}
     \Rdcontents{\R{} topics do...
    ! Paragraph ended before \def was complete.
    <to be read again>
     \par
    l.59 ...mon Spavound; Enrique Martínez-García}}}{}
     \Rdcontents{\R{} topics do...
    ! Paragraph ended before \def was complete.
    <to be read again>
     \par
    l.59 ...mon Spavound; Enrique Martínez-García}}}{}
     \Rdcontents{\R{} topics do...
    ! Paragraph ended before \def was complete.
    <to be read again>
     \par
    l.59 ...mon Spavound; Enrique Martínez-García}}}{}
     \Rdcontents{\R{} topics do...
    ! Paragraph ended before \def was complete.
    <to be read again>
     \par
    l.59 ...mon Spavound; Enrique Martínez-García}}}{}
     \Rdcontents{\R{} topics do...
    ! Paragraph ended before \def was complete.
    <to be read again>
     \par
    l.59 ...mon Spavound; Enrique Martínez-García}}}{}
     \Rdcontents{\R{} topics do...
    ! Paragraph ended before \def was complete.
    <to be read again>
     \par
    l.59 ...mon Spavound; Enrique Martínez-García}}}{}
     \Rdcontents{\R{} topics do...
    ! Paragraph ended before \def was complete.
    <to be read again>
     \par
    l.59 ...mon Spavound; Enrique Martínez-García}}}{}
     \Rdcontents{\R{} topics do...
    ! Paragraph ended before \def was complete.
    <to be read again>
     \par
    l.59 ...mon Spavound; Enrique Martínez-García}}}{}
     \Rdcontents{\R{} topics do...
    ! Paragraph ended before \def was complete.
    <to be read again>
     \par
    l.59 ...mon Spavound; Enrique Martínez-García}}}{}
     \Rdcontents{\R{} topics do...
    ! Paragraph ended before \def was complete.
    <to be read again>
     \par
    l.59 ...mon Spavound; Enrique Martínez-García}}}{}
     \Rdcontents{\R{} topics do...
    ! Paragraph ended before \def was complete.
    <to be read again>
     \par
    l.59 ...mon Spavound; Enrique Martínez-García}}}{}
     \Rdcontents{\R{} topics do...
    ! Paragraph ended before \def was complete.
    <to be read again>
     \par
    l.59 ...mon Spavound; Enrique Martínez-García}}}{}
     \Rdcontents{\R{} topics do...
    ! Paragraph ended before \def was complete.
    <to be read again>
     \par
    l.59 ...mon Spavound; Enrique Martínez-García}}}{}
     \Rdcontents{\R{} topics do...
    ! Paragraph ended before \def was complete.
    <to be read again>
     \par
    l.59 ...mon Spavound; Enrique Martínez-García}}}{}
     \Rdcontents{\R{} topics do...
    ! Paragraph ended before \def was complete.
    <to be read again>
     \par
    l.59 ...mon Spavound; Enrique Martínez-García}}}{}
     \Rdcontents{\R{} topics do...
    ! Paragraph ended before \def was complete.
    <to be read again>
     \par
    l.59 ...mon Spavound; Enrique Martínez-García}}}{}
     \Rdcontents{\R{} topics do...
    ! Paragraph ended before \def was complete.
    <to be read again>
     \par
    l.59 ...mon Spavound; Enrique Martínez-García}}}{}
     \Rdcontents{\R{} topics do...
    ! Paragraph ended before \def was complete.
    <to be read again>
     \par
    l.59 ...mon Spavound; Enrique Martínez-García}}}{}
     \Rdcontents{\R{} topics do...
    ! Paragraph ended before \def was complete.
    <to be read again>
     \par
    l.59 ...mon Spavound; Enrique Martínez-García}}}{}
     \Rdcontents{\R{} topics do...
    ! Paragraph ended before \def was complete.
    <to be read again>
     \par
    l.59 ...mon Spavound; Enrique Martínez-García}}}{}
     \Rdcontents{\R{} topics do...
    ! Paragraph ended before \def was complete.
    <to be read again>
     \par
    l.59 ...mon Spavound; Enrique Martínez-García}}}{}
     \Rdcontents{\R{} topics do...
    ! Paragraph ended before \def was complete.
    <to be read again>
     \par
    l.59 ...mon Spavound; Enrique Martínez-García}}}{}
     \Rdcontents{\R{} topics do...
    ! Paragraph ended before \def was complete.
    <to be read again>
     \par
    l.59 ...mon Spavound; Enrique Martínez-García}}}{}
     \Rdcontents{\R{} topics do...
    ! ==> Fatal error occurred, no output PDF file produced!
Flavor: r-devel-windows-ix86+x86_64

Version: 0.4.2
Check: PDF version of manual
Result: WARN
    LaTeX errors when creating PDF version.
    This typically indicates Rd problems.
    LaTeX errors found:
    ! Argument of \UTFviii@three@octets has an extra }.
    <inserted text>
     \par
    l.60 ...mon Spavound; Enrique Martínez-García}}}{}
     \Rdcontents{\R{} topics do...
    ! Paragraph ended before \UTFviii@three@octets was complete.
    <to be read again>
     \par
    l.60 ...mon Spavound; Enrique Martínez-García}}}{}
     \Rdcontents{\R{} topics do...
    ! Paragraph ended before \def was complete.
    <to be read again>
     \par
    l.60 ...mon Spavound; Enrique Martínez-García}}}{}
     \Rdcontents{\R{} topics do...
    ! Paragraph ended before \def was complete.
    <to be read again>
     \par
    l.60 ...mon Spavound; Enrique Martínez-García}}}{}
     \Rdcontents{\R{} topics do...
    ! Paragraph ended before \def was complete.
    <to be read again>
     \par
    l.60 ...mon Spavound; Enrique Martínez-García}}}{}
     \Rdcontents{\R{} topics do...
    ! Paragraph ended before \def was complete.
    <to be read again>
     \par
    l.60 ...mon Spavound; Enrique Martínez-García}}}{}
     \Rdcontents{\R{} topics do...
    ! Paragraph ended before \def was complete.
    <to be read again>
     \par
    l.60 ...mon Spavound; Enrique Martínez-García}}}{}
     \Rdcontents{\R{} topics do...
    ! Paragraph ended before \def was complete.
    <to be read again>
     \par
    l.60 ...mon Spavound; Enrique Martínez-García}}}{}
     \Rdcontents{\R{} topics do...
    ! Paragraph ended before \def was complete.
    <to be read again>
     \par
    l.60 ...mon Spavound; Enrique Martínez-García}}}{}
     \Rdcontents{\R{} topics do...
    ! Paragraph ended before \def was complete.
    <to be read again>
     \par
    l.60 ...mon Spavound; Enrique Martínez-García}}}{}
     \Rdcontents{\R{} topics do...
    ! Paragraph ended before \def was complete.
    <to be read again>
     \par
    l.60 ...mon Spavound; Enrique Martínez-García}}}{}
     \Rdcontents{\R{} topics do...
    ! Paragraph ended before \def was complete.
    <to be read again>
     \par
    l.60 ...mon Spavound; Enrique Martínez-García}}}{}
     \Rdcontents{\R{} topics do...
    ! Paragraph ended before \def was complete.
    <to be read again>
     \par
    l.60 ...mon Spavound; Enrique Martínez-García}}}{}
     \Rdcontents{\R{} topics do...
    ! Paragraph ended before \def was complete.
    <to be read again>
     \par
    l.60 ...mon Spavound; Enrique Martínez-García}}}{}
     \Rdcontents{\R{} topics do...
    ! Paragraph ended before \def was complete.
    <to be read again>
     \par
    l.60 ...mon Spavound; Enrique Martínez-García}}}{}
     \Rdcontents{\R{} topics do...
    ! Paragraph ended before \def was complete.
    <to be read again>
     \par
    l.60 ...mon Spavound; Enrique Martínez-García}}}{}
     \Rdcontents{\R{} topics do...
    ! Paragraph ended before \def was complete.
    <to be read again>
     \par
    l.60 ...mon Spavound; Enrique Martínez-García}}}{}
     \Rdcontents{\R{} topics do...
    ! Paragraph ended before \def was complete.
    <to be read again>
     \par
    l.60 ...mon Spavound; Enrique Martínez-García}}}{}
     \Rdcontents{\R{} topics do...
    ! Paragraph ended before \def was complete.
    <to be read again>
     \par
    l.60 ...mon Spavound; Enrique Martínez-García}}}{}
     \Rdcontents{\R{} topics do...
    ! Paragraph ended before \def was complete.
    <to be read again>
     \par
    l.60 ...mon Spavound; Enrique Martínez-García}}}{}
     \Rdcontents{\R{} topics do...
    ! Paragraph ended before \def was complete.
    <to be read again>
     \par
    l.60 ...mon Spavound; Enrique Martínez-García}}}{}
     \Rdcontents{\R{} topics do...
    ! Paragraph ended before \def was complete.
    <to be read again>
     \par
    l.60 ...mon Spavound; Enrique Martínez-García}}}{}
     \Rdcontents{\R{} topics do...
    ! Paragraph ended before \def was complete.
    <to be read again>
     \par
    l.60 ...mon Spavound; Enrique Martínez-García}}}{}
     \Rdcontents{\R{} topics do...
    ! Paragraph ended before \def was complete.
    <to be read again>
     \par
    l.60 ...mon Spavound; Enrique Martínez-García}}}{}
     \Rdcontents{\R{} topics do...
    ! Paragraph ended before \def was complete.
    <to be read again>
     \par
    l.60 ...mon Spavound; Enrique Martínez-García}}}{}
     \Rdcontents{\R{} topics do...
    ! Paragraph ended before \def was complete.
    <to be read again>
     \par
    l.60 ...mon Spavound; Enrique Martínez-García}}}{}
     \Rdcontents{\R{} topics do...
    ! Paragraph ended before \def was complete.
    <to be read again>
     \par
    l.60 ...mon Spavound; Enrique Martínez-García}}}{}
     \Rdcontents{\R{} topics do...
    ! Paragraph ended before \def was complete.
    <to be read again>
     \par
    l.60 ...mon Spavound; Enrique Martínez-García}}}{}
     \Rdcontents{\R{} topics do...
    ! Paragraph ended before \def was complete.
    <to be read again>
     \par
    l.60 ...mon Spavound; Enrique Martínez-García}}}{}
     \Rdcontents{\R{} topics do...
    ! Paragraph ended before \def was complete.
    <to be read again>
     \par
    l.60 ...mon Spavound; Enrique Martínez-García}}}{}
     \Rdcontents{\R{} topics do...
    ! Paragraph ended before \def was complete.
    <to be read again>
     \par
    l.60 ...mon Spavound; Enrique Martínez-García}}}{}
     \Rdcontents{\R{} topics do...
    ! Paragraph ended before \def was complete.
    <to be read again>
     \par
    l.60 ...mon Spavound; Enrique Martínez-García}}}{}
     \Rdcontents{\R{} topics do...
    ! Paragraph ended before \def was complete.
    <to be read again>
     \par
    l.60 ...mon Spavound; Enrique Martínez-García}}}{}
     \Rdcontents{\R{} topics do...
    ! Paragraph ended before \def was complete.
    <to be read again>
     \par
    l.60 ...mon Spavound; Enrique Martínez-García}}}{}
     \Rdcontents{\R{} topics do...
    ! Paragraph ended before \def was complete.
    <to be read again>
     \par
    l.60 ...mon Spavound; Enrique Martínez-García}}}{}
     \Rdcontents{\R{} topics do...
    ! Paragraph ended before \def was complete.
    <to be read again>
     \par
    l.60 ...mon Spavound; Enrique Martínez-García}}}{}
     \Rdcontents{\R{} topics do...
    ! Paragraph ended before \def was complete.
    <to be read again>
     \par
    l.60 ...mon Spavound; Enrique Martínez-García}}}{}
     \Rdcontents{\R{} topics do...
    ! Paragraph ended before \def was complete.
    <to be read again>
     \par
    l.60 ...mon Spavound; Enrique Martínez-García}}}{}
     \Rdcontents{\R{} topics do...
    ! Paragraph ended before \def was complete.
    <to be read again>
     \par
    l.60 ...mon Spavound; Enrique Martínez-García}}}{}
     \Rdcontents{\R{} topics do...
    ! Paragraph ended before \def was complete.
    <to be read again>
     \par
    l.60 ...mon Spavound; Enrique Martínez-García}}}{}
     \Rdcontents{\R{} topics do...
    ! Paragraph ended before \def was complete.
    <to be read again>
     \par
    l.60 ...mon Spavound; Enrique Martínez-García}}}{}
     \Rdcontents{\R{} topics do...
    ! Paragraph ended before \def was complete.
    <to be read again>
     \par
    l.60 ...mon Spavound; Enrique Martínez-García}}}{}
     \Rdcontents{\R{} topics do...
    ! Paragraph ended before \def was complete.
    <to be read again>
     \par
    l.60 ...mon Spavound; Enrique Martínez-García}}}{}
     \Rdcontents{\R{} topics do...
    ! Paragraph ended before \def was complete.
    <to be read again>
     \par
    l.60 ...mon Spavound; Enrique Martínez-García}}}{}
     \Rdcontents{\R{} topics do...
    ! Paragraph ended before \def was complete.
    <to be read again>
     \par
    l.60 ...mon Spavound; Enrique Martínez-García}}}{}
     \Rdcontents{\R{} topics do...
    ! Paragraph ended before \def was complete.
    <to be read again>
     \par
    l.60 ...mon Spavound; Enrique Martínez-García}}}{}
     \Rdcontents{\R{} topics do...
    ! Paragraph ended before \def was complete.
    <to be read again>
     \par
    l.60 ...mon Spavound; Enrique Martínez-García}}}{}
     \Rdcontents{\R{} topics do...
    ! Paragraph ended before \def was complete.
    <to be read again>
     \par
    l.60 ...mon Spavound; Enrique Martínez-García}}}{}
     \Rdcontents{\R{} topics do...
    ! Paragraph ended before \def was complete.
    <to be read again>
     \par
    l.60 ...mon Spavound; Enrique Martínez-García}}}{}
     \Rdcontents{\R{} topics do...
    ! Paragraph ended before \def was complete.
    <to be read again>
     \par
    l.60 ...mon Spavound; Enrique Martínez-García}}}{}
     \Rdcontents{\R{} topics do...
    ! Paragraph ended before \def was complete.
    <to be read again>
     \par
    l.60 ...mon Spavound; Enrique Martínez-García}}}{}
     \Rdcontents{\R{} topics do...
    ! Paragraph ended before \def was complete.
    <to be read again>
     \par
    l.60 ...mon Spavound; Enrique Martínez-García}}}{}
     \Rdcontents{\R{} topics do...
    ! Paragraph ended before \def was complete.
    <to be read again>
     \par
    l.60 ...mon Spavound; Enrique Martínez-García}}}{}
     \Rdcontents{\R{} topics do...
    ! Paragraph ended before \def was complete.
    <to be read again>
     \par
    l.60 ...mon Spavound; Enrique Martínez-García}}}{}
     \Rdcontents{\R{} topics do...
    ! Paragraph ended before \def was complete.
    <to be read again>
     \par
    l.60 ...mon Spavound; Enrique Martínez-García}}}{}
     \Rdcontents{\R{} topics do...
    ! Paragraph ended before \def was complete.
    <to be read again>
     \par
    l.60 ...mon Spavound; Enrique Martínez-García}}}{}
     \Rdcontents{\R{} topics do...
    ! Paragraph ended before \def was complete.
    <to be read again>
     \par
    l.60 ...mon Spavound; Enrique Martínez-García}}}{}
     \Rdcontents{\R{} topics do...
    ! Paragraph ended before \def was complete.
    <to be read again>
     \par
    l.60 ...mon Spavound; Enrique Martínez-García}}}{}
     \Rdcontents{\R{} topics do...
    ! Paragraph ended before \def was complete.
    <to be read again>
     \par
    l.60 ...mon Spavound; Enrique Martínez-García}}}{}
     \Rdcontents{\R{} topics do...
    ! Paragraph ended before \def was complete.
    <to be read again>
     \par
    l.60 ...mon Spavound; Enrique Martínez-García}}}{}
     \Rdcontents{\R{} topics do...
    ! Paragraph ended before \def was complete.
    <to be read again>
     \par
    l.60 ...mon Spavound; Enrique Martínez-García}}}{}
     \Rdcontents{\R{} topics do...
    ! Paragraph ended before \def was complete.
    <to be read again>
     \par
    l.60 ...mon Spavound; Enrique Martínez-García}}}{}
     \Rdcontents{\R{} topics do...
    ! Paragraph ended before \def was complete.
    <to be read again>
     \par
    l.60 ...mon Spavound; Enrique Martínez-García}}}{}
     \Rdcontents{\R{} topics do...
    ! Paragraph ended before \def was complete.
    <to be read again>
     \par
    l.60 ...mon Spavound; Enrique Martínez-García}}}{}
     \Rdcontents{\R{} topics do...
    ! Paragraph ended before \def was complete.
    <to be read again>
     \par
    l.60 ...mon Spavound; Enrique Martínez-García}}}{}
     \Rdcontents{\R{} topics do...
    ! Paragraph ended before \def was complete.
    <to be read again>
     \par
    l.60 ...mon Spavound; Enrique Martínez-García}}}{}
     \Rdcontents{\R{} topics do...
    ! Paragraph ended before \def was complete.
    <to be read again>
     \par
    l.60 ...mon Spavound; Enrique Martínez-García}}}{}
     \Rdcontents{\R{} topics do...
    ! Paragraph ended before \def was complete.
    <to be read again>
     \par
    l.60 ...mon Spavound; Enrique Martínez-García}}}{}
     \Rdcontents{\R{} topics do...
    ! Paragraph ended before \def was complete.
    <to be read again>
     \par
    l.60 ...mon Spavound; Enrique Martínez-García}}}{}
     \Rdcontents{\R{} topics do...
    ! Paragraph ended before \def was complete.
    <to be read again>
     \par
    l.60 ...mon Spavound; Enrique Martínez-García}}}{}
     \Rdcontents{\R{} topics do...
    ! Paragraph ended before \def was complete.
    <to be read again>
     \par
    l.60 ...mon Spavound; Enrique Martínez-García}}}{}
     \Rdcontents{\R{} topics do...
    ! Paragraph ended before \def was complete.
    <to be read again>
     \par
    l.60 ...mon Spavound; Enrique Martínez-García}}}{}
     \Rdcontents{\R{} topics do...
    ! Paragraph ended before \def was complete.
    <to be read again>
     \par
    l.60 ...mon Spavound; Enrique Martínez-García}}}{}
     \Rdcontents{\R{} topics do...
    ! Paragraph ended before \def was complete.
    <to be read again>
     \par
    l.60 ...mon Spavound; Enrique Martínez-García}}}{}
     \Rdcontents{\R{} topics do...
    ! Paragraph ended before \def was complete.
    <to be read again>
     \par
    l.60 ...mon Spavound; Enrique Martínez-García}}}{}
     \Rdcontents{\R{} topics do...
    ! Paragraph ended before \def was complete.
    <to be read again>
     \par
    l.60 ...mon Spavound; Enrique Martínez-García}}}{}
     \Rdcontents{\R{} topics do...
    ! Paragraph ended before \def was complete.
    <to be read again>
     \par
    l.60 ...mon Spavound; Enrique Martínez-García}}}{}
     \Rdcontents{\R{} topics do...
    ! Paragraph ended before \def was complete.
    <to be read again>
     \par
    l.60 ...mon Spavound; Enrique Martínez-García}}}{}
     \Rdcontents{\R{} topics do...
    ! Paragraph ended before \def was complete.
    <to be read again>
     \par
    l.60 ...mon Spavound; Enrique Martínez-García}}}{}
     \Rdcontents{\R{} topics do...
    ! Paragraph ended before \def was complete.
    <to be read again>
     \par
    l.60 ...mon Spavound; Enrique Martínez-García}}}{}
     \Rdcontents{\R{} topics do...
    ! Paragraph ended before \def was complete.
    <to be read again>
     \par
    l.60 ...mon Spavound; Enrique Martínez-García}}}{}
     \Rdcontents{\R{} topics do...
    ! Paragraph ended before \def was complete.
    <to be read again>
     \par
    l.60 ...mon Spavound; Enrique Martínez-García}}}{}
     \Rdcontents{\R{} topics do...
    ! Paragraph ended before \def was complete.
    <to be read again>
     \par
    l.60 ...mon Spavound; Enrique Martínez-García}}}{}
     \Rdcontents{\R{} topics do...
    ! Paragraph ended before \def was complete.
    <to be read again>
     \par
    l.60 ...mon Spavound; Enrique Martínez-García}}}{}
     \Rdcontents{\R{} topics do...
    ! Paragraph ended before \def was complete.
    <to be read again>
     \par
    l.60 ...mon Spavound; Enrique Martínez-García}}}{}
     \Rdcontents{\R{} topics do...
    ! Paragraph ended before \def was complete.
    <to be read again>
     \par
    l.60 ...mon Spavound; Enrique Martínez-García}}}{}
     \Rdcontents{\R{} topics do...
    ! Paragraph ended before \def was complete.
    <to be read again>
     \par
    l.60 ...mon Spavound; Enrique Martínez-García}}}{}
     \Rdcontents{\R{} topics do...
    ! Paragraph ended before \def was complete.
    <to be read again>
     \par
    l.60 ...mon Spavound; Enrique Martínez-García}}}{}
     \Rdcontents{\R{} topics do...
    ! Paragraph ended before \def was complete.
    <to be read again>
     \par
    l.60 ...mon Spavound; Enrique Martínez-García}}}{}
     \Rdcontents{\R{} topics do...
    ! Paragraph ended before \def was complete.
    <to be read again>
     \par
    l.60 ...mon Spavound; Enrique Martínez-García}}}{}
     \Rdcontents{\R{} topics do...
    ! Paragraph ended before \def was complete.
    <to be read again>
     \par
    l.60 ...mon Spavound; Enrique Martínez-García}}}{}
     \Rdcontents{\R{} topics do...
    ! Paragraph ended before \def was complete.
    <to be read again>
     \par
    l.60 ...mon Spavound; Enrique Martínez-García}}}{}
     \Rdcontents{\R{} topics do...
    ! Paragraph ended before \def was complete.
    <to be read again>
     \par
    l.60 ...mon Spavound; Enrique Martínez-García}}}{}
     \Rdcontents{\R{} topics do...
    ! Paragraph ended before \def was complete.
    <to be read again>
     \par
    l.60 ...mon Spavound; Enrique Martínez-García}}}{}
     \Rdcontents{\R{} topics do...
    ! Paragraph ended before \def was complete.
    <to be read again>
     \par
    l.60 ...mon Spavound; Enrique Martínez-García}}}{}
     \Rdcontents{\R{} topics do...
    ! Paragraph ended before \def was complete.
    <to be read again>
     \par
    l.60 ...mon Spavound; Enrique Martínez-García}}}{}
     \Rdcontents{\R{} topics do...
    ! Paragraph ended before \def was complete.
    <to be read again>
     \par
    l.60 ...mon Spavound; Enrique Martínez-García}}}{}
     \Rdcontents{\R{} topics do...
    ! Paragraph ended before \def was complete.
    <to be read again>
     \par
    l.60 ...mon Spavound; Enrique Martínez-García}}}{}
     \Rdcontents{\R{} topics do...
    ! Paragraph ended before \def was complete.
    <to be read again>
     \par
    l.60 ...mon Spavound; Enrique Martínez-García}}}{}
     \Rdcontents{\R{} topics do...
    ! Paragraph ended before \def was complete.
    <to be read again>
     \par
    l.60 ...mon Spavound; Enrique Martínez-García}}}{}
     \Rdcontents{\R{} topics do...
    ! ==> Fatal error occurred, no output PDF file produced!
Flavor: r-devel-windows-x86_64-gcc10-UCRT