CRAN Package Check Results for Package eyetrackingR

Last updated on 2018-05-21 05:51:30 CEST.

Flavor Version Tinstall Tcheck Ttotal Status Flags
r-devel-linux-x86_64-debian-clang 0.1.7 5.47 39.49 44.96 OK --no-examples --no-tests --no-vignettes
r-devel-linux-x86_64-debian-gcc 0.1.7 4.85 34.42 39.27 OK --no-examples --no-tests --no-vignettes
r-devel-linux-x86_64-fedora-clang 0.1.7 399.94 OK
r-devel-linux-x86_64-fedora-gcc 0.1.7 397.70 OK
r-devel-windows-ix86+x86_64 0.1.7 12.00 320.00 332.00 NOTE
r-patched-linux-x86_64 0.1.7 5.13 40.02 45.15 OK --no-examples --no-tests --no-vignettes
r-patched-solaris-x86 0.1.7 604.40 OK
r-release-linux-x86_64 0.1.7 4.49 39.65 44.14 OK --no-examples --no-tests --no-vignettes
r-release-windows-ix86+x86_64 0.1.7 13.00 325.00 338.00 NOTE
r-release-osx-x86_64 0.1.7 OK
r-oldrel-windows-ix86+x86_64 0.1.7 10.00 346.00 356.00 NOTE
r-oldrel-osx-x86_64 0.1.7 OK

Check Details

Version: 0.1.7
Check: package dependencies
Result: NOTE
    Package suggested but not available for checking: 'doMC'
Flavors: r-devel-windows-ix86+x86_64, r-release-windows-ix86+x86_64, r-oldrel-windows-ix86+x86_64