CRAN Package Check Results for Package eyetrackingR

Last updated on 2018-08-20 01:46:23 CEST.

Flavor Version Tinstall Tcheck Ttotal Status Flags
r-devel-linux-x86_64-debian-clang 0.1.7 5.87 45.91 51.78 OK --no-examples --no-tests --no-vignettes
r-devel-linux-x86_64-debian-gcc 0.1.7 5.90 36.87 42.77 OK --no-examples --no-tests --no-vignettes
r-devel-linux-x86_64-fedora-clang 0.1.7 369.88 WARN
r-devel-linux-x86_64-fedora-gcc 0.1.7 381.34 WARN
r-devel-windows-ix86+x86_64 0.1.7 19.00 427.00 446.00 WARN
r-patched-linux-x86_64 0.1.7 6.29 41.01 47.30 OK --no-examples --no-tests --no-vignettes
r-patched-solaris-x86 0.1.7 570.10 WARN
r-release-linux-x86_64 0.1.7 4.65 41.06 45.71 OK --no-examples --no-tests --no-vignettes
r-release-windows-ix86+x86_64 0.1.7 18.00 392.00 410.00 WARN
r-release-osx-x86_64 0.1.7 OK
r-oldrel-windows-ix86+x86_64 0.1.7 8.00 317.00 325.00 WARN
r-oldrel-osx-x86_64 0.1.7 OK

Check Details

Version: 0.1.7
Check: re-building of vignette outputs
Result: WARN
    Error in re-building vignettes:
     ...
    Warning: Removed 37 rows containing non-finite values (stat_summary).
    Warning: Removed 37 rows containing non-finite values (stat_summary).
    Warning: Removed 37 rows containing non-finite values (stat_summary).
    Warning: Removed 37 rows containing non-finite values (stat_summary).
    Warning: Removed 37 rows containing non-finite values (stat_summary).
    Warning: Removed 37 rows containing non-finite values (stat_summary).
    Warning: Removed 37 rows containing non-finite values (stat_summary).
    Warning: Removed 37 rows containing non-finite values (stat_summary).
    Warning in make_onset_data(response_window_clean, onset_time = 15500, fixation_window_length = 1, :
     Very few trials have a legitimate first AOI! Possible incorrect onset time?
    Warning in max(SwitchAOI) :
     no non-missing arguments to max; returning -Inf
    Warning in min(SwitchAOI) :
     no non-missing arguments to min; returning Inf
    Warning in max(df_plot$.Time) :
     no non-missing arguments to max; returning -Inf
    Quitting from lines 91-93 (onset_contingent_analysis_vignette.Rmd)
    Error: processing vignette 'onset_contingent_analysis_vignette.Rmd' failed with diagnostics:
    replacement has 1 row, data has 0
    Execution halted
Flavors: r-devel-linux-x86_64-fedora-clang, r-devel-linux-x86_64-fedora-gcc, r-devel-windows-ix86+x86_64, r-release-windows-ix86+x86_64, r-oldrel-windows-ix86+x86_64

Version: 0.1.7
Check: package dependencies
Result: NOTE
    Package suggested but not available for checking: 'doMC'
Flavors: r-devel-windows-ix86+x86_64, r-release-windows-ix86+x86_64, r-oldrel-windows-ix86+x86_64

Version: 0.1.7
Check: re-building of vignette outputs
Result: WARN
    Error in re-building vignettes:
     ...
    Warning in engine$weave(file, quiet = quiet, encoding = enc) :
     Pandoc (>= 1.12.3) and/or pandoc-citeproc not available. Falling back to R Markdown v1.
    Warning: Removed 37 rows containing non-finite values (stat_summary).
    Warning: Removed 37 rows containing non-finite values (stat_summary).
    Warning in engine$weave(file, quiet = quiet, encoding = enc) :
     Pandoc (>= 1.12.3) and/or pandoc-citeproc not available. Falling back to R Markdown v1.
    Warning: Removed 37 rows containing non-finite values (stat_summary).
    Warning: Removed 37 rows containing non-finite values (stat_summary).
    Warning: Removed 37 rows containing non-finite values (stat_summary).
    Warning: Removed 37 rows containing non-finite values (stat_summary).
    Warning: Removed 37 rows containing non-finite values (stat_summary).
    Warning: Removed 37 rows containing non-finite values (stat_summary).
    Warning in engine$weave(file, quiet = quiet, encoding = enc) :
     Pandoc (>= 1.12.3) and/or pandoc-citeproc not available. Falling back to R Markdown v1.
    Warning in make_onset_data(response_window_clean, onset_time = 15500, fixation_window_length = 1, :
     Very few trials have a legitimate first AOI! Possible incorrect onset time?
    Warning in max(SwitchAOI) :
     no non-missing arguments to max; returning -Inf
    Warning in min(SwitchAOI) :
     no non-missing arguments to min; returning Inf
    Warning in max(df_plot$.Time) :
     no non-missing arguments to max; returning -Inf
    Quitting from lines 91-93 (onset_contingent_analysis_vignette.Rmd)
    Error: processing vignette 'onset_contingent_analysis_vignette.Rmd' failed with diagnostics:
    replacement has 1 row, data has 0
    Execution halted
Flavor: r-patched-solaris-x86