CRAN Package Check Results for Package eyetrackingR

Last updated on 2019-02-19 22:51:27 CET.

Flavor Version Tinstall Tcheck Ttotal Status Flags
r-devel-linux-x86_64-debian-clang 0.1.8 6.46 338.25 344.71 OK
r-devel-linux-x86_64-debian-gcc 0.1.8 5.58 253.49 259.07 OK
r-devel-linux-x86_64-fedora-clang 0.1.8 396.52 OK
r-devel-linux-x86_64-fedora-gcc 0.1.8 378.24 OK
r-devel-windows-ix86+x86_64 0.1.8 14.00 441.00 455.00 NOTE
r-patched-linux-x86_64 0.1.8 5.28 304.26 309.54 OK
r-patched-solaris-x86 0.1.8 597.50 OK
r-release-linux-x86_64 0.1.8 5.80 303.02 308.82 OK
r-release-windows-ix86+x86_64 0.1.8 10.00 414.00 424.00 NOTE
r-release-osx-x86_64 0.1.8 OK
r-oldrel-windows-ix86+x86_64 0.1.8 9.00 377.00 386.00 NOTE
r-oldrel-osx-x86_64 0.1.8 OK

Check Details

Version: 0.1.8
Check: package dependencies
Result: NOTE
    Package suggested but not available for checking: 'doMC'
Flavors: r-devel-windows-ix86+x86_64, r-release-windows-ix86+x86_64, r-oldrel-windows-ix86+x86_64