CRAN Package Check Results for Package eyetrackingR

Last updated on 2018-02-23 06:54:49 CET.

Flavor Version Tinstall Tcheck Ttotal Status Flags
r-devel-linux-x86_64-debian-clang 0.1.7 5.02 35.37 40.39 OK --no-examples --no-tests --no-vignettes
r-devel-linux-x86_64-debian-gcc 0.1.7 4.65 31.37 36.02 OK --no-examples --no-tests --no-vignettes
r-devel-linux-x86_64-fedora-clang 0.1.7 385.66 OK
r-devel-linux-x86_64-fedora-gcc 0.1.7 413.38 OK
r-devel-windows-ix86+x86_64 0.1.7 15.00 413.00 428.00 NOTE
r-patched-linux-x86_64 0.1.7 3.00 41.97 44.97 OK --no-examples --no-tests --no-vignettes
r-patched-solaris-x86 0.1.7 603.20 OK
r-release-linux-x86_64 0.1.7 3.19 42.03 45.22 OK --no-examples --no-tests --no-vignettes
r-release-windows-ix86+x86_64 0.1.7 13.00 456.00 469.00 NOTE
r-release-osx-x86_64 0.1.7 OK
r-oldrel-windows-ix86+x86_64 0.1.7 8.00 351.00 359.00 NOTE
r-oldrel-osx-x86_64 0.1.6 OK

Check Details

Version: 0.1.7
Check: package dependencies
Result: NOTE
    Package suggested but not available for checking: 'doMC'
Flavors: r-devel-windows-ix86+x86_64, r-release-windows-ix86+x86_64, r-oldrel-windows-ix86+x86_64