CRAN Package Check Results for Package ez

Last updated on 2018-11-21 10:50:39 CET.

Flavor Version Tinstall Tcheck Ttotal Status Flags
r-devel-linux-x86_64-debian-clang 4.4-0 9.03 112.38 121.41 OK
r-devel-linux-x86_64-debian-gcc 4.4-0 8.15 87.56 95.71 OK
r-devel-linux-x86_64-fedora-clang 4.4-0 139.75 OK
r-devel-linux-x86_64-fedora-gcc 4.4-0 135.83 OK
r-devel-windows-ix86+x86_64 4.4-0 22.00 170.00 192.00 WARN
r-patched-linux-x86_64 4.4-0 7.84 107.75 115.59 OK
r-patched-solaris-x86 4.4-0 201.90 OK
r-release-linux-x86_64 4.4-0 6.89 107.21 114.10 OK
r-release-windows-ix86+x86_64 4.4-0 16.00 178.00 194.00 WARN
r-release-osx-x86_64 4.4-0 OK
r-oldrel-windows-ix86+x86_64 4.4-0 15.00 170.00 185.00 WARN
r-oldrel-osx-x86_64 4.4-0 OK

Check Details

Version: 4.4-0
Check: whether package can be installed
Result: WARN
    Found the following significant warnings:
     Warning: S3 methods '[.fun_list', '[.grouped_df', 'all.equal.tbl_df', 'anti_join.data.frame', 'anti_join.tbl_df', 'arrange.data.frame', 'arrange.default', 'arrange.grouped_df', 'arrange.tbl_df', 'arrange_.data.frame', 'arrange_.tbl_df', 'as.data.frame.grouped_df', 'as.data.frame.rowwise_df', 'as.data.frame.tbl_cube', 'as.table.tbl_cube', 'as.tbl.data.frame', 'as.tbl.tbl', 'as.tbl_cube.array', 'as.tbl_cube.data.frame', 'as.tbl_cube.matrix', 'as.tbl_cube.table', 'as_tibble.grouped_df', 'as_tibble.tbl_cube', 'auto_copy.tbl_cube', 'auto_copy.tbl_df', 'cbind.grouped_df', 'collapse.data.frame', 'collect.data.frame', 'common_by.NULL', 'common_by.character', 'common_by.default', 'common_by.list', 'compute.data.frame', 'copy_to.DBIConnection', 'copy_to.src_local', 'default_missing.data.frame', 'default_missing.default', 'dim.tbl_cube', 'distinct.data.frame', 'distinct.default', 'distinct.grouped_df', 'distinct.tbl_df', 'distinct_.data.frame', 'distinct_.grouped_df', 'distinct_.tbl_df', 'do.NULL', 'do.da [... truncated]
Flavors: r-devel-windows-ix86+x86_64, r-release-windows-ix86+x86_64, r-oldrel-windows-ix86+x86_64