CRAN Package Check Results for Package ezcox

Last updated on 2021-05-10 18:50:36 CEST.

Flavor Version Tinstall Tcheck Ttotal Status Flags
r-devel-linux-x86_64-debian-clang 0.8.1 8.75 125.63 134.38 NOTE
r-devel-linux-x86_64-debian-gcc 0.8.1 7.18 92.70 99.88 NOTE
r-devel-linux-x86_64-fedora-clang 0.8.1 166.58 NOTE
r-devel-linux-x86_64-fedora-gcc 0.8.1 157.90 NOTE
r-devel-windows-ix86+x86_64 0.8.1 23.00 174.00 197.00 NOTE
r-devel-windows-x86_64-gcc10-UCRT 0.8.1 NOTE
r-patched-linux-x86_64 0.8.1 9.71 118.16 127.87 NOTE
r-patched-solaris-x86 0.8.1 216.60 NOTE
r-release-linux-x86_64 0.8.1 7.91 116.07 123.98 OK
r-release-macos-x86_64 0.8.1 OK
r-release-windows-ix86+x86_64 0.8.1 17.00 118.00 135.00 OK
r-oldrel-macos-x86_64 0.8.1 OK
r-oldrel-windows-ix86+x86_64 0.8.1 20.00 155.00 175.00 OK

Check Details

Version: 0.8.1
Check: LazyData
Result: NOTE
     'LazyData' is specified without a 'data' directory
Flavors: r-devel-linux-x86_64-debian-clang, r-devel-linux-x86_64-debian-gcc, r-devel-linux-x86_64-fedora-clang, r-devel-linux-x86_64-fedora-gcc, r-devel-windows-ix86+x86_64, r-devel-windows-x86_64-gcc10-UCRT, r-patched-linux-x86_64, r-patched-solaris-x86