CRAN Package Check Results for Package ezec

Last updated on 2019-03-24 04:46:49 CET.

Flavor Version Tinstall Tcheck Ttotal Status Flags
r-devel-linux-x86_64-debian-clang 1.0.1 8.73 79.79 88.52 OK
r-devel-linux-x86_64-debian-gcc 1.0.1 7.22 62.76 69.98 OK
r-devel-linux-x86_64-fedora-clang 1.0.1 106.00 OK
r-devel-linux-x86_64-fedora-gcc 1.0.1 98.66 OK
r-devel-windows-ix86+x86_64 1.0.1 30.00 131.00 161.00 OK
r-patched-linux-x86_64 1.0.1 4.96 75.07 80.03 OK
r-patched-solaris-x86 1.0.1 154.10 OK
r-release-linux-x86_64 1.0.1 0.31 2.16 2.47 ERROR
r-release-windows-ix86+x86_64 1.0.1 13.00 92.00 105.00 OK
r-release-osx-x86_64 1.0.1 OK
r-oldrel-windows-ix86+x86_64 1.0.1 12.00 118.00 130.00 OK
r-oldrel-osx-x86_64 1.0.1 OK

Check Details

Version: 1.0.1
Check: whether package can be installed
Result: ERROR
    Installation failed.
Flavor: r-release-linux-x86_64