CRAN Package Check Results for Package fAssets

Last updated on 2022-08-09 23:53:54 CEST.

Flavor Version Tinstall Tcheck Ttotal Status Flags
r-devel-linux-x86_64-debian-clang 3042.84 10.25 89.16 99.41 NOTE
r-devel-linux-x86_64-debian-gcc 3042.84 8.06 66.94 75.00 NOTE
r-devel-linux-x86_64-fedora-clang 3042.84 127.95 NOTE
r-devel-linux-x86_64-fedora-gcc 3042.84 125.56 NOTE
r-devel-windows-x86_64 3042.84 34.00 110.00 144.00 NOTE
r-patched-linux-x86_64 3042.84 11.77 84.81 96.58 NOTE
r-release-linux-x86_64 3042.84 NOTE
r-release-macos-arm64 3042.84 36.00 NOTE
r-release-macos-x86_64 3042.84 49.00 NOTE
r-release-windows-x86_64 3042.84 40.00 111.00 151.00 NOTE
r-oldrel-macos-arm64 3042.84 44.00 NOTE
r-oldrel-macos-x86_64 3042.84 59.00 NOTE
r-oldrel-windows-ix86+x86_64 3042.84 23.00 104.00 127.00 NOTE

Check Details

Version: 3042.84
Check: LazyData
Result: NOTE
     'LazyData' is specified without a 'data' directory
Flavors: r-devel-linux-x86_64-debian-clang, r-devel-linux-x86_64-debian-gcc, r-devel-linux-x86_64-fedora-clang, r-devel-linux-x86_64-fedora-gcc, r-devel-windows-x86_64, r-patched-linux-x86_64, r-release-linux-x86_64, r-release-macos-arm64, r-release-macos-x86_64, r-release-windows-x86_64, r-oldrel-macos-arm64, r-oldrel-macos-x86_64, r-oldrel-windows-ix86+x86_64