CRAN Package Check Results for Package fBasics

Last updated on 2019-08-25 10:46:18 CEST.

Flavor Version Tinstall Tcheck Ttotal Status Flags
r-devel-linux-x86_64-debian-clang 3042.89 75.82 145.13 220.95 OK
r-devel-linux-x86_64-debian-gcc 3042.89 61.20 115.45 176.65 OK
r-devel-linux-x86_64-fedora-clang 3042.89 271.32 NOTE
r-devel-linux-x86_64-fedora-gcc 3042.89 253.59 NOTE
r-devel-windows-ix86+x86_64 3042.89 88.00 190.00 278.00 OK
r-patched-linux-x86_64 3042.89 64.82 146.43 211.25 OK
r-patched-solaris-x86 3042.89 387.20 OK
r-release-linux-x86_64 3042.89 65.28 144.29 209.57 OK
r-release-windows-ix86+x86_64 3042.89 119.00 248.00 367.00 OK
r-release-osx-x86_64 3042.89 OK
r-oldrel-windows-ix86+x86_64 3042.89 114.00 232.00 346.00 OK
r-oldrel-osx-x86_64 3042.89 OK

Check Details

Version: 3042.89
Check: compiled code
Result: NOTE
    File ‘fBasics/libs/fBasics.so’:
     Found no calls to: ‘R_registerRoutines’, ‘R_useDynamicSymbols’
    
    It is good practice to register native routines and to disable symbol
    search.
    
    See ‘Writing portable packages’ in the ‘Writing R Extensions’ manual.
Flavors: r-devel-linux-x86_64-fedora-clang, r-devel-linux-x86_64-fedora-gcc