CRAN Package Check Results for Package fabCI

Last updated on 2023-12-01 12:52:18 CET.

Flavor Version Tinstall Tcheck Ttotal Status Flags
r-devel-linux-x86_64-debian-clang 0.2 2.50 33.28 35.78 NOTE
r-devel-linux-x86_64-debian-gcc 0.2 2.24 24.91 27.15 NOTE
r-devel-linux-x86_64-fedora-clang 0.2 45.76 NOTE
r-devel-linux-x86_64-fedora-gcc 0.2 43.26 NOTE
r-devel-windows-x86_64 0.2 4.00 50.00 54.00 NOTE
r-patched-linux-x86_64 0.2 2.41 32.98 35.39 NOTE
r-release-linux-x86_64 0.2 1.96 32.47 34.43 NOTE
r-release-macos-arm64 0.2 17.00 NOTE
r-release-macos-x86_64 0.2 25.00 NOTE
r-release-windows-x86_64 0.2 5.00 51.00 56.00 NOTE
r-oldrel-macos-arm64 0.2 22.00 OK
r-oldrel-macos-x86_64 0.2 24.00 OK
r-oldrel-windows-x86_64 0.2 5.00 50.00 55.00 OK

Check Details

Version: 0.2
Check: package subdirectories
Result: NOTE Problems with news in ‘NEWS.md’: No news entries found. Flavors: r-devel-linux-x86_64-debian-clang, r-devel-linux-x86_64-debian-gcc, r-devel-linux-x86_64-fedora-clang, r-devel-linux-x86_64-fedora-gcc, r-devel-windows-x86_64, r-patched-linux-x86_64, r-release-linux-x86_64, r-release-macos-arm64, r-release-macos-x86_64, r-release-windows-x86_64