CRAN Package Check Results for Package fable

Last updated on 2019-12-14 18:46:30 CET.

Flavor Version Tinstall Tcheck Ttotal Status Flags
r-devel-linux-x86_64-debian-clang 0.1.1 26.81 172.96 199.77 OK
r-devel-linux-x86_64-debian-gcc 0.1.1 21.59 125.22 146.81 ERROR
r-devel-linux-x86_64-fedora-clang 0.1.1 241.62 ERROR
r-devel-linux-x86_64-fedora-gcc 0.1.1 236.80 ERROR
r-devel-windows-ix86+x86_64 0.1.1 80.00 423.00 503.00 OK
r-devel-windows-ix86+x86_64-gcc8 0.1.1 57.00 322.00 379.00 OK
r-patched-linux-x86_64 0.1.1 22.61 154.19 176.80 OK
r-patched-solaris-x86 0.1.1 278.50 OK
r-release-linux-x86_64 0.1.1 22.26 153.65 175.91 OK
r-release-windows-ix86+x86_64 0.1.1 49.00 308.00 357.00 OK
r-release-osx-x86_64 0.1.1 OK
r-oldrel-windows-ix86+x86_64 0.1.1 45.00 286.00 331.00 OK
r-oldrel-osx-x86_64 0.1.1 OK

Check Details

Version: 0.1.1
Check: tests
Result: ERROR
     Running ‘testthat.R’ [18s/24s]
    Running the tests in ‘tests/testthat.R’ failed.
    Complete output:
     > library(testthat)
     > library(fable)
     Loading required package: fabletools
     >
     > test_check("fable")
     ── 1. Failure: ARIMA with xregs (@test-arima.R#135) ───────────────────────────
     coef(fable_fit$model[[1]]$fit$model) not equivalent to coef(stats_fit).
     target is NULL, current is numeric
    
     ── 2. Failure: ARIMA with xregs (@test-arima.R#144) ───────────────────────────
     fable_fc$mdeaths not equivalent to unclass(stats_fc$pred).
     12/12 mismatches (average diff: NaN)
     [1] NA - 2041 == NA
     [2] NA - 1971 == NA
     [3] NA - 1835 == NA
     [4] NA - 1570 == NA
     [5] NA - 1260 == NA
     [6] NA - 1147 == NA
     [7] NA - 1091 == NA
     [8] NA - 1030 == NA
     [9] NA - 1062 == NA
     ...
    
     ── 3. Failure: ARIMA with xregs (@test-arima.R#149) ───────────────────────────
     model_sum(fable_fit$model[[1]]) not identical to "LM w/ ARIMA(1,1,1) errors".
     1/1 mismatches
     x[1]: "NULL model"
     y[1]: "LM w/ ARIMA(1,1,1) errors"
    
     ── 4. Failure: ARIMA with xregs (@test-arima.R#156) ───────────────────────────
     model_sum(fable_fit$model[[1]]) not equal to "LM w/ ARIMA(2,0,1) errors".
     1/1 mismatches
     x[1]: "NULL model"
     y[1]: "LM w/ ARIMA(2,0,1) errors"
    
     ── 5. Failure: ARIMA with xregs (@test-arima.R#162) ───────────────────────────
     !any(is.na(fable_fc$mdeaths)) isn't true.
    
     ══ testthat results ═══════════════════════════════════════════════════════════
     [ OK: 99 | SKIPPED: 1 | WARNINGS: 2 | FAILED: 5 ]
     1. Failure: ARIMA with xregs (@test-arima.R#135)
     2. Failure: ARIMA with xregs (@test-arima.R#144)
     3. Failure: ARIMA with xregs (@test-arima.R#149)
     4. Failure: ARIMA with xregs (@test-arima.R#156)
     5. Failure: ARIMA with xregs (@test-arima.R#162)
    
     Error: testthat unit tests failed
     Execution halted
Flavor: r-devel-linux-x86_64-debian-gcc

Version: 0.1.1
Check: tests
Result: ERROR
     Running ‘testthat.R’ [28s/68s]
    Running the tests in ‘tests/testthat.R’ failed.
    Complete output:
     > library(testthat)
     > library(fable)
     Loading required package: fabletools
     >
     > test_check("fable")
     ── 1. Failure: ARIMA with xregs (@test-arima.R#135) ───────────────────────────
     coef(fable_fit$model[[1]]$fit$model) not equivalent to coef(stats_fit).
     target is NULL, current is numeric
    
     ── 2. Failure: ARIMA with xregs (@test-arima.R#144) ───────────────────────────
     fable_fc$mdeaths not equivalent to unclass(stats_fc$pred).
     12/12 mismatches (average diff: NaN)
     [1] NA - 2041 == NA
     [2] NA - 1971 == NA
     [3] NA - 1835 == NA
     [4] NA - 1570 == NA
     [5] NA - 1260 == NA
     [6] NA - 1147 == NA
     [7] NA - 1091 == NA
     [8] NA - 1030 == NA
     [9] NA - 1062 == NA
     ...
    
     ── 3. Failure: ARIMA with xregs (@test-arima.R#149) ───────────────────────────
     model_sum(fable_fit$model[[1]]) not identical to "LM w/ ARIMA(1,1,1) errors".
     1/1 mismatches
     x[1]: "NULL model"
     y[1]: "LM w/ ARIMA(1,1,1) errors"
    
     ── 4. Failure: ARIMA with xregs (@test-arima.R#156) ───────────────────────────
     model_sum(fable_fit$model[[1]]) not equal to "LM w/ ARIMA(2,0,1) errors".
     1/1 mismatches
     x[1]: "NULL model"
     y[1]: "LM w/ ARIMA(2,0,1) errors"
    
     ── 5. Failure: ARIMA with xregs (@test-arima.R#162) ───────────────────────────
     !any(is.na(fable_fc$mdeaths)) isn't true.
    
     ══ testthat results ═══════════════════════════════════════════════════════════
     [ OK: 99 | SKIPPED: 1 | WARNINGS: 2 | FAILED: 5 ]
     1. Failure: ARIMA with xregs (@test-arima.R#135)
     2. Failure: ARIMA with xregs (@test-arima.R#144)
     3. Failure: ARIMA with xregs (@test-arima.R#149)
     4. Failure: ARIMA with xregs (@test-arima.R#156)
     5. Failure: ARIMA with xregs (@test-arima.R#162)
    
     Error: testthat unit tests failed
     Execution halted
Flavor: r-devel-linux-x86_64-fedora-clang

Version: 0.1.1
Check: tests
Result: ERROR
     Running ‘testthat.R’ [29s/47s]
    Running the tests in ‘tests/testthat.R’ failed.
    Complete output:
     > library(testthat)
     > library(fable)
     Loading required package: fabletools
     >
     > test_check("fable")
     ── 1. Failure: ARIMA with xregs (@test-arima.R#135) ───────────────────────────
     coef(fable_fit$model[[1]]$fit$model) not equivalent to coef(stats_fit).
     target is NULL, current is numeric
    
     ── 2. Failure: ARIMA with xregs (@test-arima.R#144) ───────────────────────────
     fable_fc$mdeaths not equivalent to unclass(stats_fc$pred).
     12/12 mismatches (average diff: NaN)
     [1] NA - 2041 == NA
     [2] NA - 1971 == NA
     [3] NA - 1835 == NA
     [4] NA - 1570 == NA
     [5] NA - 1260 == NA
     [6] NA - 1147 == NA
     [7] NA - 1091 == NA
     [8] NA - 1030 == NA
     [9] NA - 1062 == NA
     ...
    
     ── 3. Failure: ARIMA with xregs (@test-arima.R#149) ───────────────────────────
     model_sum(fable_fit$model[[1]]) not identical to "LM w/ ARIMA(1,1,1) errors".
     1/1 mismatches
     x[1]: "NULL model"
     y[1]: "LM w/ ARIMA(1,1,1) errors"
    
     ── 4. Failure: ARIMA with xregs (@test-arima.R#156) ───────────────────────────
     model_sum(fable_fit$model[[1]]) not equal to "LM w/ ARIMA(2,0,1) errors".
     1/1 mismatches
     x[1]: "NULL model"
     y[1]: "LM w/ ARIMA(2,0,1) errors"
    
     ── 5. Failure: ARIMA with xregs (@test-arima.R#162) ───────────────────────────
     !any(is.na(fable_fc$mdeaths)) isn't true.
    
     ══ testthat results ═══════════════════════════════════════════════════════════
     [ OK: 99 | SKIPPED: 1 | WARNINGS: 2 | FAILED: 5 ]
     1. Failure: ARIMA with xregs (@test-arima.R#135)
     2. Failure: ARIMA with xregs (@test-arima.R#144)
     3. Failure: ARIMA with xregs (@test-arima.R#149)
     4. Failure: ARIMA with xregs (@test-arima.R#156)
     5. Failure: ARIMA with xregs (@test-arima.R#162)
    
     Error: testthat unit tests failed
     Execution halted
Flavor: r-devel-linux-x86_64-fedora-gcc