CRAN Package Check Results for Package fabletools

Last updated on 2019-12-06 01:46:31 CET.

Flavor Version Tinstall Tcheck Ttotal Status Flags
r-devel-linux-x86_64-debian-clang 0.1.1 14.14 150.91 165.05 OK
r-devel-linux-x86_64-debian-gcc 0.1.1 11.58 114.04 125.62 OK
r-devel-linux-x86_64-fedora-clang 0.1.1 178.57 OK
r-devel-linux-x86_64-fedora-gcc 0.1.1 178.66 OK
r-devel-windows-ix86+x86_64 0.1.1 22.00 210.00 232.00 OK
r-devel-windows-ix86+x86_64-gcc8 0.1.1 43.00 155.00 198.00 OK
r-patched-linux-x86_64 0.1.1 13.00 134.17 147.17 OK
r-patched-solaris-x86 0.1.1 247.50 OK
r-release-linux-x86_64 0.1.1 14.60 134.82 149.42 OK
r-release-windows-ix86+x86_64 0.1.1 19.00 149.00 168.00 OK
r-release-osx-x86_64 0.1.1 NOTE
r-oldrel-windows-ix86+x86_64 0.1.1 17.00 216.00 233.00 OK
r-oldrel-osx-x86_64 0.1.1 NOTE

Additional issues

noLD

Check Details

Version: 0.1.1
Check: package dependencies
Result: NOTE
    Package suggested but not available for checking: ‘fable’
Flavors: r-release-osx-x86_64, r-oldrel-osx-x86_64