CRAN Package Check Results for Package factorMerger

Last updated on 2018-08-18 10:50:27 CEST.

Flavor Version Tinstall Tcheck Ttotal Status Flags
r-devel-linux-x86_64-debian-clang 0.3.6 9.56 169.76 179.32 OK
r-devel-linux-x86_64-debian-gcc 0.3.6 6.97 132.78 139.75 OK
r-devel-linux-x86_64-fedora-clang 0.3.6 210.64 NOTE
r-devel-linux-x86_64-fedora-gcc 0.3.6 209.48 NOTE
r-devel-windows-ix86+x86_64 0.3.6 35.00 277.00 312.00 OK
r-patched-linux-x86_64 0.3.6 8.23 148.37 156.60 OK
r-patched-solaris-x86 0.3.6 284.50 NOTE
r-release-linux-x86_64 0.3.6 7.95 150.10 158.05 OK
r-release-windows-ix86+x86_64 0.3.6 27.00 216.00 243.00 OK
r-release-osx-x86_64 0.3.6 NOTE
r-oldrel-windows-ix86+x86_64 0.3.6 18.00 184.00 202.00 OK
r-oldrel-osx-x86_64 0.3.6 NOTE

Check Details

Version: 0.3.6
Check: dependencies in R code
Result: NOTE
    Namespaces in Imports field not imported from:
     ‘forcats’ ‘formula.tools’
     All declared Imports should be used.
Flavors: r-devel-linux-x86_64-fedora-clang, r-devel-linux-x86_64-fedora-gcc, r-patched-solaris-x86, r-release-osx-x86_64, r-oldrel-osx-x86_64