CRAN Package Check Results for Package factorMerger

Last updated on 2019-01-22 02:48:46 CET.

Flavor Version Tinstall Tcheck Ttotal Status Flags
r-devel-linux-x86_64-debian-clang 0.3.6 8.79 169.47 178.26 OK
r-devel-linux-x86_64-debian-gcc 0.3.6 7.83 126.93 134.76 OK
r-devel-linux-x86_64-fedora-clang 0.3.6 221.75 NOTE
r-devel-linux-x86_64-fedora-gcc 0.3.6 194.08 NOTE
r-devel-windows-ix86+x86_64 0.3.6 29.00 257.00 286.00 OK
r-patched-linux-x86_64 0.3.6 9.92 153.09 163.01 OK
r-patched-solaris-x86 0.3.6 320.50 NOTE
r-release-linux-x86_64 0.3.6 9.49 153.01 162.50 OK
r-release-windows-ix86+x86_64 0.3.6 30.00 230.00 260.00 OK
r-release-osx-x86_64 0.3.6 NOTE
r-oldrel-windows-ix86+x86_64 0.3.6 27.00 203.00 230.00 OK
r-oldrel-osx-x86_64 0.3.6 NOTE

Check Details

Version: 0.3.6
Check: dependencies in R code
Result: NOTE
    Namespaces in Imports field not imported from:
     ‘forcats’ ‘formula.tools’
     All declared Imports should be used.
Flavors: r-devel-linux-x86_64-fedora-clang, r-devel-linux-x86_64-fedora-gcc, r-patched-solaris-x86, r-release-osx-x86_64, r-oldrel-osx-x86_64