CRAN Package Check Results for Package factorMerger

Last updated on 2018-02-24 04:48:31 CET.

Flavor Version Tinstall Tcheck Ttotal Status Flags
r-devel-linux-x86_64-debian-clang 0.3.5 6.51 154.06 160.57 OK
r-devel-linux-x86_64-debian-gcc 0.3.5 6.07 115.66 121.73 OK
r-devel-linux-x86_64-fedora-clang 0.3.5 189.62 NOTE
r-devel-linux-x86_64-fedora-gcc 0.3.5 185.18 NOTE
r-devel-windows-ix86+x86_64 0.3.5 21.00 215.00 236.00 OK
r-patched-linux-x86_64 0.3.5 6.30 163.93 170.23 OK
r-patched-solaris-x86 0.3.5 242.30 NOTE
r-release-linux-x86_64 0.3.5 6.26 162.94 169.20 OK
r-release-windows-ix86+x86_64 0.3.5 12.00 161.00 173.00 OK
r-release-osx-x86_64 0.3.5 NOTE
r-oldrel-windows-ix86+x86_64 0.3.2 15.00 147.00 162.00 OK
r-oldrel-osx-x86_64 0.3.2 OK

Check Details

Version: 0.3.5
Check: dependencies in R code
Result: NOTE
    Namespaces in Imports field not imported from:
     ‘forcats’ ‘formula.tools’
     All declared Imports should be used.
Flavors: r-devel-linux-x86_64-fedora-clang, r-devel-linux-x86_64-fedora-gcc, r-patched-solaris-x86, r-release-osx-x86_64