CRAN Package Check Results for Package factorMerger

Last updated on 2018-05-25 01:46:34 CEST.

Flavor Version Tinstall Tcheck Ttotal Status Flags
r-devel-linux-x86_64-debian-clang 0.3.6 10.75 147.63 158.38 OK
r-devel-linux-x86_64-debian-gcc 0.3.6 8.03 127.77 135.80 OK
r-devel-linux-x86_64-fedora-clang 0.3.6 215.47 NOTE
r-devel-linux-x86_64-fedora-gcc 0.3.6 214.80 NOTE
r-devel-windows-ix86+x86_64 0.3.6 21.00 167.00 188.00 OK
r-patched-linux-x86_64 0.3.6 9.62 147.10 156.72 OK
r-patched-solaris-x86 0.3.6 287.60 NOTE
r-release-linux-x86_64 0.3.6 9.10 150.08 159.18 OK
r-release-windows-ix86+x86_64 0.3.6 28.00 222.00 250.00 OK
r-release-osx-x86_64 0.3.6 NOTE
r-oldrel-windows-ix86+x86_64 0.3.6 30.00 174.00 204.00 OK
r-oldrel-osx-x86_64 0.3.6 NOTE

Check Details

Version: 0.3.6
Check: dependencies in R code
Result: NOTE
    Namespaces in Imports field not imported from:
     ‘forcats’ ‘formula.tools’
     All declared Imports should be used.
Flavors: r-devel-linux-x86_64-fedora-clang, r-devel-linux-x86_64-fedora-gcc, r-patched-solaris-x86, r-release-osx-x86_64, r-oldrel-osx-x86_64