CRAN Package Check Results for Package fairadapt

Last updated on 2021-04-11 21:48:34 CEST.

Flavor Version Tinstall Tcheck Ttotal Status Flags
r-devel-linux-x86_64-debian-clang 0.1.0 2.32 29.76 32.08 NOTE
r-devel-linux-x86_64-debian-gcc 0.1.0 1.80 22.68 24.48 NOTE
r-devel-linux-x86_64-fedora-clang 0.1.0 47.47 NOTE
r-devel-linux-x86_64-fedora-gcc 0.1.0 35.00 NOTE
r-devel-windows-ix86+x86_64 0.1.0 5.00 53.00 58.00 NOTE
r-devel-windows-x86_64-gcc10-UCRT 0.1.0 NOTE
r-patched-linux-x86_64 0.1.0 2.14 28.79 30.93 OK
r-patched-solaris-x86 0.1.0 59.30 OK
r-release-linux-x86_64 0.1.0 2.07 28.81 30.88 OK
r-release-macos-x86_64 0.1.0 OK
r-release-windows-ix86+x86_64 0.1.0 6.00 43.00 49.00 OK
r-oldrel-macos-x86_64 0.1.0 OK
r-oldrel-windows-ix86+x86_64 0.1.0 4.00 30.00 34.00 OK

Check Details

Version: 0.1.0
Check: LazyData
Result: NOTE
     'LazyData' is specified without a 'data' directory
Flavors: r-devel-linux-x86_64-debian-clang, r-devel-linux-x86_64-debian-gcc, r-devel-linux-x86_64-fedora-clang, r-devel-linux-x86_64-fedora-gcc, r-devel-windows-ix86+x86_64, r-devel-windows-x86_64-gcc10-UCRT