CRAN Package Check Results for Package fakemake

Last updated on 2019-01-24 06:47:07 CET.

Flavor Version Tinstall Tcheck Ttotal Status Flags
r-devel-linux-x86_64-debian-clang 1.4.0 1.27 76.63 77.90 OK
r-devel-linux-x86_64-debian-gcc 1.4.0 1.26 61.15 62.41 OK
r-devel-linux-x86_64-fedora-clang 1.4.0 96.86 NOTE
r-devel-linux-x86_64-fedora-gcc 1.4.0 89.52 NOTE
r-devel-windows-ix86+x86_64 1.4.0 5.00 95.00 100.00 OK
r-patched-linux-x86_64 1.4.0 1.38 71.53 72.91 OK
r-patched-solaris-x86 1.4.0 150.00 NOTE
r-release-linux-x86_64 1.4.0 1.32 71.20 72.52 OK
r-release-windows-ix86+x86_64 1.4.0 3.00 88.00 91.00 OK
r-release-osx-x86_64 1.4.0 NOTE
r-oldrel-windows-ix86+x86_64 1.4.0 4.00 91.00 95.00 OK
r-oldrel-osx-x86_64 1.4.0 NOTE

Check Details

Version: 1.4.0
Check: dependencies in R code
Result: NOTE
    Namespace in Imports field not imported from: ‘pkgbuild’
     All declared Imports should be used.
Flavors: r-devel-linux-x86_64-fedora-clang, r-devel-linux-x86_64-fedora-gcc, r-patched-solaris-x86, r-release-osx-x86_64, r-oldrel-osx-x86_64