CRAN Package Check Results for Package farff

Last updated on 2022-05-24 10:51:03 CEST.

Flavor Version Tinstall Tcheck Ttotal Status Flags
r-devel-linux-x86_64-debian-clang 1.1.1 7.13 55.44 62.57 OK
r-devel-linux-x86_64-debian-gcc 1.1.1 5.72 41.80 47.52 OK
r-devel-linux-x86_64-fedora-clang 1.1.1 73.92 NOTE
r-devel-linux-x86_64-fedora-gcc 1.1.1 72.01 OK
r-devel-windows-x86_64 1.1.1 20.00 73.00 93.00 OK
r-patched-linux-x86_64 1.1.1 5.76 52.78 58.54 OK
r-release-linux-x86_64 1.1.1 OK
r-release-macos-arm64 1.1.1 23.00 OK
r-release-macos-x86_64 1.1.1 48.00 NOTE
r-release-windows-x86_64 1.1.1 19.00 85.00 104.00 OK
r-oldrel-macos-arm64 1.1.1 26.00 OK
r-oldrel-macos-x86_64 1.1.1 37.00 OK
r-oldrel-windows-ix86+x86_64 1.1.1 19.00 79.00 98.00 OK

Check Details

Version: 1.1.1
Check: Rd cross-references
Result: NOTE
    Undeclared package ‘RWeka’ in Rd xrefs
Flavor: r-devel-linux-x86_64-fedora-clang

Version: 1.1.1
Check: Rd cross-references
Result: NOTE
    Package unavailable to check Rd xrefs: ‘RWeka’
Flavor: r-release-macos-x86_64