CRAN Package Check Results for Package farrell

Last updated on 2021-03-09 08:51:00 CET.

Flavor Version Tinstall Tcheck Ttotal Status Flags
r-devel-linux-x86_64-debian-clang 0.2.1 2.50 24.78 27.28 OK
r-devel-linux-x86_64-debian-gcc 0.2.1 2.05 19.39 21.44 OK
r-devel-linux-x86_64-fedora-clang 0.2.1 42.72 NOTE
r-devel-linux-x86_64-fedora-gcc 0.2.1 33.11 NOTE
r-devel-windows-ix86+x86_64 0.2.1 6.00 31.00 37.00 OK
r-devel-windows-x86_64-gcc10-UCRT 0.2.1 NOTE
r-patched-linux-x86_64 0.2.1 2.80 24.36 27.16 OK
r-patched-solaris-x86 0.2.1 52.50 NOTE
r-release-linux-x86_64 0.2.1 2.83 24.83 27.66 OK
r-release-macos-x86_64 0.2.1 NOTE
r-release-windows-ix86+x86_64 0.2.1 5.00 39.00 44.00 OK
r-oldrel-macos-x86_64 0.2.1 NOTE
r-oldrel-windows-ix86+x86_64 0.2.1 4.00 30.00 34.00 OK

Check Details

Version: 0.2.1
Check: dependencies in R code
Result: NOTE
    Namespace in Imports field not imported from: ‘rlang’
     All declared Imports should be used.
Flavors: r-devel-linux-x86_64-fedora-clang, r-devel-linux-x86_64-fedora-gcc, r-devel-windows-x86_64-gcc10-UCRT, r-patched-solaris-x86, r-release-macos-x86_64, r-oldrel-macos-x86_64