CRAN Package Check Results for Package fastAdaboost

Last updated on 2018-01-24 07:47:04 CET.

Flavor Version Tinstall Tcheck Ttotal Status Flags
r-devel-linux-x86_64-debian-clang 1.0.0 27.59 27.35 54.94 NOTE
r-devel-linux-x86_64-debian-gcc 1.0.0 24.86 21.52 46.38 NOTE
r-devel-linux-x86_64-fedora-clang 1.0.0 80.74 NOTE
r-devel-linux-x86_64-fedora-gcc 1.0.0 79.02 NOTE
r-devel-windows-ix86+x86_64 1.0.0 83.00 78.00 161.00 OK
r-patched-linux-x86_64 1.0.0 29.52 26.04 55.56 NOTE
r-patched-solaris-x86 1.0.0 88.70 OK
r-release-linux-x86_64 1.0.0 32.10 26.09 58.19 NOTE
r-release-windows-ix86+x86_64 1.0.0 57.00 57.00 114.00 OK
r-release-osx-x86_64 1.0.0 OK
r-oldrel-windows-ix86+x86_64 1.0.0 63.00 60.00 123.00 OK
r-oldrel-osx-x86_64 1.0.0 OK

Additional issues

clang-UBSAN

Check Details

Version: 1.0.0
Check: compiled code
Result: NOTE
    File ‘fastAdaboost/libs/fastAdaboost.so’:
     Found no calls to: ‘R_registerRoutines’, ‘R_useDynamicSymbols’
    
    It is good practice to register native routines and to disable symbol
    search.
    
    See ‘Writing portable packages’ in the ‘Writing R Extensions’ manual.
Flavors: r-devel-linux-x86_64-debian-clang, r-devel-linux-x86_64-debian-gcc, r-devel-linux-x86_64-fedora-clang, r-devel-linux-x86_64-fedora-gcc, r-patched-linux-x86_64, r-release-linux-x86_64