CRAN Package Check Results for Package fastAdaboost

Last updated on 2018-10-22 22:56:30 CEST.

Flavor Version Tinstall Tcheck Ttotal Status Flags
r-devel-linux-x86_64-debian-clang 1.0.0 35.10 29.26 64.36 OK
r-devel-linux-x86_64-debian-gcc 1.0.0 31.11 23.34 54.45 OK
r-devel-linux-x86_64-fedora-clang 1.0.0 89.01 NOTE
r-devel-linux-x86_64-fedora-gcc 1.0.0 84.09 NOTE
r-devel-windows-ix86+x86_64 1.0.0 88.00 86.00 174.00 OK
r-patched-linux-x86_64 1.0.0 40.82 25.65 66.47 OK
r-patched-solaris-x86 1.0.0 90.70 OK
r-release-linux-x86_64 1.0.0 39.46 25.85 65.31 OK
r-release-windows-ix86+x86_64 1.0.0 69.00 85.00 154.00 OK
r-release-osx-x86_64 1.0.0 OK
r-oldrel-windows-ix86+x86_64 1.0.0 58.00 79.00 137.00 OK
r-oldrel-osx-x86_64 1.0.0 OK

Additional issues

clang-UBSAN

Check Details

Version: 1.0.0
Check: compiled code
Result: NOTE
    File ‘fastAdaboost/libs/fastAdaboost.so’:
     Found no calls to: ‘R_registerRoutines’, ‘R_useDynamicSymbols’
    
    It is good practice to register native routines and to disable symbol
    search.
    
    See ‘Writing portable packages’ in the ‘Writing R Extensions’ manual.
Flavors: r-devel-linux-x86_64-fedora-clang, r-devel-linux-x86_64-fedora-gcc