CRAN Package Check Results for Package fastAdaboost

Last updated on 2022-05-21 04:59:09 CEST.

Flavor Version Tinstall Tcheck Ttotal Status Flags
r-devel-linux-x86_64-debian-clang 1.0.0 43.28 43.76 87.04 NOTE
r-devel-linux-x86_64-debian-gcc 1.0.0 35.11 33.23 68.34 NOTE
r-devel-linux-x86_64-fedora-clang 1.0.0 123.20 NOTE
r-devel-linux-x86_64-fedora-gcc 1.0.0 107.42 NOTE
r-devel-windows-x86_64 1.0.0 47.00 82.00 129.00 NOTE
r-patched-linux-x86_64 1.0.0 34.43 42.12 76.55 NOTE
r-release-linux-x86_64 1.0.0 33.33 41.25 74.58 NOTE
r-release-macos-arm64 1.0.0 28.00 NOTE
r-release-macos-x86_64 1.0.0 40.00 NOTE
r-release-windows-x86_64 1.0.0 58.00 94.00 152.00 NOTE
r-oldrel-macos-arm64 1.0.0 34.00 NOTE
r-oldrel-macos-x86_64 1.0.0 52.00 NOTE
r-oldrel-windows-ix86+x86_64 1.0.0 105.00 80.00 185.00 NOTE

Additional issues

clang-UBSAN

Check Details

Version: 1.0.0
Check: LazyData
Result: NOTE
     'LazyData' is specified without a 'data' directory
Flavors: r-devel-linux-x86_64-debian-clang, r-devel-linux-x86_64-debian-gcc, r-devel-linux-x86_64-fedora-clang, r-devel-linux-x86_64-fedora-gcc, r-devel-windows-x86_64, r-patched-linux-x86_64, r-release-linux-x86_64, r-release-macos-arm64, r-release-macos-x86_64, r-release-windows-x86_64, r-oldrel-macos-arm64, r-oldrel-macos-x86_64, r-oldrel-windows-ix86+x86_64

Version: 1.0.0
Check: compiled code
Result: NOTE
    File ‘fastAdaboost/libs/fastAdaboost.so’:
     Found no calls to: ‘R_registerRoutines’, ‘R_useDynamicSymbols’
    
    It is good practice to register native routines and to disable symbol
    search.
    
    See ‘Writing portable packages’ in the ‘Writing R Extensions’ manual.
Flavors: r-devel-linux-x86_64-fedora-clang, r-devel-linux-x86_64-fedora-gcc