CRAN Package Check Results for Package fastAdaboost

Last updated on 2018-07-19 11:48:37 CEST.

Flavor Version Tinstall Tcheck Ttotal Status Flags
r-devel-linux-x86_64-debian-clang 1.0.0 31.85 25.65 57.50 NOTE
r-devel-linux-x86_64-debian-gcc 1.0.0 30.18 22.84 53.02 NOTE
r-devel-linux-x86_64-fedora-clang 1.0.0 92.81 NOTE
r-devel-linux-x86_64-fedora-gcc 1.0.0 84.28 NOTE
r-devel-windows-ix86+x86_64 1.0.0 64.00 100.00 164.00 OK
r-patched-linux-x86_64 1.0.0 35.18 25.99 61.17 NOTE
r-patched-solaris-x86 1.0.0 91.70 OK
r-release-linux-x86_64 1.0.0 35.88 25.96 61.84 NOTE
r-release-windows-ix86+x86_64 1.0.0 88.00 60.00 148.00 OK
r-release-osx-x86_64 1.0.0 OK
r-oldrel-windows-ix86+x86_64 1.0.0 88.00 66.00 154.00 OK
r-oldrel-osx-x86_64 1.0.0 OK

Additional issues

clang-UBSAN

Check Details

Version: 1.0.0
Check: compiled code
Result: NOTE
    File ‘fastAdaboost/libs/fastAdaboost.so’:
     Found no calls to: ‘R_registerRoutines’, ‘R_useDynamicSymbols’
    
    It is good practice to register native routines and to disable symbol
    search.
    
    See ‘Writing portable packages’ in the ‘Writing R Extensions’ manual.
Flavors: r-devel-linux-x86_64-debian-clang, r-devel-linux-x86_64-debian-gcc, r-devel-linux-x86_64-fedora-clang, r-devel-linux-x86_64-fedora-gcc, r-patched-linux-x86_64, r-release-linux-x86_64