CRAN Package Check Results for Package fastAdaboost

Last updated on 2019-01-24 11:52:11 CET.

Flavor Version Tinstall Tcheck Ttotal Status Flags
r-devel-linux-x86_64-debian-clang 1.0.0 32.81 27.81 60.62 OK
r-devel-linux-x86_64-debian-gcc 1.0.0 31.28 22.07 53.35 OK
r-devel-linux-x86_64-fedora-clang 1.0.0 94.50 NOTE
r-devel-linux-x86_64-fedora-gcc 1.0.0 83.87 NOTE
r-devel-windows-ix86+x86_64 1.0.0 90.00 92.00 182.00 OK
r-patched-linux-x86_64 1.0.0 37.92 26.41 64.33 OK
r-patched-solaris-x86 1.0.0 94.10 OK
r-release-linux-x86_64 1.0.0 39.08 25.96 65.04 OK
r-release-windows-ix86+x86_64 1.0.0 64.00 83.00 147.00 OK
r-release-osx-x86_64 1.0.0 OK
r-oldrel-windows-ix86+x86_64 1.0.0 90.00 63.00 153.00 OK
r-oldrel-osx-x86_64 1.0.0 OK

Additional issues

clang-UBSAN

Check Details

Version: 1.0.0
Check: compiled code
Result: NOTE
    File ‘fastAdaboost/libs/fastAdaboost.so’:
     Found no calls to: ‘R_registerRoutines’, ‘R_useDynamicSymbols’
    
    It is good practice to register native routines and to disable symbol
    search.
    
    See ‘Writing portable packages’ in the ‘Writing R Extensions’ manual.
Flavors: r-devel-linux-x86_64-fedora-clang, r-devel-linux-x86_64-fedora-gcc