CRAN Package Check Results for Package fastHICA

Last updated on 2019-05-23 01:48:36 CEST.

Flavor Version Tinstall Tcheck Ttotal Status Flags
r-devel-linux-x86_64-debian-clang 1.0.2 2.30 25.17 27.47 NOTE
r-devel-linux-x86_64-debian-gcc 1.0.2 1.90 20.24 22.14 NOTE
r-devel-linux-x86_64-fedora-clang 1.0.2 34.23 NOTE
r-devel-linux-x86_64-fedora-gcc 1.0.2 31.32 NOTE
r-devel-windows-ix86+x86_64 1.0.2 7.00 53.00 60.00 NOTE
r-patched-linux-x86_64 1.0.2 1.99 24.95 26.94 NOTE
r-patched-solaris-x86 1.0.2 53.40 NOTE
r-release-linux-x86_64 1.0.2 2.36 24.69 27.05 NOTE
r-release-windows-ix86+x86_64 1.0.2 10.00 40.00 50.00 NOTE
r-release-osx-x86_64 1.0.2 NOTE
r-oldrel-windows-ix86+x86_64 1.0.2 4.00 39.00 43.00 NOTE
r-oldrel-osx-x86_64 1.0.2 NOTE

Check Details

Version: 1.0.2
Check: R code for possible problems
Result: NOTE
    basis_hica: no visible global function definition for 'princomp'
    energy_hica: no visible global function definition for 'dev.new'
    energy_hica: no visible global function definition for 'points'
    energy_hica: no visible global function definition for 'legend'
    Undefined global functions or variables:
     dev.new legend points princomp
    Consider adding
     importFrom("grDevices", "dev.new")
     importFrom("graphics", "legend", "points")
     importFrom("stats", "princomp")
    to your NAMESPACE file.
Flavors: r-devel-linux-x86_64-debian-clang, r-devel-linux-x86_64-debian-gcc, r-devel-linux-x86_64-fedora-clang, r-devel-linux-x86_64-fedora-gcc, r-devel-windows-ix86+x86_64, r-patched-linux-x86_64, r-patched-solaris-x86, r-release-linux-x86_64, r-release-windows-ix86+x86_64, r-release-osx-x86_64, r-oldrel-windows-ix86+x86_64, r-oldrel-osx-x86_64