CRAN Package Check Results for Package fastLink

Last updated on 2018-08-21 10:50:23 CEST.

Flavor Version Tinstall Tcheck Ttotal Status Flags
r-devel-linux-x86_64-debian-clang 0.4.0 52.35 105.42 157.77 OK
r-devel-linux-x86_64-debian-gcc 0.4.0 44.08 83.85 127.93 OK
r-devel-linux-x86_64-fedora-clang 0.4.0 198.74 NOTE
r-devel-linux-x86_64-fedora-gcc 0.4.0 191.68 OK
r-devel-windows-ix86+x86_64 0.4.0 119.00 295.00 414.00 NOTE
r-patched-linux-x86_64 0.4.0 51.30 88.59 139.89 OK
r-patched-solaris-x86 0.4.0 231.50 NOTE
r-release-linux-x86_64 0.4.0 53.51 88.76 142.27 OK
r-release-windows-ix86+x86_64 0.4.0 124.00 171.00 295.00 NOTE
r-release-osx-x86_64 0.4.0 NOTE
r-oldrel-windows-ix86+x86_64 0.4.0 84.00 178.00 262.00 NOTE
r-oldrel-osx-x86_64 0.4.0 NOTE

Check Details

Version: 0.4.0
Check: installed package size
Result: NOTE
     installed size is 7.3Mb
     sub-directories of 1Mb or more:
     data 4.8Mb
     libs 2.1Mb
Flavors: r-devel-linux-x86_64-fedora-clang, r-devel-windows-ix86+x86_64, r-patched-solaris-x86, r-release-windows-ix86+x86_64, r-release-osx-x86_64, r-oldrel-windows-ix86+x86_64, r-oldrel-osx-x86_64