CRAN Package Check Results for Package fastLink

Last updated on 2018-11-18 11:50:47 CET.

Flavor Version Tinstall Tcheck Ttotal Status Flags
r-devel-linux-x86_64-debian-clang 0.5.0 52.00 95.57 147.57 OK
r-devel-linux-x86_64-debian-gcc 0.5.0 46.39 75.22 121.61 OK
r-devel-linux-x86_64-fedora-clang 0.5.0 186.20 NOTE
r-devel-linux-x86_64-fedora-gcc 0.5.0 179.96 OK
r-devel-windows-ix86+x86_64 0.5.0 113.00 124.00 237.00 NOTE
r-patched-linux-x86_64 0.5.0 52.37 90.60 142.97 OK
r-patched-solaris-x86 0.5.0 213.10 NOTE
r-release-linux-x86_64 0.5.0 55.32 90.30 145.62 OK
r-release-windows-ix86+x86_64 0.5.0 105.00 188.00 293.00 NOTE
r-release-osx-x86_64 0.5.0 NOTE
r-oldrel-windows-ix86+x86_64 0.5.0 85.00 193.00 278.00 NOTE
r-oldrel-osx-x86_64 0.5.0 NOTE

Check Details

Version: 0.5.0
Check: installed package size
Result: NOTE
     installed size is 7.4Mb
     sub-directories of 1Mb or more:
     data 4.8Mb
     libs 2.2Mb
Flavors: r-devel-linux-x86_64-fedora-clang, r-devel-windows-ix86+x86_64, r-patched-solaris-x86, r-release-windows-ix86+x86_64, r-release-osx-x86_64, r-oldrel-windows-ix86+x86_64, r-oldrel-osx-x86_64