CRAN Package Check Results for Package fastLink

Last updated on 2018-05-23 17:49:59 CEST.

Flavor Version Tinstall Tcheck Ttotal Status Flags
r-devel-linux-x86_64-debian-clang 0.4.0 50.29 101.19 151.48 OK
r-devel-linux-x86_64-debian-gcc 0.4.0 0.49 1.33 1.82 ERROR
r-devel-linux-x86_64-fedora-clang 0.4.0 138.10 NOTE
r-devel-linux-x86_64-fedora-gcc 0.4.0 120.17 NOTE
r-devel-windows-ix86+x86_64 0.4.0 94.00 291.00 385.00 NOTE
r-patched-linux-x86_64 0.4.0 51.72 88.07 139.79 OK
r-patched-solaris-x86 0.4.0 213.60 NOTE
r-release-linux-x86_64 0.4.0 51.65 87.22 138.87 OK
r-release-windows-ix86+x86_64 0.4.0 122.00 258.00 380.00 NOTE
r-release-osx-x86_64 0.4.0 NOTE
r-oldrel-windows-ix86+x86_64 0.4.0 111.00 242.00 353.00 NOTE
r-oldrel-osx-x86_64 0.3.1 NOTE

Check Details

Version: 0.4.0
Check: package dependencies
Result: ERROR
    Packages required but not available: ‘FactoClass’ ‘dplyr’
    
    See section ‘The DESCRIPTION file’ in the ‘Writing R Extensions’
    manual.
Flavor: r-devel-linux-x86_64-debian-gcc

Version: 0.4.0
Check: installed package size
Result: NOTE
     installed size is 7.2Mb
     sub-directories of 1Mb or more:
     data 4.8Mb
     libs 2.1Mb
Flavors: r-devel-linux-x86_64-fedora-clang, r-devel-linux-x86_64-fedora-gcc, r-devel-windows-ix86+x86_64, r-patched-solaris-x86, r-release-windows-ix86+x86_64, r-release-osx-x86_64, r-oldrel-windows-ix86+x86_64

Version: 0.3.1
Check: installed package size
Result: NOTE
     installed size is 7.2Mb
     sub-directories of 1Mb or more:
     data 4.8Mb
     libs 2.1Mb
Flavor: r-oldrel-osx-x86_64