CRAN Package Check Results for Package fastLink

Last updated on 2018-02-17 21:49:19 CET.

Flavor Version Tinstall Tcheck Ttotal Status Flags
r-devel-linux-x86_64-debian-clang 0.3.1 44.70 80.39 125.09 OK
r-devel-linux-x86_64-debian-gcc 0.3.1 37.26 63.78 101.04 OK
r-devel-linux-x86_64-fedora-clang 0.3.1 165.06 NOTE
r-devel-linux-x86_64-fedora-gcc 0.3.1 158.78 NOTE
r-devel-windows-ix86+x86_64 0.3.1 85.00 109.00 194.00 NOTE
r-patched-linux-x86_64 0.3.1 43.25 81.91 125.16 OK
r-patched-solaris-x86 0.3.1 206.50 NOTE
r-release-linux-x86_64 0.3.1 42.67 81.83 124.50 OK
r-release-windows-ix86+x86_64 0.3.1 109.00 150.00 259.00 NOTE
r-release-osx-x86_64 0.3.1 NOTE
r-oldrel-windows-ix86+x86_64 0.3.1 80.00 151.00 231.00 NOTE
r-oldrel-osx-x86_64 0.2.0 NOTE

Check Details

Version: 0.3.1
Check: installed package size
Result: NOTE
     installed size is 7.2Mb
     sub-directories of 1Mb or more:
     data 4.8Mb
     libs 2.0Mb
Flavors: r-devel-linux-x86_64-fedora-clang, r-devel-linux-x86_64-fedora-gcc, r-devel-windows-ix86+x86_64, r-patched-solaris-x86, r-release-windows-ix86+x86_64, r-release-osx-x86_64, r-oldrel-windows-ix86+x86_64

Version: 0.2.0
Check: installed package size
Result: NOTE
     installed size is 7.1Mb
     sub-directories of 1Mb or more:
     data 4.8Mb
     libs 2.1Mb
Flavor: r-oldrel-osx-x86_64