Last updated on 2022-08-17 01:52:08 CEST.
Flavor | Version | Tinstall | Tcheck | Ttotal | Status | Flags |
---|---|---|---|---|---|---|
r-devel-linux-x86_64-debian-clang | 0.6.0 | 69.08 | 141.63 | 210.71 | OK | |
r-devel-linux-x86_64-debian-gcc | 0.6.0 | 52.86 | 105.43 | 158.29 | OK | |
r-devel-linux-x86_64-fedora-clang | 0.6.0 | 276.15 | NOTE | |||
r-devel-linux-x86_64-fedora-gcc | 0.6.0 | 264.84 | OK | |||
r-devel-windows-x86_64 | 0.6.0 | 76.00 | 188.00 | 264.00 | NOTE | |
r-patched-linux-x86_64 | 0.6.0 | 42.85 | 132.52 | 175.37 | OK | |
r-release-linux-x86_64 | 0.6.0 | 43.60 | 134.63 | 178.23 | OK | |
r-release-macos-arm64 | 0.6.0 | 71.00 | NOTE | |||
r-release-macos-x86_64 | 0.6.0 | 134.00 | NOTE | |||
r-release-windows-x86_64 | 0.6.0 | 76.00 | 182.00 | 258.00 | NOTE | |
r-oldrel-macos-arm64 | 0.6.0 | 79.00 | NOTE | |||
r-oldrel-macos-x86_64 | 0.6.0 | 117.00 | NOTE | |||
r-oldrel-windows-ix86+x86_64 | 0.6.0 | 156.00 | 209.00 | 365.00 | NOTE |
Version: 0.6.0
Check: installed package size
Result: NOTE
installed size is 5.4Mb
sub-directories of 1Mb or more:
data 4.8Mb
Flavors: r-devel-linux-x86_64-fedora-clang, r-devel-windows-x86_64, r-release-macos-arm64, r-release-macos-x86_64, r-release-windows-x86_64, r-oldrel-macos-arm64, r-oldrel-macos-x86_64, r-oldrel-windows-ix86+x86_64