CRAN Package Check Results for Package fastLink

Last updated on 2019-02-16 18:46:19 CET.

Flavor Version Tinstall Tcheck Ttotal Status Flags
r-devel-linux-x86_64-debian-clang 0.5.0 51.24 99.62 150.86 OK
r-devel-linux-x86_64-debian-gcc 0.5.0 41.44 75.46 116.90 OK
r-devel-linux-x86_64-fedora-clang 0.5.0 216.57 NOTE
r-devel-linux-x86_64-fedora-gcc 0.5.0 186.74 OK
r-devel-windows-ix86+x86_64 0.5.0 127.00 218.00 345.00 NOTE
r-patched-linux-x86_64 0.5.0 49.74 91.71 141.45 OK
r-patched-solaris-x86 0.5.0 246.40 NOTE
r-release-linux-x86_64 0.5.0 OK
r-release-windows-ix86+x86_64 0.5.0 86.00 211.00 297.00 NOTE
r-release-osx-x86_64 0.5.0 NOTE
r-oldrel-windows-ix86+x86_64 0.5.0 130.00 222.00 352.00 NOTE
r-oldrel-osx-x86_64 0.5.0 NOTE

Check Details

Version: 0.5.0
Check: installed package size
Result: NOTE
     installed size is 7.2Mb
     sub-directories of 1Mb or more:
     data 4.8Mb
     libs 2.1Mb
Flavors: r-devel-linux-x86_64-fedora-clang, r-devel-windows-ix86+x86_64, r-patched-solaris-x86, r-release-windows-ix86+x86_64, r-release-osx-x86_64, r-oldrel-windows-ix86+x86_64, r-oldrel-osx-x86_64