CRAN Package Check Results for Package fastR

Last updated on 2019-02-15 20:46:48 CET.

Flavor Version Tinstall Tcheck Ttotal Status Flags
r-devel-linux-x86_64-debian-clang 0.10.3 10.24 118.82 129.06 OK
r-devel-linux-x86_64-debian-gcc 0.10.3 6.92 90.27 97.19 OK
r-devel-linux-x86_64-fedora-clang 0.10.3 155.09 OK
r-devel-linux-x86_64-fedora-gcc 0.10.3 147.34 OK
r-devel-windows-ix86+x86_64 0.10.3 36.00 189.00 225.00 OK
r-patched-linux-x86_64 0.10.3 9.76 110.32 120.08 OK
r-patched-solaris-x86 0.10.3 213.60 OK
r-release-linux-x86_64 0.10.3 8.67 109.24 117.91 OK
r-release-windows-ix86+x86_64 0.10.3 30.00 127.00 157.00 OK
r-release-osx-x86_64 0.10.3 OK
r-oldrel-windows-ix86+x86_64 0.10.3 41.00 214.00 255.00 OK
r-oldrel-osx-x86_64 0.10.3 WARN

Check Details

Version: 0.10.3
Check: re-building of vignette outputs
Result: WARN
    Error in re-building vignettes:
     ...
    
    
    Attaching package: 'fastR'
    
    The following object is masked from 'package:graphics':
    
     panel.smooth
    
    Loading required package: knitr
    Error in texi2dvi(file = file, pdf = TRUE, clean = clean, quiet = quiet, :
     Running 'texi2dvi' on 'Updates.tex' failed.
    LaTeX errors:
    ! LaTeX Error: File `xstring.sty' not found.
    
    Type X to quit or <RETURN> to proceed,
    or enter new name. (Default extension: sty)
    
    ! Emergency stop.
    <read *>
    
    l.62 \usepackage
     {xcolor}^^M
    ! ==> Fatal error occurred, no output PDF file produced!
    Calls: buildVignettes -> texi2pdf -> texi2dvi
    Execution halted
Flavor: r-oldrel-osx-x86_64