CRAN Package Check Results for Package fastR

Last updated on 2018-08-22 08:48:49 CEST.

Flavor Version Tinstall Tcheck Ttotal Status Flags
r-devel-linux-x86_64-debian-clang 0.10.3 8.86 118.60 127.46 OK
r-devel-linux-x86_64-debian-gcc 0.10.3 8.13 94.51 102.64 OK
r-devel-linux-x86_64-fedora-clang 0.10.3 153.02 OK
r-devel-linux-x86_64-fedora-gcc 0.10.3 151.98 OK
r-devel-windows-ix86+x86_64 0.10.3 24.00 135.00 159.00 OK
r-patched-linux-x86_64 0.10.3 8.57 101.74 110.31 OK
r-patched-solaris-x86 0.10.3 198.90 OK
r-release-linux-x86_64 0.10.3 7.26 101.82 109.08 OK
r-release-windows-ix86+x86_64 0.10.3 43.00 205.00 248.00 OK
r-release-osx-x86_64 0.10.3 OK
r-oldrel-windows-ix86+x86_64 0.10.3 22.00 210.00 232.00 OK
r-oldrel-osx-x86_64 0.10.3 WARN

Check Details

Version: 0.10.3
Check: re-building of vignette outputs
Result: WARN
    Error in re-building vignettes:
     ...
    
    
    Attaching package: 'fastR'
    
    The following object is masked from 'package:graphics':
    
     panel.smooth
    
    Loading required package: knitr
    Error in texi2dvi(file = file, pdf = TRUE, clean = clean, quiet = quiet, :
     Running 'texi2dvi' on 'Updates.tex' failed.
    LaTeX errors:
    ! LaTeX Error: File `xstring.sty' not found.
    
    Type X to quit or <RETURN> to proceed,
    or enter new name. (Default extension: sty)
    
    ! Emergency stop.
    <read *>
    
    l.62 \usepackage
     {xcolor}^^M
    ! ==> Fatal error occurred, no output PDF file produced!
    Calls: buildVignettes -> texi2pdf -> texi2dvi
    Execution halted
Flavor: r-oldrel-osx-x86_64