CRAN Package Check Results for Package fastR

Last updated on 2018-11-14 18:47:49 CET.

Flavor Version Tinstall Tcheck Ttotal Status Flags
r-devel-linux-x86_64-debian-clang 0.10.3 9.35 118.97 128.32 OK
r-devel-linux-x86_64-debian-gcc 0.10.3 8.46 94.93 103.39 OK
r-devel-linux-x86_64-fedora-clang 0.10.3 154.16 OK
r-devel-linux-x86_64-fedora-gcc 0.10.3 148.51 OK
r-devel-windows-ix86+x86_64 0.10.3 24.00 134.00 158.00 OK
r-patched-linux-x86_64 0.10.3 8.54 103.61 112.15 OK
r-patched-solaris-x86 0.10.3 200.60 OK
r-release-linux-x86_64 0.10.3 8.34 103.25 111.59 OK
r-release-windows-ix86+x86_64 0.10.3 43.00 124.00 167.00 OK
r-release-osx-x86_64 0.10.3 OK
r-oldrel-windows-ix86+x86_64 0.10.3 33.00 203.00 236.00 OK
r-oldrel-osx-x86_64 0.10.3 WARN

Check Details

Version: 0.10.3
Check: re-building of vignette outputs
Result: WARN
    Error in re-building vignettes:
     ...
    
    
    Attaching package: 'fastR'
    
    The following object is masked from 'package:graphics':
    
     panel.smooth
    
    Loading required package: knitr
    Error in texi2dvi(file = file, pdf = TRUE, clean = clean, quiet = quiet, :
     Running 'texi2dvi' on 'Updates.tex' failed.
    LaTeX errors:
    ! LaTeX Error: File `xstring.sty' not found.
    
    Type X to quit or <RETURN> to proceed,
    or enter new name. (Default extension: sty)
    
    ! Emergency stop.
    <read *>
    
    l.62 \usepackage
     {xcolor}^^M
    ! ==> Fatal error occurred, no output PDF file produced!
    Calls: buildVignettes -> texi2pdf -> texi2dvi
    Execution halted
Flavor: r-oldrel-osx-x86_64