CRAN Package Check Results for Package fastR

Last updated on 2018-05-23 07:50:03 CEST.

Flavor Version Tinstall Tcheck Ttotal Status Flags
r-devel-linux-x86_64-debian-clang 0.10.3 9.46 113.21 122.67 OK
r-devel-linux-x86_64-debian-gcc 0.10.3 0.72 1.47 2.19 ERROR
r-devel-linux-x86_64-fedora-clang 0.10.3 152.20 OK
r-devel-linux-x86_64-fedora-gcc 0.10.3 155.68 OK
r-devel-windows-ix86+x86_64 0.10.3 25.00 189.00 214.00 OK
r-patched-linux-x86_64 0.10.3 7.47 99.60 107.07 OK
r-patched-solaris-x86 0.10.3 195.80 OK
r-release-linux-x86_64 0.10.3 7.00 98.34 105.34 OK
r-release-windows-ix86+x86_64 0.10.3 36.00 182.00 218.00 OK
r-release-osx-x86_64 0.10.3 OK
r-oldrel-windows-ix86+x86_64 0.10.3 41.00 185.00 226.00 OK
r-oldrel-osx-x86_64 0.10.3 WARN

Check Details

Version: 0.10.3
Check: package dependencies
Result: ERROR
    Packages required but not available: ‘mosaic’ ‘mosaicCalc’
    
    Packages suggested but not available for checking:
     ‘Hmisc’ ‘car’ ‘alr3’ ‘corrgram’
    
    See section ‘The DESCRIPTION file’ in the ‘Writing R Extensions’
    manual.
Flavor: r-devel-linux-x86_64-debian-gcc

Version: 0.10.3
Check: re-building of vignette outputs
Result: WARN
    Error in re-building vignettes:
     ...
    
    
    Attaching package: 'fastR'
    
    The following object is masked from 'package:graphics':
    
     panel.smooth
    
    Loading required package: knitr
    Error in texi2dvi(file = file, pdf = TRUE, clean = clean, quiet = quiet, :
     Running 'texi2dvi' on 'Updates.tex' failed.
    LaTeX errors:
    ! LaTeX Error: File `xstring.sty' not found.
    
    Type X to quit or <RETURN> to proceed,
    or enter new name. (Default extension: sty)
    
    ! Emergency stop.
    <read *>
    
    l.62 \usepackage
     {xcolor}^^M
    ! ==> Fatal error occurred, no output PDF file produced!
    Calls: buildVignettes -> texi2pdf -> texi2dvi
    Execution halted
Flavor: r-oldrel-osx-x86_64