CRAN Package Check Results for Package fastR

Last updated on 2018-02-17 23:47:43 CET.

Flavor Version Tinstall Tcheck Ttotal Status Flags
r-devel-linux-x86_64-debian-clang 0.10.3 8.26 100.54 108.80 OK
r-devel-linux-x86_64-debian-gcc 0.10.3 6.71 79.47 86.18 OK
r-devel-linux-x86_64-fedora-clang 0.10.3 131.62 OK
r-devel-linux-x86_64-fedora-gcc 0.10.3 130.50 OK
r-devel-windows-ix86+x86_64 0.10.3 20.00 122.00 142.00 OK
r-patched-linux-x86_64 0.10.3 7.15 113.77 120.92 OK
r-patched-solaris-x86 0.10.3 199.30 OK
r-release-linux-x86_64 0.10.3 6.90 112.57 119.47 OK
r-release-windows-ix86+x86_64 0.10.3 32.00 175.00 207.00 OK
r-release-osx-x86_64 0.10.3 WARN
r-oldrel-windows-ix86+x86_64 0.10.3 19.00 164.00 183.00 OK
r-oldrel-osx-x86_64 0.10.3 OK

Check Details

Version: 0.10.3
Check: re-building of vignette outputs
Result: WARN
    Error in re-building vignettes:
     ...
    
    
    Attaching package: 'fastR'
    
    The following object is masked from 'package:graphics':
    
     panel.smooth
    
    Loading required package: knitr
    Error in texi2dvi(file = file, pdf = TRUE, clean = clean, quiet = quiet, :
     Running 'texi2dvi' on 'Updates.tex' failed.
    LaTeX errors:
    ! LaTeX Error: File `xstring.sty' not found.
    
    Type X to quit or <RETURN> to proceed,
    or enter new name. (Default extension: sty)
    
    ! Emergency stop.
    <read *>
    
    l.62 \usepackage
     {xcolor}^^M
    ! ==> Fatal error occurred, no output PDF file produced!
    Calls: buildVignettes -> texi2pdf -> texi2dvi
    Execution halted
Flavor: r-release-osx-x86_64